{"id":1126,"date":"2019-03-26T11:45:44","date_gmt":"2019-03-26T11:45:44","guid":{"rendered":"http:\/\/www.csepelivaroskep.hu\/radnoti\/?post_type=tribe_events&#038;p=1126"},"modified":"2019-03-26T11:45:44","modified_gmt":"2019-03-26T11:45:44","slug":"kalaka-koncert","status":"publish","type":"tribe_events","link":"https:\/\/www.csepelivaroskep.hu\/radnoti\/programok\/kalaka-koncert\/","title":{"rendered":"Kal\u00e1ka koncert"},"content":{"rendered":"<p>A Magyar K\u00f6lt\u00e9szet Napja alkalm\u00e1b\u00f3l fell\u00e9p a KAL\u00c1KA EGY\u00dcTTES<\/p>\n<p>A bel\u00e9p\u00e9s d\u00edjtalan!<\/p>\n<p>A rendezv\u00e9nyre a helyeket csak korl\u00e1tozott sz\u00e1mban tudjuk biztos\u00edtani, ez\u00e9rt k\u00e9rj\u00fck, r\u00e9szv\u00e9teli sz\u00e1nd\u00e9k\u00e1t jelezze a radnotimuvhaz@csepelivaroskep.hu email c\u00edmen.<\/p>\n","protected":false},"excerpt":{"rendered":"<p>Magyar K\u00f6lt\u00e9szet Napja alkalm\u00e1b\u00f3l<\/p>\n","protected":false},"author":1,"featured_media":1127,"comment_status":"open","ping_status":"closed","template":"","meta":[],"tags":[40,14,16,35,33,13],"tribe_events_cat":[3],"acf":[],"_links":{"self":[{"href":"https:\/\/www.csepelivaroskep.hu\/radnoti\/wp-json\/wp\/v2\/tribe_events\/1126"}],"collection":[{"href":"https:\/\/www.csepelivaroskep.hu\/radnoti\/wp-json\/wp\/v2\/tribe_events"}],"about":[{"href":"https:\/\/www.csepelivaroskep.hu\/radnoti\/wp-json\/wp\/v2\/types\/tribe_events"}],"author":[{"embeddable":true,"href":"https:\/\/www.csepelivaroskep.hu\/radnoti\/wp-json\/wp\/v2\/users\/1"}],"replies":[{"embeddable":true,"href":"https:\/\/www.csepelivaroskep.hu\/radnoti\/wp-json\/wp\/v2\/comments?post=1126"}],"version-history":[{"count":1,"href":"https:\/\/www.csepelivaroskep.hu\/radnoti\/wp-json\/wp\/v2\/tribe_events\/1126\/revisions"}],"predecessor-version":[{"id":1128,"href":"https:\/\/www.csepelivaroskep.hu\/radnoti\/wp-json\/wp\/v2\/tribe_events\/1126\/revisions\/1128"}],"wp:featuredmedia":[{"embeddable":true,"href":"https:\/\/www.csepelivaroskep.hu\/radnoti\/wp-json\/wp\/v2\/media\/1127"}],"wp:attachment":[{"href":"https:\/\/www.csepelivaroskep.hu\/radnoti\/wp-json\/wp\/v2\/media?parent=1126"}],"wp:term":[{"taxonomy":"post_tag","embeddable":true,"href":"https:\/\/www.csepelivaroskep.hu\/radnoti\/wp-json\/wp\/v2\/tags?post=1126"},{"taxonomy":"tribe_events_cat","embeddable":true,"href":"https:\/\/www.csepelivaroskep.hu\/radnoti\/wp-json\/wp\/v2\/tribe_events_cat?post=1126"}],"curies":[{"name":"wp","href":"https:\/\/api.w.org\/{rel}","templated":true}]}}

Kaláka koncert

<p>A Magyar Költészet Napja alkalmából fellép a KALÁKA EGYÜTTES</p>
<p>A belépés díjtalan!</p>
<p>A rendezvényre a helyeket csak korlátozott számban tudjuk biztosítani, ezért kérjük, részvételi szándékát jelezze a radnotimuvhaz@csepelivaroskep.hu email címen.</p>

<p>Magyar Költészet Napja alkalmából</p>
