{"id":1454,"date":"2019-04-26T12:17:35","date_gmt":"2019-04-26T12:17:35","guid":{"rendered":"http:\/\/www.csepelivaroskep.hu\/radnoti\/?post_type=tribe_events&#038;p=1454"},"modified":"2019-04-26T12:17:56","modified_gmt":"2019-04-26T12:17:56","slug":"gerinctrening","status":"publish","type":"tribe_events","link":"https:\/\/www.csepelivaroskep.hu\/radnoti\/programok\/gerinctrening\/","title":{"rendered":"Gerinctr\u00e9ning"},"content":{"rendered":"<p>\u00daj tanfolyam indul: GERINCTR\u00c9NING<\/p>\n<p>Minden koroszt\u00e1ly sz\u00e1m\u00e1ra aj\u00e1nlott.<\/p>\n<p>K\u00e9nyelmes ruha, t\u00f6r\u00f6lk\u00f6z\u0151, v\u00edz javasolt az \u00f3r\u00e1ra.<\/p>\n<p>Bejelentkez\u00e9s nem sz\u00fcks\u00e9ges!<\/p>\n","protected":false},"excerpt":{"rendered":"<p>Ingyenes pr\u00f3ba\u00f3ra<\/p>\n","protected":false},"author":1,"featured_media":1456,"comment_status":"open","ping_status":"closed","template":"","meta":[],"tags":[40,14,12,27,13,28],"tribe_events_cat":[3],"acf":[],"_links":{"self":[{"href":"https:\/\/www.csepelivaroskep.hu\/radnoti\/wp-json\/wp\/v2\/tribe_events\/1454"}],"collection":[{"href":"https:\/\/www.csepelivaroskep.hu\/radnoti\/wp-json\/wp\/v2\/tribe_events"}],"about":[{"href":"https:\/\/www.csepelivaroskep.hu\/radnoti\/wp-json\/wp\/v2\/types\/tribe_events"}],"author":[{"embeddable":true,"href":"https:\/\/www.csepelivaroskep.hu\/radnoti\/wp-json\/wp\/v2\/users\/1"}],"replies":[{"embeddable":true,"href":"https:\/\/www.csepelivaroskep.hu\/radnoti\/wp-json\/wp\/v2\/comments?post=1454"}],"version-history":[{"count":1,"href":"https:\/\/www.csepelivaroskep.hu\/radnoti\/wp-json\/wp\/v2\/tribe_events\/1454\/revisions"}],"predecessor-version":[{"id":1455,"href":"https:\/\/www.csepelivaroskep.hu\/radnoti\/wp-json\/wp\/v2\/tribe_events\/1454\/revisions\/1455"}],"wp:featuredmedia":[{"embeddable":true,"href":"https:\/\/www.csepelivaroskep.hu\/radnoti\/wp-json\/wp\/v2\/media\/1456"}],"wp:attachment":[{"href":"https:\/\/www.csepelivaroskep.hu\/radnoti\/wp-json\/wp\/v2\/media?parent=1454"}],"wp:term":[{"taxonomy":"post_tag","embeddable":true,"href":"https:\/\/www.csepelivaroskep.hu\/radnoti\/wp-json\/wp\/v2\/tags?post=1454"},{"taxonomy":"tribe_events_cat","embeddable":true,"href":"https:\/\/www.csepelivaroskep.hu\/radnoti\/wp-json\/wp\/v2\/tribe_events_cat?post=1454"}],"curies":[{"name":"wp","href":"https:\/\/api.w.org\/{rel}","templated":true}]}}

Gerinctréning

<p>Új tanfolyam indul: GERINCTRÉNING</p>
<p>Minden korosztály számára ajánlott.</p>
<p>Kényelmes ruha, törölköző, víz javasolt az órára.</p>
<p>Bejelentkezés nem szükséges!</p>

<p>Ingyenes próbaóra</p>
