{"id":1499,"date":"2019-05-24T10:34:24","date_gmt":"2019-05-24T10:34:24","guid":{"rendered":"http:\/\/www.csepelivaroskep.hu\/radnoti\/?post_type=tribe_events&#038;p=1499"},"modified":"2019-05-24T10:34:24","modified_gmt":"2019-05-24T10:34:24","slug":"felhivas-csillagtelepi-fotoalbum-2","status":"publish","type":"tribe_events","link":"https:\/\/www.csepelivaroskep.hu\/radnoti\/programok\/felhivas-csillagtelepi-fotoalbum-2\/","title":{"rendered":"FELH\u00cdV\u00c1S: Csillagtelepi fot\u00f3album"},"content":{"rendered":"<p>FELH\u00cdV\u00c1S!<br \/>\nA meg\u00fajul\u00f3 parkhoz kapcsol\u00f3dva v\u00e1rjuk a fot\u00f3kat Csillagtelepr\u0151l.<br \/>\n**************************************<br \/>\nEls\u0151sorban a Radn\u00f3ti Mikl\u00f3s M\u0171vel\u0151d\u00e9si H\u00e1z k\u00f6rny\u00e9k\u00e9r\u0151l, de eg\u00e9sz Csillagtelepr\u0151l sz\u00edvesen fogadjuk a k\u00e9peket b\u00e1rmelyik \u00e9vb\u0151l.<br \/>\n**************************************<br \/>\nA fot\u00f3kb\u00f3l \u0151sszel ki\u00e1ll\u00edt\u00e1st rendez\u00fcnk a m\u0171vel\u0151d\u00e9si h\u00e1zban, illetve egy online el\u00e9rhet\u0151 \u00f6ssze\u00e1ll\u00edt\u00e1st is k\u00e9sz\u00edt\u00fcnk.<br \/>\n**************************************<br \/>\nA f\u00e9nyk\u00e9peket elk\u00fcldheti elektronikusan (radnotimuvhaz@csepelivaroskep.hu) vagy szem\u00e9lyesen behozhatja irod\u00e1nkba, ahol digitaliz\u00e1l\u00e1s ut\u00e1n visszaadjuk.<\/p>\n","protected":false},"excerpt":{"rendered":"<p>Csillagtelepi fot\u00f3kat v\u00e1runk<\/p>\n","protected":false},"author":1,"featured_media":1497,"comment_status":"open","ping_status":"closed","template":"","meta":[],"tags":[14,12,30,27],"tribe_events_cat":[3],"acf":[],"_links":{"self":[{"href":"https:\/\/www.csepelivaroskep.hu\/radnoti\/wp-json\/wp\/v2\/tribe_events\/1499"}],"collection":[{"href":"https:\/\/www.csepelivaroskep.hu\/radnoti\/wp-json\/wp\/v2\/tribe_events"}],"about":[{"href":"https:\/\/www.csepelivaroskep.hu\/radnoti\/wp-json\/wp\/v2\/types\/tribe_events"}],"author":[{"embeddable":true,"href":"https:\/\/www.csepelivaroskep.hu\/radnoti\/wp-json\/wp\/v2\/users\/1"}],"replies":[{"embeddable":true,"href":"https:\/\/www.csepelivaroskep.hu\/radnoti\/wp-json\/wp\/v2\/comments?post=1499"}],"version-history":[{"count":1,"href":"https:\/\/www.csepelivaroskep.hu\/radnoti\/wp-json\/wp\/v2\/tribe_events\/1499\/revisions"}],"predecessor-version":[{"id":1500,"href":"https:\/\/www.csepelivaroskep.hu\/radnoti\/wp-json\/wp\/v2\/tribe_events\/1499\/revisions\/1500"}],"wp:featuredmedia":[{"embeddable":true,"href":"https:\/\/www.csepelivaroskep.hu\/radnoti\/wp-json\/wp\/v2\/media\/1497"}],"wp:attachment":[{"href":"https:\/\/www.csepelivaroskep.hu\/radnoti\/wp-json\/wp\/v2\/media?parent=1499"}],"wp:term":[{"taxonomy":"post_tag","embeddable":true,"href":"https:\/\/www.csepelivaroskep.hu\/radnoti\/wp-json\/wp\/v2\/tags?post=1499"},{"taxonomy":"tribe_events_cat","embeddable":true,"href":"https:\/\/www.csepelivaroskep.hu\/radnoti\/wp-json\/wp\/v2\/tribe_events_cat?post=1499"}],"curies":[{"name":"wp","href":"https:\/\/api.w.org\/{rel}","templated":true}]}}

FELHÍVÁS: Csillagtelepi fotóalbum

<p>FELHÍVÁS!<br />
A megújuló parkhoz kapcsolódva várjuk a fotókat Csillagtelepről.<br />
**************************************<br />
Elsősorban a Radnóti Miklós Művelődési Ház környékéről, de egész Csillagtelepről szívesen fogadjuk a képeket bármelyik évből.<br />
**************************************<br />
A fotókból ősszel kiállítást rendezünk a művelődési házban, illetve egy online elérhető összeállítást is készítünk.<br />
**************************************<br />
A fényképeket elküldheti elektronikusan (radnotimuvhaz@csepelivaroskep.hu) vagy személyesen behozhatja irodánkba, ahol digitalizálás után visszaadjuk.</p>

<p>Csillagtelepi fotókat várunk</p>
