{"id":1506,"date":"2019-07-04T09:16:20","date_gmt":"2019-07-04T09:16:20","guid":{"rendered":"http:\/\/www.csepelivaroskep.hu\/radnoti\/?post_type=tribe_events&#038;p=1506"},"modified":"2019-07-04T09:16:20","modified_gmt":"2019-07-04T09:16:20","slug":"kaleidoszkop-a-noi-onbizalom-titkos-tukre","status":"publish","type":"tribe_events","link":"https:\/\/www.csepelivaroskep.hu\/radnoti\/programok\/kaleidoszkop-a-noi-onbizalom-titkos-tukre\/","title":{"rendered":"KALEIDOSZK\u00d3P: A n\u0151i \u00f6nbizalom titkos t\u00fckre"},"content":{"rendered":"<p>KALEIDOSZK\u00d3P: Sz\u00ednes ismeretterjeszt\u0151 el\u0151ad\u00e1ssorozat a Radn\u00f3tiban<\/p>\n<p>\u0150sszel Marozs\u00e1k Szabolcs n\u0151i \u00f6nbizalomedz\u0151 el\u0151ad\u00e1ssorozat\u00e1n vehetnek r\u00e9szt az \u00e9rdekl\u0151d\u0151k.<\/p>\n<p>Szeptember 20, p\u00e9ntek 18 \u00f3ra: A N\u0150I \u00d6NBIZALOM TITKOS T\u00dcKRE<\/p>\n<p>Okt\u00f3ber 18, p\u00e9ntek 18 \u00f3ra: HOGYAN B\u00c1NJUNK A F\u00c9RFIAKKAL?<\/p>\n<p>November 15, p\u00e9ntek 18 \u00f3ra: HOGYAN \u00c1LLJ TALPRA SZAK\u00cdT\u00c1S UT\u00c1N?<\/p>\n<p>A bel\u00e9p\u00e9s d\u00edjtalan, mindenkit szeretettel v\u00e1runk!<\/p>\n","protected":false},"excerpt":{"rendered":"<p>Marozs\u00e1k Szabolcs n\u0151i \u00f6nbizalomedz\u0151 el\u0151ad\u00e1ssorozata<\/p>\n","protected":false},"author":1,"featured_media":1507,"comment_status":"open","ping_status":"closed","template":"","meta":[],"tags":[40,14,16,7,27,13],"tribe_events_cat":[3],"acf":[],"_links":{"self":[{"href":"https:\/\/www.csepelivaroskep.hu\/radnoti\/wp-json\/wp\/v2\/tribe_events\/1506"}],"collection":[{"href":"https:\/\/www.csepelivaroskep.hu\/radnoti\/wp-json\/wp\/v2\/tribe_events"}],"about":[{"href":"https:\/\/www.csepelivaroskep.hu\/radnoti\/wp-json\/wp\/v2\/types\/tribe_events"}],"author":[{"embeddable":true,"href":"https:\/\/www.csepelivaroskep.hu\/radnoti\/wp-json\/wp\/v2\/users\/1"}],"replies":[{"embeddable":true,"href":"https:\/\/www.csepelivaroskep.hu\/radnoti\/wp-json\/wp\/v2\/comments?post=1506"}],"version-history":[{"count":1,"href":"https:\/\/www.csepelivaroskep.hu\/radnoti\/wp-json\/wp\/v2\/tribe_events\/1506\/revisions"}],"predecessor-version":[{"id":1508,"href":"https:\/\/www.csepelivaroskep.hu\/radnoti\/wp-json\/wp\/v2\/tribe_events\/1506\/revisions\/1508"}],"wp:featuredmedia":[{"embeddable":true,"href":"https:\/\/www.csepelivaroskep.hu\/radnoti\/wp-json\/wp\/v2\/media\/1507"}],"wp:attachment":[{"href":"https:\/\/www.csepelivaroskep.hu\/radnoti\/wp-json\/wp\/v2\/media?parent=1506"}],"wp:term":[{"taxonomy":"post_tag","embeddable":true,"href":"https:\/\/www.csepelivaroskep.hu\/radnoti\/wp-json\/wp\/v2\/tags?post=1506"},{"taxonomy":"tribe_events_cat","embeddable":true,"href":"https:\/\/www.csepelivaroskep.hu\/radnoti\/wp-json\/wp\/v2\/tribe_events_cat?post=1506"}],"curies":[{"name":"wp","href":"https:\/\/api.w.org\/{rel}","templated":true}]}}

KALEIDOSZKÓP: A női önbizalom titkos tükre

<p>KALEIDOSZKÓP: Színes ismeretterjesztő előadássorozat a Radnótiban</p>
<p>Ősszel Marozsák Szabolcs női önbizalomedző előadássorozatán vehetnek részt az érdeklődők.</p>
<p>Szeptember 20, péntek 18 óra: A NŐI ÖNBIZALOM TITKOS TÜKRE</p>
<p>Október 18, péntek 18 óra: HOGYAN BÁNJUNK A FÉRFIAKKAL?</p>
<p>November 15, péntek 18 óra: HOGYAN ÁLLJ TALPRA SZAKÍTÁS UTÁN?</p>
<p>A belépés díjtalan, mindenkit szeretettel várunk!</p>

<p>Marozsák Szabolcs női önbizalomedző előadássorozata</p>
