{"id":1557,"date":"2019-09-06T10:38:29","date_gmt":"2019-09-06T10:38:29","guid":{"rendered":"http:\/\/www.csepelivaroskep.hu\/radnoti\/?post_type=tribe_events&#038;p=1557"},"modified":"2019-09-06T10:38:29","modified_gmt":"2019-09-06T10:38:29","slug":"varroiskola","status":"publish","type":"tribe_events","link":"https:\/\/www.csepelivaroskep.hu\/radnoti\/programok\/varroiskola\/","title":{"rendered":"Varr\u00f3iskola"},"content":{"rendered":"<p>KEZD\u0150 VARR\u00d3TANFOLYAM<\/p>\n<p>4X3 \u00d3RA<\/p>\n<p>&nbsp;<\/p>\n<p>Megismerked\u00fcnk a varr\u00f3g\u00e9p kezel\u00e9s\u00e9vel, anyagokkal, kell\u00e9kekkel, varr\u00f3eszk\u00f6z\u00f6kkel, sokf\u00e9le \u00f6lt\u00e9ssel \u00e9s varr\u00e1stechnik\u00e1val.<\/p>\n<p>Minden alkalommal elk\u00e9sz\u00edt\u00fcnk 1-1 hasznos t\u00e1rgyat (textil tart\u00f3, szatyor, tornazs\u00e1k, neszesszer)<\/p>\n<p>Varr\u00f3g\u00e9pet \u00e9s eszk\u00f6z\u00f6ket biztos\u00edtunk, de saj\u00e1t g\u00e9pet is lehet hozni. L\u00e9tsz\u00e1m: max. 6 f\u0151<\/p>\n<p><em>A tanfolyam \u00e1ra: 26.000 Ft (anyagokat, kell\u00e9keket is tartalmazza)<\/em><\/p>\n<p><strong>Id\u0151pont:\u00a0<\/strong>szeptember 30-okt\u00f3ber 21, h\u00e9tf\u0151nk\u00e9nt 18:00-21:00 \u00f3ra k\u00f6z\u00f6tt<\/p>\n<p><strong>A tanfolyamot vezeti:<\/strong>\u00a0Flaskay No\u00e9mi ruhaipari m\u00e9rn\u00f6k<\/p>\n<p><strong>Jelentkez\u00e9s<\/strong>: 30\/849-9664 vagy noemi@idastyle.hu<\/p>\n<p>Inform\u00e1ci\u00f3: facebook.com\/idastyle.hu , idastyle.cafeblog.hu , intagram.com\/idastyle.hu<\/p>\n","protected":false},"excerpt":{"rendered":"<p>G\u00e9pet \u00e9s alapanyagot biztos\u00edtunk<\/p>\n","protected":false},"author":1,"featured_media":1537,"comment_status":"open","ping_status":"closed","template":"","meta":[],"tags":[40,14,13,28],"tribe_events_cat":[3],"acf":[],"_links":{"self":[{"href":"https:\/\/www.csepelivaroskep.hu\/radnoti\/wp-json\/wp\/v2\/tribe_events\/1557"}],"collection":[{"href":"https:\/\/www.csepelivaroskep.hu\/radnoti\/wp-json\/wp\/v2\/tribe_events"}],"about":[{"href":"https:\/\/www.csepelivaroskep.hu\/radnoti\/wp-json\/wp\/v2\/types\/tribe_events"}],"author":[{"embeddable":true,"href":"https:\/\/www.csepelivaroskep.hu\/radnoti\/wp-json\/wp\/v2\/users\/1"}],"replies":[{"embeddable":true,"href":"https:\/\/www.csepelivaroskep.hu\/radnoti\/wp-json\/wp\/v2\/comments?post=1557"}],"version-history":[{"count":1,"href":"https:\/\/www.csepelivaroskep.hu\/radnoti\/wp-json\/wp\/v2\/tribe_events\/1557\/revisions"}],"predecessor-version":[{"id":1558,"href":"https:\/\/www.csepelivaroskep.hu\/radnoti\/wp-json\/wp\/v2\/tribe_events\/1557\/revisions\/1558"}],"wp:featuredmedia":[{"embeddable":true,"href":"https:\/\/www.csepelivaroskep.hu\/radnoti\/wp-json\/wp\/v2\/media\/1537"}],"wp:attachment":[{"href":"https:\/\/www.csepelivaroskep.hu\/radnoti\/wp-json\/wp\/v2\/media?parent=1557"}],"wp:term":[{"taxonomy":"post_tag","embeddable":true,"href":"https:\/\/www.csepelivaroskep.hu\/radnoti\/wp-json\/wp\/v2\/tags?post=1557"},{"taxonomy":"tribe_events_cat","embeddable":true,"href":"https:\/\/www.csepelivaroskep.hu\/radnoti\/wp-json\/wp\/v2\/tribe_events_cat?post=1557"}],"curies":[{"name":"wp","href":"https:\/\/api.w.org\/{rel}","templated":true}]}}

Varróiskola

<p>KEZDŐ VARRÓTANFOLYAM</p>
<p>4X3 ÓRA</p>
<p>&nbsp;</p>
<p>Megismerkedünk a varrógép kezelésével, anyagokkal, kellékekkel, varróeszközökkel, sokféle öltéssel és varrástechnikával.</p>
<p>Minden alkalommal elkészítünk 1-1 hasznos tárgyat (textil tartó, szatyor, tornazsák, neszesszer)</p>
<p>Varrógépet és eszközöket biztosítunk, de saját gépet is lehet hozni. Létszám: max. 6 fő</p>
<p><em>A tanfolyam ára: 26.000 Ft (anyagokat, kellékeket is tartalmazza)</em></p>
<p><strong>Időpont: </strong>szeptember 30-október 21, hétfőnként 18:00-21:00 óra között</p>
<p><strong>A tanfolyamot vezeti:</strong> Flaskay Noémi ruhaipari mérnök</p>
<p><strong>Jelentkezés</strong>: 30/849-9664 vagy noemi@idastyle.hu</p>
<p>Információ: facebook.com/idastyle.hu , idastyle.cafeblog.hu , intagram.com/idastyle.hu</p>

<p>Gépet és alapanyagot biztosítunk</p>
