{"id":1566,"date":"2019-10-03T13:53:54","date_gmt":"2019-10-03T13:53:54","guid":{"rendered":"http:\/\/www.csepelivaroskep.hu\/radnoti\/?post_type=tribe_events&#038;p=1566"},"modified":"2019-10-03T13:53:54","modified_gmt":"2019-10-03T13:53:54","slug":"unnepelyes-parkatadas","status":"publish","type":"tribe_events","link":"https:\/\/www.csepelivaroskep.hu\/radnoti\/programok\/unnepelyes-parkatadas\/","title":{"rendered":"\u00dcnnep\u00e9lyes park\u00e1tad\u00e1s"},"content":{"rendered":"<p>M\u0171vel\u0151d\u00e9si h\u00e1zunk k\u00f6r\u00fcli park \u00e1tad\u00e1s\u00e1t \u00fcnnepelj\u00fck okt\u00f3ber 4-\u00e9n.<\/p>\n<p>17:00 \u00f3r\u00e1t\u00f3l \u00fcnnepi besz\u00e9det mond Borb\u00e9ly L\u00e9n\u00e1rd, Csepel polg\u00e1rmestere<\/p>\n<p>17.30-t\u00f3l fell\u00e9p: Tab\u00e1ni Istv\u00e1n<\/p>\n<p>A bel\u00e9p\u00e9s d\u00edjtalan, mindenkit szeretettel v\u00e1runk!<\/p>\n","protected":false},"excerpt":{"rendered":"<p>Tab\u00e1ni Istv\u00e1n koncerttel<\/p>\n","protected":false},"author":1,"featured_media":1567,"comment_status":"open","ping_status":"closed","template":"","meta":[],"tags":[14,33,13],"tribe_events_cat":[26],"acf":[],"_links":{"self":[{"href":"https:\/\/www.csepelivaroskep.hu\/radnoti\/wp-json\/wp\/v2\/tribe_events\/1566"}],"collection":[{"href":"https:\/\/www.csepelivaroskep.hu\/radnoti\/wp-json\/wp\/v2\/tribe_events"}],"about":[{"href":"https:\/\/www.csepelivaroskep.hu\/radnoti\/wp-json\/wp\/v2\/types\/tribe_events"}],"author":[{"embeddable":true,"href":"https:\/\/www.csepelivaroskep.hu\/radnoti\/wp-json\/wp\/v2\/users\/1"}],"replies":[{"embeddable":true,"href":"https:\/\/www.csepelivaroskep.hu\/radnoti\/wp-json\/wp\/v2\/comments?post=1566"}],"version-history":[{"count":1,"href":"https:\/\/www.csepelivaroskep.hu\/radnoti\/wp-json\/wp\/v2\/tribe_events\/1566\/revisions"}],"predecessor-version":[{"id":1568,"href":"https:\/\/www.csepelivaroskep.hu\/radnoti\/wp-json\/wp\/v2\/tribe_events\/1566\/revisions\/1568"}],"wp:featuredmedia":[{"embeddable":true,"href":"https:\/\/www.csepelivaroskep.hu\/radnoti\/wp-json\/wp\/v2\/media\/1567"}],"wp:attachment":[{"href":"https:\/\/www.csepelivaroskep.hu\/radnoti\/wp-json\/wp\/v2\/media?parent=1566"}],"wp:term":[{"taxonomy":"post_tag","embeddable":true,"href":"https:\/\/www.csepelivaroskep.hu\/radnoti\/wp-json\/wp\/v2\/tags?post=1566"},{"taxonomy":"tribe_events_cat","embeddable":true,"href":"https:\/\/www.csepelivaroskep.hu\/radnoti\/wp-json\/wp\/v2\/tribe_events_cat?post=1566"}],"curies":[{"name":"wp","href":"https:\/\/api.w.org\/{rel}","templated":true}]}}

Ünnepélyes parkátadás

<p>Művelődési házunk körüli park átadását ünnepeljük október 4-én.</p>
<p>17:00 órától ünnepi beszédet mond Borbély Lénárd, Csepel polgármestere</p>
<p>17.30-tól fellép: Tabáni István</p>
<p>A belépés díjtalan, mindenkit szeretettel várunk!</p>

<p>Tabáni István koncerttel</p>
