{"id":1951,"date":"2024-09-17T11:05:04","date_gmt":"2024-09-17T11:05:04","guid":{"rendered":"http:\/\/www.csepelivaroskep.hu\/radnoti\/?post_type=tribe_events&#038;p=1951"},"modified":"2024-09-17T11:05:05","modified_gmt":"2024-09-17T11:05:05","slug":"sport-workshop-gerinc-torna-zumba","status":"publish","type":"tribe_events","link":"https:\/\/www.csepelivaroskep.hu\/radnoti\/programok\/sport-workshop-gerinc-torna-zumba\/","title":{"rendered":"Sport workshop &#8211; Gerinc torna + Zumba"},"content":{"rendered":"<p>Szombati workshop &#8211; Gerinc er\u0151s\u00edt\u0151 \u00e9s ny\u00fajt\u00f3 torna + Zumba<\/p>\n<p>2024.09.28. szombat<\/p>\n<p>&nbsp;<\/p>\n<p><strong>9:00-9:50 Gerinc er\u0151s\u00edt\u0151 \u00e9s ny\u00fajt\u00f3 torna<\/strong><\/p>\n<p>Matrac sz\u00fcks\u00e9ges!<\/p>\n<p><strong>10.00-10.50 Zumba alapoz\u00f3<\/strong><\/p>\n<p>Ingyenes<\/p>\n<p><strong>11.00-11.50 Zumba felv\u00e9tel<\/strong><\/p>\n<p>Salsa alapl\u00e9p\u00e9sek gyakorl\u00e1sa, mozdulatok finom\u00edt\u00e1sa<\/p>\n<p>&nbsp;<\/p>\n<p>Program \u00e1ra:<\/p>\n<p>2.300 Ft \/ f\u0151 &#8211; gerinc torna VAGY zumba<\/p>\n<p>3.500 Ft \/ f\u0151 &#8211; teljes program<\/p>\n<p>500 Ft \/ f\u0151 6-12 \u00e9ves korig<\/p>\n<p>El\u0151zetes bejelentkez\u00e9s sz\u00fcks\u00e9ges: +36703726314, <a href=\"http:\/\/www.vagasiszilvia.hu\">www.vagasiszilvia.hu<\/a><\/p>\n<p><img loading=\"lazy\" class=\"alignnone size-medium wp-image-1952\" src=\"https:\/\/www.csepelivaroskep.hu\/radnoti\/wp-content\/uploads\/sites\/2\/2024\/09\/Szombati-workshop_09.28-211x300.jpg\" alt=\"\" width=\"211\" height=\"300\" srcset=\"https:\/\/www.csepelivaroskep.hu\/radnoti\/wp-content\/uploads\/sites\/2\/2024\/09\/Szombati-workshop_09.28-211x300.jpg 211w, https:\/\/www.csepelivaroskep.hu\/radnoti\/wp-content\/uploads\/sites\/2\/2024\/09\/Szombati-workshop_09.28-720x1024.jpg 720w, https:\/\/www.csepelivaroskep.hu\/radnoti\/wp-content\/uploads\/sites\/2\/2024\/09\/Szombati-workshop_09.28-768x1092.jpg 768w, https:\/\/www.csepelivaroskep.hu\/radnoti\/wp-content\/uploads\/sites\/2\/2024\/09\/Szombati-workshop_09.28-1081x1536.jpg 1081w, https:\/\/www.csepelivaroskep.hu\/radnoti\/wp-content\/uploads\/sites\/2\/2024\/09\/Szombati-workshop_09.28.jpg 1184w\" sizes=\"(max-width: 211px) 100vw, 211px\" \/><\/p>\n","protected":false},"excerpt":{"rendered":"<p>Gerinc torna \u00e9s zumba V\u00e1g\u00e1si Szilvivel<\/p>\n","protected":false},"author":1,"featured_media":1952,"comment_status":"open","ping_status":"closed","template":"","meta":[],"tags":[],"tribe_events_cat":[3],"acf":[],"_links":{"self":[{"href":"https:\/\/www.csepelivaroskep.hu\/radnoti\/wp-json\/wp\/v2\/tribe_events\/1951"}],"collection":[{"href":"https:\/\/www.csepelivaroskep.hu\/radnoti\/wp-json\/wp\/v2\/tribe_events"}],"about":[{"href":"https:\/\/www.csepelivaroskep.hu\/radnoti\/wp-json\/wp\/v2\/types\/tribe_events"}],"author":[{"embeddable":true,"href":"https:\/\/www.csepelivaroskep.hu\/radnoti\/wp-json\/wp\/v2\/users\/1"}],"replies":[{"embeddable":true,"href":"https:\/\/www.csepelivaroskep.hu\/radnoti\/wp-json\/wp\/v2\/comments?post=1951"}],"version-history":[{"count":1,"href":"https:\/\/www.csepelivaroskep.hu\/radnoti\/wp-json\/wp\/v2\/tribe_events\/1951\/revisions"}],"predecessor-version":[{"id":1953,"href":"https:\/\/www.csepelivaroskep.hu\/radnoti\/wp-json\/wp\/v2\/tribe_events\/1951\/revisions\/1953"}],"wp:featuredmedia":[{"embeddable":true,"href":"https:\/\/www.csepelivaroskep.hu\/radnoti\/wp-json\/wp\/v2\/media\/1952"}],"wp:attachment":[{"href":"https:\/\/www.csepelivaroskep.hu\/radnoti\/wp-json\/wp\/v2\/media?parent=1951"}],"wp:term":[{"taxonomy":"post_tag","embeddable":true,"href":"https:\/\/www.csepelivaroskep.hu\/radnoti\/wp-json\/wp\/v2\/tags?post=1951"},{"taxonomy":"tribe_events_cat","embeddable":true,"href":"https:\/\/www.csepelivaroskep.hu\/radnoti\/wp-json\/wp\/v2\/tribe_events_cat?post=1951"}],"curies":[{"name":"wp","href":"https:\/\/api.w.org\/{rel}","templated":true}]}}

<p>Szombati workshop &#8211; Gerinc erősítő és nyújtó torna + Zumba</p>
<p>2024.09.28. szombat</p>
<p>&nbsp;</p>
<p><strong>9:00-9:50 Gerinc erősítő és nyújtó torna</strong></p>
<p>Matrac szükséges!</p>
<p><strong>10.00-10.50 Zumba alapozó</strong></p>
<p>Ingyenes</p>
<p><strong>11.00-11.50 Zumba felvétel</strong></p>
<p>Salsa alaplépések gyakorlása, mozdulatok finomítása</p>
<p>&nbsp;</p>
<p>Program ára:</p>
<p>2.300 Ft / fő &#8211; gerinc torna VAGY zumba</p>
<p>3.500 Ft / fő &#8211; teljes program</p>
<p>500 Ft / fő 6-12 éves korig</p>
<p>Előzetes bejelentkezés szükséges: +36703726314, <a href="http://www.vagasiszilvia.hu">www.vagasiszilvia.hu</a></p>
<p><img loading="lazy" class="alignnone size-medium wp-image-1952" src="https://www.csepelivaroskep.hu/radnoti/wp-content/uploads/sites/2/2024/09/Szombati-workshop_09.28-211x300.jpg" alt="" width="211" height="300" srcset="https://www.csepelivaroskep.hu/radnoti/wp-content/uploads/sites/2/2024/09/Szombati-workshop_09.28-211x300.jpg 211w, https://www.csepelivaroskep.hu/radnoti/wp-content/uploads/sites/2/2024/09/Szombati-workshop_09.28-720x1024.jpg 720w, https://www.csepelivaroskep.hu/radnoti/wp-content/uploads/sites/2/2024/09/Szombati-workshop_09.28-768x1092.jpg 768w, https://www.csepelivaroskep.hu/radnoti/wp-content/uploads/sites/2/2024/09/Szombati-workshop_09.28-1081x1536.jpg 1081w, https://www.csepelivaroskep.hu/radnoti/wp-content/uploads/sites/2/2024/09/Szombati-workshop_09.28.jpg 1184w" sizes="(max-width: 211px) 100vw, 211px" /></p>

<p>Gerinc torna és zumba Vágási Szilvivel</p>
