{"id":316,"date":"2018-04-27T12:56:18","date_gmt":"2018-04-27T12:56:18","guid":{"rendered":"http:\/\/www.csepelivaroskep.hu\/radnoti\/?post_type=tribe_events&#038;p=316"},"modified":"2018-04-27T12:56:18","modified_gmt":"2018-04-27T12:56:18","slug":"magyar-rajzfilmklasszikusok-2","status":"publish","type":"tribe_events","link":"https:\/\/www.csepelivaroskep.hu\/radnoti\/programok\/magyar-rajzfilmklasszikusok-2\/","title":{"rendered":"Magyar rajzfilmklasszikusok"},"content":{"rendered":"<p>Szaffi<\/p>\n<p>Dargay Attila rajzfilmje<\/p>\n<p>ut\u00e1na ovist\u00e1nc a Dance Express T\u00e1nciskola<br \/>\nk\u00f6zrem\u0171k\u00f6d\u00e9s\u00e9vel, k\u00e9zm\u0171ves j\u00e1tsz\u00f3h\u00e1z<\/p>\n<p>Gyerekeknek a bel\u00e9p\u00e9s d\u00edjtalan!<br \/>\nFeln\u0151tteknek 300 Ft.<\/p>\n","protected":false},"excerpt":{"rendered":"<p>Szaffi<\/p>\n","protected":false},"author":1,"featured_media":317,"comment_status":"open","ping_status":"closed","template":"","meta":[],"tags":[14,20,21],"tribe_events_cat":[3],"acf":[],"_links":{"self":[{"href":"https:\/\/www.csepelivaroskep.hu\/radnoti\/wp-json\/wp\/v2\/tribe_events\/316"}],"collection":[{"href":"https:\/\/www.csepelivaroskep.hu\/radnoti\/wp-json\/wp\/v2\/tribe_events"}],"about":[{"href":"https:\/\/www.csepelivaroskep.hu\/radnoti\/wp-json\/wp\/v2\/types\/tribe_events"}],"author":[{"embeddable":true,"href":"https:\/\/www.csepelivaroskep.hu\/radnoti\/wp-json\/wp\/v2\/users\/1"}],"replies":[{"embeddable":true,"href":"https:\/\/www.csepelivaroskep.hu\/radnoti\/wp-json\/wp\/v2\/comments?post=316"}],"version-history":[{"count":1,"href":"https:\/\/www.csepelivaroskep.hu\/radnoti\/wp-json\/wp\/v2\/tribe_events\/316\/revisions"}],"predecessor-version":[{"id":318,"href":"https:\/\/www.csepelivaroskep.hu\/radnoti\/wp-json\/wp\/v2\/tribe_events\/316\/revisions\/318"}],"wp:featuredmedia":[{"embeddable":true,"href":"https:\/\/www.csepelivaroskep.hu\/radnoti\/wp-json\/wp\/v2\/media\/317"}],"wp:attachment":[{"href":"https:\/\/www.csepelivaroskep.hu\/radnoti\/wp-json\/wp\/v2\/media?parent=316"}],"wp:term":[{"taxonomy":"post_tag","embeddable":true,"href":"https:\/\/www.csepelivaroskep.hu\/radnoti\/wp-json\/wp\/v2\/tags?post=316"},{"taxonomy":"tribe_events_cat","embeddable":true,"href":"https:\/\/www.csepelivaroskep.hu\/radnoti\/wp-json\/wp\/v2\/tribe_events_cat?post=316"}],"curies":[{"name":"wp","href":"https:\/\/api.w.org\/{rel}","templated":true}]}}

<p>Szaffi</p>
<p>Dargay Attila rajzfilmje</p>
<p>utána ovistánc a Dance Express Tánciskola<br />
közreműködésével, kézműves játszóház</p>
<p>Gyerekeknek a belépés díjtalan!<br />
Felnőtteknek 300 Ft.</p>
