{"id":340,"date":"2018-04-27T13:19:29","date_gmt":"2018-04-27T13:19:29","guid":{"rendered":"http:\/\/www.csepelivaroskep.hu\/radnoti\/?post_type=tribe_events&#038;p=340"},"modified":"2018-04-27T13:19:29","modified_gmt":"2018-04-27T13:19:29","slug":"retro-disco-3","status":"publish","type":"tribe_events","link":"https:\/\/www.csepelivaroskep.hu\/radnoti\/programok\/retro-disco-3\/","title":{"rendered":"Retro Disco"},"content":{"rendered":"<p>Retro Disco!<\/p>\n<p>\u00c1prilis 20-\u00e1n 21 \u00f3rakor, \u00e9s ut\u00e1na kis pihi ut\u00e1n tal\u00e1lkozunk szeptember 14-\u00e9n!<\/p>\n<p>A &#8217;60-as , &#8217;70-es, &#8217;80-as \u00e9vek sl\u00e1gereivel!<\/p>\n<p>Zen\u00e9l: Dj. Carpenter<\/p>\n<p>Bel\u00e9p\u0151jegy \u00e1ra: 500Ft<\/p>\n","protected":false},"excerpt":{"rendered":"<p>Dj. Carpenter<\/p>\n","protected":false},"author":1,"featured_media":341,"comment_status":"open","ping_status":"closed","template":"","meta":[],"tags":[9,19],"tribe_events_cat":[3],"acf":[],"_links":{"self":[{"href":"https:\/\/www.csepelivaroskep.hu\/radnoti\/wp-json\/wp\/v2\/tribe_events\/340"}],"collection":[{"href":"https:\/\/www.csepelivaroskep.hu\/radnoti\/wp-json\/wp\/v2\/tribe_events"}],"about":[{"href":"https:\/\/www.csepelivaroskep.hu\/radnoti\/wp-json\/wp\/v2\/types\/tribe_events"}],"author":[{"embeddable":true,"href":"https:\/\/www.csepelivaroskep.hu\/radnoti\/wp-json\/wp\/v2\/users\/1"}],"replies":[{"embeddable":true,"href":"https:\/\/www.csepelivaroskep.hu\/radnoti\/wp-json\/wp\/v2\/comments?post=340"}],"version-history":[{"count":1,"href":"https:\/\/www.csepelivaroskep.hu\/radnoti\/wp-json\/wp\/v2\/tribe_events\/340\/revisions"}],"predecessor-version":[{"id":342,"href":"https:\/\/www.csepelivaroskep.hu\/radnoti\/wp-json\/wp\/v2\/tribe_events\/340\/revisions\/342"}],"wp:featuredmedia":[{"embeddable":true,"href":"https:\/\/www.csepelivaroskep.hu\/radnoti\/wp-json\/wp\/v2\/media\/341"}],"wp:attachment":[{"href":"https:\/\/www.csepelivaroskep.hu\/radnoti\/wp-json\/wp\/v2\/media?parent=340"}],"wp:term":[{"taxonomy":"post_tag","embeddable":true,"href":"https:\/\/www.csepelivaroskep.hu\/radnoti\/wp-json\/wp\/v2\/tags?post=340"},{"taxonomy":"tribe_events_cat","embeddable":true,"href":"https:\/\/www.csepelivaroskep.hu\/radnoti\/wp-json\/wp\/v2\/tribe_events_cat?post=340"}],"curies":[{"name":"wp","href":"https:\/\/api.w.org\/{rel}","templated":true}]}}

<p>Retro Disco!</p>
<p>Április 20-án 21 órakor, és utána kis pihi után találkozunk szeptember 14-én!</p>
<p>A &#8217;60-as , &#8217;70-es, &#8217;80-as évek slágereivel!</p>
<p>Zenél: Dj. Carpenter</p>
<p>Belépőjegy ára: 500Ft</p>
