{"id":343,"date":"2018-04-27T13:20:57","date_gmt":"2018-04-27T13:20:57","guid":{"rendered":"http:\/\/www.csepelivaroskep.hu\/radnoti\/?post_type=tribe_events&#038;p=343"},"modified":"2018-04-27T13:20:57","modified_gmt":"2018-04-27T13:20:57","slug":"a-fold-napja-csillagtelepen","status":"publish","type":"tribe_events","link":"https:\/\/www.csepelivaroskep.hu\/radnoti\/programok\/a-fold-napja-csillagtelepen\/","title":{"rendered":"A F\u00f6ld napja Csillagtelepen"},"content":{"rendered":"<h3>A F\u00f6ld napja Csillagtelepen<\/h3>\n<p>\u00e1prilis 20. szombat 9 \u00f3ra<\/p>\n<ul>\n<li>\u00a0\u00a0\u00a0 9 \u00f3r\u00e1t\u00f3l k\u00f6z\u00f6s vir\u00e1g\u00fcltet\u00e9s (kedvez\u0151 id\u0151j\u00e1r\u00e1s eset\u00e9n)<\/li>\n<li>\u00a0\u00a0 10 \u00f3r\u00e1t\u00f3l Mes\u00e9l az erd\u0151 &#8211; a P\u00f3dium Sz\u00ednh\u00e1z k\u00f6rnyezetv\u00e9delmi gyerekel\u0151ad\u00e1sa<\/li>\n<li>\u00a0\u00a0 11 \u00f3r\u00e1t\u00f3l Kert\u00fcnk madarai &#8211; \u00e1llatbemutat\u00f3<\/li>\n<\/ul>\n<p>\u00f6koj\u00e1tsz\u00f3t\u00e9r, k\u00e9zm\u0171ves foglalkoz\u00e1s: mi mindenre j\u00f3 a szem\u00e9t<\/p>\n<p>&nbsp;<\/p>\n<p>Szeretettel v\u00e1runk minden kedves l\u00e1togat\u00f3t!<\/p>\n<p>&nbsp;<\/p>\n","protected":false},"excerpt":{"rendered":"<p>A F\u00f6ld napja Csillagtelepen \u00e1prilis 20. szombat 9 \u00f3ra \u00a0\u00a0\u00a0 9 \u00f3r\u00e1t\u00f3l k\u00f6z\u00f6s vir\u00e1g\u00fcltet\u00e9s (kedvez\u0151 id\u0151j\u00e1r\u00e1s eset\u00e9n) \u00a0\u00a0 10 \u00f3r\u00e1t\u00f3l Mes\u00e9l az erd\u0151 &#8211; a P\u00f3dium Sz\u00ednh\u00e1z k\u00f6rnyezetv\u00e9delmi gyerekel\u0151ad\u00e1sa \u00a0\u00a0 11 \u00f3r\u00e1t\u00f3l Kert\u00fcnk madarai &#8211; \u00e1llatbemutat\u00f3 \u00f6koj\u00e1tsz\u00f3t\u00e9r, k\u00e9zm\u0171ves foglalkoz\u00e1s: mi mindenre j\u00f3 a szem\u00e9t &nbsp; Szeretettel v\u00e1runk minden kedves l\u00e1togat\u00f3t! &nbsp;<\/p>\n","protected":false},"author":1,"featured_media":344,"comment_status":"open","ping_status":"closed","template":"","meta":[],"tags":[14,13,18],"tribe_events_cat":[3],"acf":[],"_links":{"self":[{"href":"https:\/\/www.csepelivaroskep.hu\/radnoti\/wp-json\/wp\/v2\/tribe_events\/343"}],"collection":[{"href":"https:\/\/www.csepelivaroskep.hu\/radnoti\/wp-json\/wp\/v2\/tribe_events"}],"about":[{"href":"https:\/\/www.csepelivaroskep.hu\/radnoti\/wp-json\/wp\/v2\/types\/tribe_events"}],"author":[{"embeddable":true,"href":"https:\/\/www.csepelivaroskep.hu\/radnoti\/wp-json\/wp\/v2\/users\/1"}],"replies":[{"embeddable":true,"href":"https:\/\/www.csepelivaroskep.hu\/radnoti\/wp-json\/wp\/v2\/comments?post=343"}],"version-history":[{"count":1,"href":"https:\/\/www.csepelivaroskep.hu\/radnoti\/wp-json\/wp\/v2\/tribe_events\/343\/revisions"}],"predecessor-version":[{"id":345,"href":"https:\/\/www.csepelivaroskep.hu\/radnoti\/wp-json\/wp\/v2\/tribe_events\/343\/revisions\/345"}],"wp:featuredmedia":[{"embeddable":true,"href":"https:\/\/www.csepelivaroskep.hu\/radnoti\/wp-json\/wp\/v2\/media\/344"}],"wp:attachment":[{"href":"https:\/\/www.csepelivaroskep.hu\/radnoti\/wp-json\/wp\/v2\/media?parent=343"}],"wp:term":[{"taxonomy":"post_tag","embeddable":true,"href":"https:\/\/www.csepelivaroskep.hu\/radnoti\/wp-json\/wp\/v2\/tags?post=343"},{"taxonomy":"tribe_events_cat","embeddable":true,"href":"https:\/\/www.csepelivaroskep.hu\/radnoti\/wp-json\/wp\/v2\/tribe_events_cat?post=343"}],"curies":[{"name":"wp","href":"https:\/\/api.w.org\/{rel}","templated":true}]}}

A Föld napja Csillagtelepen

<h3>A Föld napja Csillagtelepen</h3>
<p>április 20. szombat 9 óra</p>
<ul>
<li>    9 órától közös virágültetés (kedvező időjárás esetén)</li>
<li>   10 órától Mesél az erdő &#8211; a Pódium Színház környezetvédelmi gyerekelőadása</li>
<li>   11 órától Kertünk madarai &#8211; állatbemutató</li>
</ul>
<p>ökojátszótér, kézműves foglalkozás: mi mindenre jó a szemét</p>
<p>&nbsp;</p>
<p>Szeretettel várunk minden kedves látogatót!</p>
<p>&nbsp;</p>

<p>A Föld napja Csillagtelepen április 20. szombat 9 óra     9 órától közös virágültetés (kedvező időjárás esetén)    10 órától Mesél az erdő &#8211; a Pódium Színház környezetvédelmi gyerekelőadása    11 órától Kertünk madarai &#8211; állatbemutató ökojátszótér, kézműves foglalkozás: mi mindenre jó a szemét &nbsp; Szeretettel várunk minden kedves látogatót! &nbsp;</p>
