{"id":346,"date":"2018-04-27T13:27:38","date_gmt":"2018-04-27T13:27:38","guid":{"rendered":"http:\/\/www.csepelivaroskep.hu\/radnoti\/?post_type=tribe_events&#038;p=346"},"modified":"2018-04-27T13:27:38","modified_gmt":"2018-04-27T13:27:38","slug":"a-muzsika-hangja","status":"publish","type":"tribe_events","link":"https:\/\/www.csepelivaroskep.hu\/radnoti\/programok\/a-muzsika-hangja\/","title":{"rendered":"A muzsika hangja"},"content":{"rendered":"<p><strong>M E G H \u00cd V \u00d3<\/strong><\/p>\n<p>Szeretettel v\u00e1rjuk \u00d6nt \u00e9s Kedves csal\u00e1dj\u00e1t a Fasang \u00c1rp\u00e1d Zeneiskola mag\u00e1n\u00e9nek tanszak\u00e1nak hangverseny\u00e9re, 2013. \u00e1prilis 18-\u00e1n, cs\u00fct\u00f6rt\u00f6k\u00f6n 18 \u00f3r\u00e1ra<br \/>\nHelysz\u00edn: Radn\u00f3ti Mikl\u00f3s M\u0171vel\u0151d\u00e9si H\u00e1z \/ XXI. Budapest V\u00e9nusz u. 2. \/<\/p>\n<p>R O D G E R S<\/p>\n<p><strong>A muzsika hangja<\/strong><br \/>\nmusical<\/p>\n<p>A r\u00f6vid\u00edtett sz\u00ednpadi v\u00e1ltozat\u00e1t adj\u00e1k el\u0151 a zeneiskola n\u00f6vend\u00e9kei<\/p>\n<p>M\u00e1t\u00e9 Cintia, Varga Gabi, Koronczai Brigitta, Nagy Anita, Kanyik Lili,<br \/>\nDan\u00f3 Andrea, Pusk\u00e1s L\u00e1szl\u00f3, Ign\u00e1cz Roxana, Vr\u00e1bel D\u00f3ra, Kiss Nikolett,<br \/>\nSzil\u00e1gyi J\u00falia, Hanti Szilvia, Cibolya Cintia, \u00d6ller Roland, Varga S\u00e1ra,<br \/>\nGere S\u00e1ra Dominika,Varga Melinda Brigitta, Szegv\u00e1ri T\u00fcnde, D\u00e9ri Hanna<br \/>\nMoh\u00e1csi Anita, Feh\u00e9r Bernadett, M\u00e9sz\u00e1ros Zsuzsanna, R\u00e1cz Alexandra,<br \/>\nFarag\u00f3 Luca, Dombi Zs\u00f3fia, Farkas M\u00f3nika, Boros Cintia, B\u00fckk\u00f6s Vir\u00e1g,<br \/>\nDombai D\u00f3ra, Nagy Karolina, Moldov\u00e1n Zita, Illik D\u00f3ra, \u00dajlaki Eszter,<br \/>\nImre D\u00f3ra, Cs\u00e1nki Zs\u00f3fia, M\u00e1rton \u00c1d\u00e1m m.v.<\/p>\n<p>A sz\u00f6vegk\u00f6nyvet \u00e1tdolgozta: G\u00f3cz\u00e1n Judit, dramaturg<\/p>\n<p>Felk\u00e9sz\u00edt\u0151\u00a0 tan\u00e1rok: Szal\u00f3kin\u00e9 M\u00fcller Gabriella,\u00a0Farkas Katalin, Kom\u00e1romy \u00c9va,\u00a0Ol\u00e1h Zsolt<\/p>\n<p>Zongor\u00e1n k\u00f6zrem\u0171k\u00f6dik: M.\u00a0 Hajtun Zsuzsa \u00e9s Dr. Sz\u0171cs Lajos<\/p>\n<p><strong>A bel\u00e9p\u00e9s d\u00edjtalan!<\/strong><\/p>\n<p>&nbsp;<\/p>\n","protected":false},"excerpt":{"rendered":"<p>Fasang \u00c1rp\u00e1d Zeneiskola mag\u00e1n\u00e9nek tanszak\u00e1nak hangversenye<\/p>\n","protected":false},"author":1,"featured_media":0,"comment_status":"open","ping_status":"closed","template":"","meta":[],"tags":[14,16,21,13],"tribe_events_cat":[3],"acf":[],"_links":{"self":[{"href":"https:\/\/www.csepelivaroskep.hu\/radnoti\/wp-json\/wp\/v2\/tribe_events\/346"}],"collection":[{"href":"https:\/\/www.csepelivaroskep.hu\/radnoti\/wp-json\/wp\/v2\/tribe_events"}],"about":[{"href":"https:\/\/www.csepelivaroskep.hu\/radnoti\/wp-json\/wp\/v2\/types\/tribe_events"}],"author":[{"embeddable":true,"href":"https:\/\/www.csepelivaroskep.hu\/radnoti\/wp-json\/wp\/v2\/users\/1"}],"replies":[{"embeddable":true,"href":"https:\/\/www.csepelivaroskep.hu\/radnoti\/wp-json\/wp\/v2\/comments?post=346"}],"version-history":[{"count":1,"href":"https:\/\/www.csepelivaroskep.hu\/radnoti\/wp-json\/wp\/v2\/tribe_events\/346\/revisions"}],"predecessor-version":[{"id":347,"href":"https:\/\/www.csepelivaroskep.hu\/radnoti\/wp-json\/wp\/v2\/tribe_events\/346\/revisions\/347"}],"wp:attachment":[{"href":"https:\/\/www.csepelivaroskep.hu\/radnoti\/wp-json\/wp\/v2\/media?parent=346"}],"wp:term":[{"taxonomy":"post_tag","embeddable":true,"href":"https:\/\/www.csepelivaroskep.hu\/radnoti\/wp-json\/wp\/v2\/tags?post=346"},{"taxonomy":"tribe_events_cat","embeddable":true,"href":"https:\/\/www.csepelivaroskep.hu\/radnoti\/wp-json\/wp\/v2\/tribe_events_cat?post=346"}],"curies":[{"name":"wp","href":"https:\/\/api.w.org\/{rel}","templated":true}]}}

<p><strong>M E G H Í V Ó</strong></p>
<p>Szeretettel várjuk Önt és Kedves családját a Fasang Árpád Zeneiskola magánének tanszakának hangversenyére, 2013. április 18-án, csütörtökön 18 órára<br />
Helyszín: Radnóti Miklós Művelődési Ház / XXI. Budapest Vénusz u. 2. /</p>
<p>R O D G E R S</p>
<p><strong>A muzsika hangja</strong><br />
musical</p>
<p>A rövidített színpadi változatát adják elő a zeneiskola növendékei</p>
<p>Máté Cintia, Varga Gabi, Koronczai Brigitta, Nagy Anita, Kanyik Lili,<br />
Danó Andrea, Puskás László, Ignácz Roxana, Vrábel Dóra, Kiss Nikolett,<br />
Szilágyi Júlia, Hanti Szilvia, Cibolya Cintia, Öller Roland, Varga Sára,<br />
Gere Sára Dominika,Varga Melinda Brigitta, Szegvári Tünde, Déri Hanna<br />
Mohácsi Anita, Fehér Bernadett, Mészáros Zsuzsanna, Rácz Alexandra,<br />
Faragó Luca, Dombi Zsófia, Farkas Mónika, Boros Cintia, Bükkös Virág,<br />
Dombai Dóra, Nagy Karolina, Moldován Zita, Illik Dóra, Újlaki Eszter,<br />
Imre Dóra, Csánki Zsófia, Márton Ádám m.v.</p>
<p>A szövegkönyvet átdolgozta: Góczán Judit, dramaturg</p>
<p>Felkészítő  tanárok: Szalókiné Müller Gabriella, Farkas Katalin, Komáromy Éva, Oláh Zsolt</p>
<p>Zongorán közreműködik: M.  Hajtun Zsuzsa és Dr. Szűcs Lajos</p>
<p><strong>A belépés díjtalan!</strong></p>
<p>&nbsp;</p>

<p>Fasang Árpád Zeneiskola magánének tanszakának hangversenye</p>
