{"id":348,"date":"2018-04-27T13:30:29","date_gmt":"2018-04-27T13:30:29","guid":{"rendered":"http:\/\/www.csepelivaroskep.hu\/radnoti\/?post_type=tribe_events&#038;p=348"},"modified":"2018-04-27T13:30:29","modified_gmt":"2018-04-27T13:30:29","slug":"fel-evszazad-egyutt","status":"publish","type":"tribe_events","link":"https:\/\/www.csepelivaroskep.hu\/radnoti\/programok\/fel-evszazad-egyutt\/","title":{"rendered":"F\u00e9l \u00e9vsz\u00e1zad egy\u00fctt!"},"content":{"rendered":"<h3>F\u00e9l \u00e9vsz\u00e1zad egy\u00fctt!<\/h3>\n<h3>M\u00e1jus 25. szombat 10.00-22.00 \u00f3r\u00e1ig<\/h3>\n<p>Paprika Jancsi mes\u00e9l, Rend\u0151ri k\u00f6zelharc bemutat\u00f3, Csepeli N\u00e9pdal &#8211; \u00e9s N\u00f3tak\u00f6r, \u00dcnnep\u00e9lyes szoboravat\u00e1s, A Csepeli Auth Henrik Fesztiv\u00e1l F\u00fav\u00f3szenekar m\u0171sora, G\u00f6r\u00f6g n\u00e9pzenei koncert \u00e9s t\u00e1nch\u00e1z a Pyrgos Egy\u00fcttessel, Megaron Pantomim el\u0151ad\u00e1s, A l\u00f3nak v\u00e9lt menyasszony &#8211; a Budapesti Utcasz\u00ednh\u00e1z el\u0151ad\u00e1sa, A Botos\u00e1nka Tri\u00f3 koncertje, L\u00e1ngosev\u0151 verseny.<\/p>\n<p>\u201e\u00c9n is id\u00e9n vagyok 50 \u00e9ves\u201d : Ikarus 311-es aut\u00f3busz, a \u201eg\u00f6rd\u00fcl\u0151 csoda\u201d<\/p>\n<p>Fa k\u00f6rhinta \u00e9s n\u00e9pi j\u00e1tsz\u00f3t\u00e9r, Csepeli k\u00e9pz\u0151m\u0171v\u00e9szek bemutat\u00f3ja, ki\u00e1ll\u00edt\u00e1sok, ismeretterjeszt\u0151 programok, k\u00e9zm\u0171ves-foglalkoz\u00e1sok, Logiko-p j\u00e1tsz\u00f3h\u00e1z, biomassz\u00e1zs, lovagl\u00e1si lehet\u0151s\u00e9g<\/p>\n<h3>Gasztron\u00f3mia:<\/h3>\n<p>zalai d\u00f6d\u00f6lle, krumplis pr\u00f3sza, kukorica m\u00e1l\u00e9, a Gyradiko \u00e9tterem g\u00f6r\u00f6g \u00e9telspecialit\u00e1sai, k\u00fcrt\u00f6skal\u00e1cs,\u00a0 a Csillag Cukr\u00e1szda s\u00fctem\u00e9nyei, Rizmajer k\u00e9zm\u0171ves s\u00f6rf\u0151zde<\/p>\n<h3>18 \u00f3r\u00e1t\u00f3l utcab\u00e1l a Maraton Band-del!<\/h3>\n<p>A programokon val\u00f3 r\u00e9szv\u00e9tel ingyenes!<\/p>\n<p>\u00dcnnepelj\u00fck egy\u00fctt a M\u0171vel\u0151d\u00e9si H\u00e1z 50 \u00e9ves \u00e9vfordul\u00f3j\u00e1t!<br \/>\nMinden \u00e9rdekl\u0151d\u0151t szeretettel v\u00e1runk!<\/p>\n","protected":false},"excerpt":{"rendered":"<p>\u00dcnnepelj\u00fck egy\u00fctt a M\u0171vel\u0151d\u00e9si H\u00e1z 50 \u00e9ves \u00e9vfordul\u00f3j\u00e1t!<\/p>\n","protected":false},"author":1,"featured_media":349,"comment_status":"open","ping_status":"closed","template":"","meta":[],"tags":[14,21,22,10,13,9,11,19],"tribe_events_cat":[3],"acf":[],"_links":{"self":[{"href":"https:\/\/www.csepelivaroskep.hu\/radnoti\/wp-json\/wp\/v2\/tribe_events\/348"}],"collection":[{"href":"https:\/\/www.csepelivaroskep.hu\/radnoti\/wp-json\/wp\/v2\/tribe_events"}],"about":[{"href":"https:\/\/www.csepelivaroskep.hu\/radnoti\/wp-json\/wp\/v2\/types\/tribe_events"}],"author":[{"embeddable":true,"href":"https:\/\/www.csepelivaroskep.hu\/radnoti\/wp-json\/wp\/v2\/users\/1"}],"replies":[{"embeddable":true,"href":"https:\/\/www.csepelivaroskep.hu\/radnoti\/wp-json\/wp\/v2\/comments?post=348"}],"version-history":[{"count":1,"href":"https:\/\/www.csepelivaroskep.hu\/radnoti\/wp-json\/wp\/v2\/tribe_events\/348\/revisions"}],"predecessor-version":[{"id":350,"href":"https:\/\/www.csepelivaroskep.hu\/radnoti\/wp-json\/wp\/v2\/tribe_events\/348\/revisions\/350"}],"wp:featuredmedia":[{"embeddable":true,"href":"https:\/\/www.csepelivaroskep.hu\/radnoti\/wp-json\/wp\/v2\/media\/349"}],"wp:attachment":[{"href":"https:\/\/www.csepelivaroskep.hu\/radnoti\/wp-json\/wp\/v2\/media?parent=348"}],"wp:term":[{"taxonomy":"post_tag","embeddable":true,"href":"https:\/\/www.csepelivaroskep.hu\/radnoti\/wp-json\/wp\/v2\/tags?post=348"},{"taxonomy":"tribe_events_cat","embeddable":true,"href":"https:\/\/www.csepelivaroskep.hu\/radnoti\/wp-json\/wp\/v2\/tribe_events_cat?post=348"}],"curies":[{"name":"wp","href":"https:\/\/api.w.org\/{rel}","templated":true}]}}

Fél évszázad együtt!

<h3>Fél évszázad együtt!</h3>
<h3>Május 25. szombat 10.00-22.00 óráig</h3>
<p>Paprika Jancsi mesél, Rendőri közelharc bemutató, Csepeli Népdal &#8211; és Nótakör, Ünnepélyes szoboravatás, A Csepeli Auth Henrik Fesztivál Fúvószenekar műsora, Görög népzenei koncert és táncház a Pyrgos Együttessel, Megaron Pantomim előadás, A lónak vélt menyasszony &#8211; a Budapesti Utcaszínház előadása, A Botosánka Trió koncertje, Lángosevő verseny.</p>
<p>„Én is idén vagyok 50 éves” : Ikarus 311-es autóbusz, a „gördülő csoda”</p>
<p>Fa körhinta és népi játszótér, Csepeli képzőművészek bemutatója, kiállítások, ismeretterjesztő programok, kézműves-foglalkozások, Logiko-p játszóház, biomasszázs, lovaglási lehetőség</p>
<h3>Gasztronómia:</h3>
<p>zalai dödölle, krumplis prósza, kukorica málé, a Gyradiko étterem görög ételspecialitásai, kürtöskalács,  a Csillag Cukrászda süteményei, Rizmajer kézműves sörfőzde</p>
<h3>18 órától utcabál a Maraton Band-del!</h3>
<p>A programokon való részvétel ingyenes!</p>
<p>Ünnepeljük együtt a Művelődési Ház 50 éves évfordulóját!<br />
Minden érdeklődőt szeretettel várunk!</p>

<p>Ünnepeljük együtt a Művelődési Ház 50 éves évfordulóját!</p>
