{"id":360,"date":"2018-04-27T13:41:12","date_gmt":"2018-04-27T13:41:12","guid":{"rendered":"http:\/\/www.csepelivaroskep.hu\/radnoti\/?post_type=tribe_events&#038;p=360"},"modified":"2018-04-27T13:41:12","modified_gmt":"2018-04-27T13:41:12","slug":"a-gombostutol-a-teherautoig","status":"publish","type":"tribe_events","link":"https:\/\/www.csepelivaroskep.hu\/radnoti\/programok\/a-gombostutol-a-teherautoig\/","title":{"rendered":"A gombost\u0171t\u0151l a teheraut\u00f3ig"},"content":{"rendered":"<p>Csepel, Panni \u00e9s Pann\u00f3nia motorok, varr\u00f3g\u00e9pek &#8211; a Csepel M\u0171vek nagy \u00f6regjei rep\u00edtett\u00e9k vissza az id\u0151ben azokat, akik j\u00falius 20-\u00e1n ell\u00e1togattak a Radn\u00f3ti Mikl\u00f3s M\u0171vel\u0151d\u00e9si H\u00e1zba. A gombost\u0171t\u0151l a teheraut\u00f3ig val\u00f3ban rengeteg, a XX. sz\u00e1zad elej\u00e9r\u0151l \u00e9s az \u00fagynevezett retro-korszakb\u00f3l, a 60-as \u00e9vekb\u0151l sz\u00e1rmaz\u00f3 t\u00e1rggyal ismerkedhettek meg, nosztalgi\u00e1zhattak a csepeliek.<\/p>\n<p>A Csepel M\u0171vekben vagy az ott k\u00e9sz\u00edtett alkatr\u00e9szekb\u0151l el\u0151\u00e1ll\u00edtott kisebb-nagyobb haszn\u00e1lati t\u00e1rgyak, a zen\u00e9s- \u00e9s k\u00e9zm\u0171ves programok Csepel ipari m\u00faltja el\u0151tt tisztelegtek. Az eg\u00e9sznapos csal\u00e1di programon a gyerekekre is gondolt a szervez\u0151 Csepeli V\u00e1rosk\u00e9p Kft.: a rendezv\u00e9ny kezdet\u00e9n r\u00f6gt\u00f6n nekik kedveskedtek Vit\u00e9z L\u00e1szl\u00f3 t\u00f6rt\u00e9net\u00e9vel, amelyet a Fabula B\u00e1bsz\u00ednh\u00e1z tolm\u00e1csolt. T\u00e1rnok Marica b\u00e1bm\u0171v\u00e9sz ez\u00fattal A csepeli kis g\u00f6mb\u00f6c hist\u00f3ri\u00e1jat vezette el\u0151 a t\u0151le megszokott energikus el\u0151ad\u00e1sban. A korh\u0171 hangulatr\u00f3l az Operett-Musical Voices \u00c9nekt\u00e1rsulat \u00e9s a P\u00f3dium Sz\u00ednh\u00e1z gondoskodott. Els\u0151sorban a fi\u00fak, f\u00e9rfiak k\u00f6r\u00e9ben aratott sikert a gombfoci kapural\u00f6v\u0151-verseny, a bunker viszont nemre \u00e9s \u00e9letkorra val\u00f3 tekintet n\u00e9lk\u00fcl elb\u0171v\u00f6lte az \u00e9rdekl\u0151d\u0151ket, akiket egy Csepel teheraut\u00f3 sz\u00e1ll\u00edtott a hamis\u00edtatlan retro helysz\u00ednig.<\/p>\n<p>Sokan megkerest\u00e9k a Hagyom\u00e1ny\u0151rz\u0151 Rend\u0151rsz\u00e1zad tagjait, akik az 1909-ben rendszeres\u00edtett Budapesti \u00c1llamrend\u0151rs\u00e9g \u00e1ltal haszn\u00e1lt altiszti egyenruh\u00e1t viselt\u00e9k. Barta Mih\u00e1ly t\u00f6rzsz\u00e1szl\u00f3s \u00e9s Bogd\u00e1n Andr\u00e1s alezredes elmondt\u00e1k: a gy\u00f6ny\u00f6r\u0171 ruh\u00e1zat a mai kor k\u00f6vetelm\u00e9nyeinek ugyan nem felel meg, de d\u00edsz\u00edt\u00e9se, k\u00fcl\u00f6nlegess\u00e9ge mindenki tetsz\u00e9s\u00e9t elnyerte.<\/p>\n<p>Az izgalmas programokhoz \u00e9s a finom falatokhoz j\u00f3 zene duk\u00e1l: a Retro Team \u00e9s a Standard Band Hungary retro sl\u00e1gerei j\u00f3l estek a k\u00e9zm\u0171ves s\u00f6r \u00e9s a guly\u00e1sleves, r\u00e9tes mell\u00e9. A csillagtelepi id\u0151utaz\u00e1s nem csak a r\u00e9sztvev\u0151ket kov\u00e1csolta \u00f6ssze, a ki\u00e1ll\u00edtott t\u00e1rgyak legnagyobb r\u00e9sz\u00e9t csepeliek aj\u00e1nlott\u00e1k fel, eml\u00e9keikkel, t\u00f6rt\u00e9neteikkel alak\u00edtott\u00e1k a kezdem\u00e9nyez\u00e9s arculat\u00e1t. Z\u00e1mb\u00f3 K\u00e1roly is, aki Pann\u00f3nia P10-es motorj\u00e1t ismertette meg az \u00e9rdekl\u0151d\u0151kkel. A b\u00fcszke tulajdonos elmondta: a 46 \u00e9ves \u00f6r\u00f6kifj\u00fa veter\u00e1n nem ig\u00e9nyel k\u00fcl\u00f6nleges odafigyel\u00e9st, de mindennap m\u00e1r nem haszn\u00e1lja, kor\u00e1n\u00e1l fogva is k\u00edm\u00e9li.<em>\u00a0&#8220;Hogy mi a var\u00e1zsa? M\u00e1r a hangja is egy csoda. A mi gener\u00e1ci\u00f3nk ezzel indult el az utakon \u00e9s az\u00f3ta is gy\u00f6ny\u00f6r\u0171en m\u0171k\u00f6dnek. Kell enn\u00e9l t\u00f6bb?&#8221;<\/em><\/p>\n<p>&nbsp;<\/p>\n<p><strong>Ezeknek a g\u00e9peknek m\u00e9g lelk\u00fck van<\/strong><\/p>\n<p>Moln\u00e1r Kriszti\u00e1n m\u0171vel\u0151d\u00e9sszervez\u0151vel, az esem\u00e9ny egyik motorj\u00e1val mozgat\u00f3rug\u00f3kr\u00f3l, r\u00e1di\u00f3kr\u00f3l \u00e9s a fogyaszt\u00f3i t\u00e1rsadalomr\u00f3l besz\u00e9lgett\u00fcnk.<\/p>\n<p><em>&#8211; Hogyan j\u00f6tt az \u00f6tlet, hogy egy nap a Csepel M\u0171vekr\u0151l \u00e9s annak f\u00e9nykor\u00e1r\u00f3l sz\u00f3ljon?<\/em><\/p>\n<p>&#8211; Tavaly a n\u00e9pm\u0171v\u00e9szetet, a n\u00e9pi mesters\u00e9geket \u00fcnnepelt\u00fck, arra gondoltam, id\u00e9n a kronol\u00f3gia jegy\u00e9ben a Csepel M\u0171veket \u00e1ll\u00edtjuk a k\u00f6z\u00e9ppontba. Nonszensz, hogy rengeteg olyan esem\u00e9ny van, amely a veter\u00e1n k\u00f6zleked\u00e9si eszk\u00f6z\u00f6kre \u00e9p\u00edt, Csepelen pedig, ahol ezek k\u00e9sz\u00fcltek, itt pedig m\u00e9g nem volt hasonl\u00f3 rendezv\u00e9ny.<\/p>\n<p><em>&#8211; Nem csak a hivat\u00e1sos szervez\u0151k \u00e9rdeme a siker&#8230;<\/em><\/p>\n<p>&#8211; Van itt egy \u00far, aki ha b\u00e1rmilyen helyt\u00f6rt\u00e9neti k\u00e9rd\u00e9s felmer\u00fcl, sz\u00edvesen seg\u00edt nek\u00fcnk. Azt veszem \u00e9szre, gyakran egym\u00e1sra se n\u00e9z\u00fcnk, \u00fagy megy\u00fcnk el egym\u00e1s mellett. De ha megvan a csatlakoz\u00e1si pont &#8211; jelen esetben Csepel &#8211; akkor komoly eredm\u00e9nyekre vagyunk k\u00e9pesek. A ki\u00e1ll\u00edtott eszk\u00f6z\u00f6k legnagyobb r\u00e9sz\u00e9t csepeliek aj\u00e1nlott\u00e1k fel. Sok seg\u00edt\u0151nk volt: egy \u00far, aki k\u00e9t \u00e9vtizeden \u00e1t volt a varr\u00f3g\u00e9pgy\u00e1r vezet\u0151je, egy h\u00f6lgy, akinek a nagypap\u00e1ja a Weiss Manfr\u00e9d t\u00e1bori mozg\u00f3konyh\u00e1k fejleszt\u00e9s\u00e9ben vett r\u00e9szt \u00e9s olyanok is j\u00f6ttek, akik idegurultak a veter\u00e1n motorokkal, hogy bemutass\u00e1k \u0151ket.<\/p>\n<p><em>&#8211; Kiknek sz\u00f3l a rendezv\u00e9ny?<\/em><\/p>\n<p>&#8211; Els\u0151sorban nem a klasszikus veter\u00e1n-rajong\u00f3knak. Az a c\u00e9l, hogy a gyerekek, a fiatalok megismerj\u00e9k ezeket a m\u00e9g ma is haszn\u00e1lhat\u00f3, j\u00f3 min\u0151s\u00e9g\u0171 eszk\u00f6z\u00f6ket. Sajnos nagyon sok fiatal nem tudja, hogy Csepel milyen komoly ipari m\u00falttal rendelkezik. De volt m\u00e1s c\u00e9l is. A varr\u00f3g\u00e9peket ki is lehet pr\u00f3b\u00e1lni, ak\u00e1r \u00e9lesben, anyaggal, ak\u00e1r pr\u00f3bak\u00e9nt \u00fajs\u00e1gpap\u00edrral. Szeretem, amikor a technika vil\u00e1g\u00e1nak embere r\u00e1j\u00f6n, hogy a sz\u00e1m\u00edt\u00f3g\u00e9p el\u0151tt is volt \u00e9let. Hogy valamit \u00fagy is el lehet k\u00e9sz\u00edteni, kell\u0151 t\u00fcrelemmel, rengeteg munk\u00e1val, rafin\u00e9ri\u00e1val \u00e9s szaktud\u00e1ssal, hogy nem kell hozz\u00e1 elektromoss\u00e1g. A fiatalok szempontj\u00e1b\u00f3l ezt nagyon fontosnak tartom, az id\u0151seknek pedig meg szerett\u00fck volna adni a nosztalgi\u00e1z\u00e1s lehet\u0151s\u00e9g\u00e9t.<\/p>\n<p><em>&#8211; A ki\u00e1ll\u00edt\u00f3t\u00e9rben egy \u00far egy oldalkocsis motort n\u00e9zegetve fels\u00f3hajtott: &#8220;Igen, ezeknek a g\u00e9peknek m\u00e9g lelk\u00fck van.&#8221; Val\u00f3ban \u00edgy van?<\/em><\/p>\n<p>&#8211; Mindennek lelke van, amit ember rakott \u00f6ssze, mert az ember egy kicsit a lelk\u00e9t is beleszereli ezekbe az eszk\u00f6z\u00f6kbe. Ha megn\u00e9z\u00fck p\u00e9ld\u00e1ul egy ki\u00e1ll\u00edtott r\u00e1di\u00f3t, m\u00e1r a k\u00fclsej\u00e9n is l\u00e1tszik a beletett energia, a szaktud\u00e1s. Nem kedvelem a fogyaszt\u00f3i t\u00e1rsadalmat. Itt ma minden arr\u00f3l tan\u00faskodik, hogy egy r\u00e1di\u00f3, egy varr\u00f3g\u00e9p 50-60 \u00e9v ut\u00e1n is lehet haszn\u00e1lni.<\/p>\n<p>&nbsp;<\/p>\n<p>Angel Marianna &#8211; Csepel.hu<\/p>\n<p>Fot\u00f3: Hal\u00e1szi Vilmos<\/p>\n","protected":false},"excerpt":{"rendered":"<p>Az ipar sz\u00fclet\u00e9se \u00e9s vir\u00e1gz\u00e1sa Csepelen<\/p>\n","protected":false},"author":1,"featured_media":361,"comment_status":"open","ping_status":"closed","template":"","meta":[],"tags":[14,22,13,9,11],"tribe_events_cat":[3],"acf":[],"_links":{"self":[{"href":"https:\/\/www.csepelivaroskep.hu\/radnoti\/wp-json\/wp\/v2\/tribe_events\/360"}],"collection":[{"href":"https:\/\/www.csepelivaroskep.hu\/radnoti\/wp-json\/wp\/v2\/tribe_events"}],"about":[{"href":"https:\/\/www.csepelivaroskep.hu\/radnoti\/wp-json\/wp\/v2\/types\/tribe_events"}],"author":[{"embeddable":true,"href":"https:\/\/www.csepelivaroskep.hu\/radnoti\/wp-json\/wp\/v2\/users\/1"}],"replies":[{"embeddable":true,"href":"https:\/\/www.csepelivaroskep.hu\/radnoti\/wp-json\/wp\/v2\/comments?post=360"}],"version-history":[{"count":1,"href":"https:\/\/www.csepelivaroskep.hu\/radnoti\/wp-json\/wp\/v2\/tribe_events\/360\/revisions"}],"predecessor-version":[{"id":362,"href":"https:\/\/www.csepelivaroskep.hu\/radnoti\/wp-json\/wp\/v2\/tribe_events\/360\/revisions\/362"}],"wp:featuredmedia":[{"embeddable":true,"href":"https:\/\/www.csepelivaroskep.hu\/radnoti\/wp-json\/wp\/v2\/media\/361"}],"wp:attachment":[{"href":"https:\/\/www.csepelivaroskep.hu\/radnoti\/wp-json\/wp\/v2\/media?parent=360"}],"wp:term":[{"taxonomy":"post_tag","embeddable":true,"href":"https:\/\/www.csepelivaroskep.hu\/radnoti\/wp-json\/wp\/v2\/tags?post=360"},{"taxonomy":"tribe_events_cat","embeddable":true,"href":"https:\/\/www.csepelivaroskep.hu\/radnoti\/wp-json\/wp\/v2\/tribe_events_cat?post=360"}],"curies":[{"name":"wp","href":"https:\/\/api.w.org\/{rel}","templated":true}]}}

A gombostűtől a teherautóig

<p>Csepel, Panni és Pannónia motorok, varrógépek &#8211; a Csepel Művek nagy öregjei repítették vissza az időben azokat, akik július 20-án ellátogattak a Radnóti Miklós Művelődési Házba. A gombostűtől a teherautóig valóban rengeteg, a XX. század elejéről és az úgynevezett retro-korszakból, a 60-as évekből származó tárggyal ismerkedhettek meg, nosztalgiázhattak a csepeliek.</p>
<p>A Csepel Művekben vagy az ott készített alkatrészekből előállított kisebb-nagyobb használati tárgyak, a zenés- és kézműves programok Csepel ipari múltja előtt tisztelegtek. Az egésznapos családi programon a gyerekekre is gondolt a szervező Csepeli Városkép Kft.: a rendezvény kezdetén rögtön nekik kedveskedtek Vitéz László történetével, amelyet a Fabula Bábszínház tolmácsolt. Tárnok Marica bábművész ezúttal A csepeli kis gömböc históriájat vezette elő a tőle megszokott energikus előadásban. A korhű hangulatról az Operett-Musical Voices Énektársulat és a Pódium Színház gondoskodott. Elsősorban a fiúk, férfiak körében aratott sikert a gombfoci kapuralövő-verseny, a bunker viszont nemre és életkorra való tekintet nélkül elbűvölte az érdeklődőket, akiket egy Csepel teherautó szállított a hamisítatlan retro helyszínig.</p>
<p>Sokan megkeresték a Hagyományőrző Rendőrszázad tagjait, akik az 1909-ben rendszeresített Budapesti Államrendőrség által használt altiszti egyenruhát viselték. Barta Mihály törzszászlós és Bogdán András alezredes elmondták: a gyönyörű ruházat a mai kor követelményeinek ugyan nem felel meg, de díszítése, különlegessége mindenki tetszését elnyerte.</p>
<p>Az izgalmas programokhoz és a finom falatokhoz jó zene dukál: a Retro Team és a Standard Band Hungary retro slágerei jól estek a kézműves sör és a gulyásleves, rétes mellé. A csillagtelepi időutazás nem csak a résztvevőket kovácsolta össze, a kiállított tárgyak legnagyobb részét csepeliek ajánlották fel, emlékeikkel, történeteikkel alakították a kezdeményezés arculatát. Zámbó Károly is, aki Pannónia P10-es motorját ismertette meg az érdeklődőkkel. A büszke tulajdonos elmondta: a 46 éves örökifjú veterán nem igényel különleges odafigyelést, de mindennap már nem használja, koránál fogva is kíméli.<em> &#8220;Hogy mi a varázsa? Már a hangja is egy csoda. A mi generációnk ezzel indult el az utakon és azóta is gyönyörűen működnek. Kell ennél több?&#8221;</em></p>
<p>&nbsp;</p>
<p><strong>Ezeknek a gépeknek még lelkük van</strong></p>
<p>Molnár Krisztián művelődésszervezővel, az esemény egyik motorjával mozgatórugókról, rádiókról és a fogyasztói társadalomról beszélgettünk.</p>
<p><em>&#8211; Hogyan jött az ötlet, hogy egy nap a Csepel Művekről és annak fénykoráról szóljon?</em></p>
<p>&#8211; Tavaly a népművészetet, a népi mesterségeket ünnepeltük, arra gondoltam, idén a kronológia jegyében a Csepel Műveket állítjuk a középpontba. Nonszensz, hogy rengeteg olyan esemény van, amely a veterán közlekedési eszközökre épít, Csepelen pedig, ahol ezek készültek, itt pedig még nem volt hasonló rendezvény.</p>
<p><em>&#8211; Nem csak a hivatásos szervezők érdeme a siker&#8230;</em></p>
<p>&#8211; Van itt egy úr, aki ha bármilyen helytörténeti kérdés felmerül, szívesen segít nekünk. Azt veszem észre, gyakran egymásra se nézünk, úgy megyünk el egymás mellett. De ha megvan a csatlakozási pont &#8211; jelen esetben Csepel &#8211; akkor komoly eredményekre vagyunk képesek. A kiállított eszközök legnagyobb részét csepeliek ajánlották fel. Sok segítőnk volt: egy úr, aki két évtizeden át volt a varrógépgyár vezetője, egy hölgy, akinek a nagypapája a Weiss Manfréd tábori mozgókonyhák fejlesztésében vett részt és olyanok is jöttek, akik idegurultak a veterán motorokkal, hogy bemutassák őket.</p>
<p><em>&#8211; Kiknek szól a rendezvény?</em></p>
<p>&#8211; Elsősorban nem a klasszikus veterán-rajongóknak. Az a cél, hogy a gyerekek, a fiatalok megismerjék ezeket a még ma is használható, jó minőségű eszközöket. Sajnos nagyon sok fiatal nem tudja, hogy Csepel milyen komoly ipari múlttal rendelkezik. De volt más cél is. A varrógépeket ki is lehet próbálni, akár élesben, anyaggal, akár próbaként újságpapírral. Szeretem, amikor a technika világának embere rájön, hogy a számítógép előtt is volt élet. Hogy valamit úgy is el lehet készíteni, kellő türelemmel, rengeteg munkával, rafinériával és szaktudással, hogy nem kell hozzá elektromosság. A fiatalok szempontjából ezt nagyon fontosnak tartom, az időseknek pedig meg szerettük volna adni a nosztalgiázás lehetőségét.</p>
<p><em>&#8211; A kiállítótérben egy úr egy oldalkocsis motort nézegetve felsóhajtott: &#8220;Igen, ezeknek a gépeknek még lelkük van.&#8221; Valóban így van?</em></p>
<p>&#8211; Mindennek lelke van, amit ember rakott össze, mert az ember egy kicsit a lelkét is beleszereli ezekbe az eszközökbe. Ha megnézük például egy kiállított rádiót, már a külsején is látszik a beletett energia, a szaktudás. Nem kedvelem a fogyasztói társadalmat. Itt ma minden arról tanúskodik, hogy egy rádió, egy varrógép 50-60 év után is lehet használni.</p>
<p>&nbsp;</p>
<p>Angel Marianna &#8211; Csepel.hu</p>
<p>Fotó: Halászi Vilmos</p>

<p>Az ipar születése és virágzása Csepelen</p>
