{"id":369,"date":"2018-05-07T15:33:36","date_gmt":"2018-05-07T15:33:36","guid":{"rendered":"http:\/\/www.csepelivaroskep.hu\/radnoti\/?post_type=tribe_events&#038;p=369"},"modified":"2018-05-07T15:35:55","modified_gmt":"2018-05-07T15:35:55","slug":"szent-istvan-unnepe","status":"publish","type":"tribe_events","link":"https:\/\/www.csepelivaroskep.hu\/radnoti\/programok\/szent-istvan-unnepe\/","title":{"rendered":"Szent Istv\u00e1n \u00fcnnepe"},"content":{"rendered":"<p>Szent Istv\u00e1n \u00fcnnepe Csepelen<br \/>\nEg\u00e9sz napos csal\u00e1di program a Daru dombon<\/p>\n<p>Program:<br \/>\n10.00 Mirk\u00f3 kir\u00e1ly &#8211; a Magyar N\u00e9pmese Sz\u00ednh\u00e1z zen\u00e9s el\u0151ad\u00e1sa<br \/>\n11.00 \u0150si el\u0151deink c\u00edm\u0171 szoborkompoz\u00edci\u00f3 leleplez\u00e9se<br \/>\nAvat\u00f3besz\u00e9det mond: Tarl\u00f3s Istv\u00e1n Budapest F\u0151polg\u00e1rmestere<br \/>\n11.15 Honfoglal\u00e1s kori \u00e9letm\u00f3d-bemutat\u00f3<br \/>\n12.15 S\u00f3lyomr\u00f6ptet\u00e9s<br \/>\n12.30 \u00dcnnepi keny\u00e9rszentel\u00e9s<br \/>\n13.00 A Fekete Sereg fegyverzet\u00e9nek bemutat\u00f3ja<br \/>\n13.30 M\u00e1ty\u00e1s kir\u00e1ly juh\u00e1sza &#8211; a Budapesti Utcasz\u00ednh\u00e1z el\u0151ad\u00e1sa<br \/>\n14.30 Magyar n\u00e9pzenei koncert a G\u00e1zsa zenekarral. Fell\u00e9p a Csepel T\u00e1ncegy\u00fcttes<br \/>\n15.30 Magyar kutyafajt\u00e1k bemutat\u00f3ja<br \/>\n16.30 Magyar n\u00e9pmes\u00e9k &#8211; T\u00e1rnok Marica b\u00e1bm\u0171v\u00e9sz el\u0151ad\u00e1sa<br \/>\n17.00 N\u00e9pszer\u0171 dallamok &#8211; Istv\u00e1n, a kir\u00e1ly, Kormor\u00e1n dalok<br \/>\n18.00 Kuruc toborz\u00f3 &#8211; a Kuruc Hagyom\u00e1ny\u0151rz\u0151 Egyes\u00fclet bemutat\u00f3ja<br \/>\n18.45 BASIC FACES egy\u00fcttes (Nagyszalonta) koncertje<br \/>\n19.45 LORD egy\u00fcttes koncertje<br \/>\n21.15 T\u0171zij\u00e1t\u00e9k<\/p>\n<p>Gaszton\u00f3mia: magyaros \u00e9telek, k\u00fcrt\u00f6skal\u00e1cs, csapolt s\u00f6r<\/p>\n<p>Mindenkit szeretettel v\u00e1runk!<\/p>\n<p>Budapest XXI. Ker\u00fclet Csepel \u00d6nkorm\u00e1nyzata<\/p>\n","protected":false},"excerpt":{"rendered":"<p>Eg\u00e9sz napos csal\u00e1di program a Daru dombon<\/p>\n","protected":false},"author":1,"featured_media":372,"comment_status":"closed","ping_status":"closed","template":"","meta":[],"tags":[17,14,21,22,13],"tribe_events_cat":[26],"acf":[],"_links":{"self":[{"href":"https:\/\/www.csepelivaroskep.hu\/radnoti\/wp-json\/wp\/v2\/tribe_events\/369"}],"collection":[{"href":"https:\/\/www.csepelivaroskep.hu\/radnoti\/wp-json\/wp\/v2\/tribe_events"}],"about":[{"href":"https:\/\/www.csepelivaroskep.hu\/radnoti\/wp-json\/wp\/v2\/types\/tribe_events"}],"author":[{"embeddable":true,"href":"https:\/\/www.csepelivaroskep.hu\/radnoti\/wp-json\/wp\/v2\/users\/1"}],"replies":[{"embeddable":true,"href":"https:\/\/www.csepelivaroskep.hu\/radnoti\/wp-json\/wp\/v2\/comments?post=369"}],"version-history":[{"count":1,"href":"https:\/\/www.csepelivaroskep.hu\/radnoti\/wp-json\/wp\/v2\/tribe_events\/369\/revisions"}],"predecessor-version":[{"id":370,"href":"https:\/\/www.csepelivaroskep.hu\/radnoti\/wp-json\/wp\/v2\/tribe_events\/369\/revisions\/370"}],"wp:featuredmedia":[{"embeddable":true,"href":"https:\/\/www.csepelivaroskep.hu\/radnoti\/wp-json\/wp\/v2\/media\/372"}],"wp:attachment":[{"href":"https:\/\/www.csepelivaroskep.hu\/radnoti\/wp-json\/wp\/v2\/media?parent=369"}],"wp:term":[{"taxonomy":"post_tag","embeddable":true,"href":"https:\/\/www.csepelivaroskep.hu\/radnoti\/wp-json\/wp\/v2\/tags?post=369"},{"taxonomy":"tribe_events_cat","embeddable":true,"href":"https:\/\/www.csepelivaroskep.hu\/radnoti\/wp-json\/wp\/v2\/tribe_events_cat?post=369"}],"curies":[{"name":"wp","href":"https:\/\/api.w.org\/{rel}","templated":true}]}}

Szent István ünnepe

<p>Szent István ünnepe Csepelen<br />
Egész napos családi program a Daru dombon</p>
<p>Program:<br />
10.00 Mirkó király &#8211; a Magyar Népmese Színház zenés előadása<br />
11.00 Ősi elődeink című szoborkompozíció leleplezése<br />
Avatóbeszédet mond: Tarlós István Budapest Főpolgármestere<br />
11.15 Honfoglalás kori életmód-bemutató<br />
12.15 Sólyomröptetés<br />
12.30 Ünnepi kenyérszentelés<br />
13.00 A Fekete Sereg fegyverzetének bemutatója<br />
13.30 Mátyás király juhásza &#8211; a Budapesti Utcaszínház előadása<br />
14.30 Magyar népzenei koncert a Gázsa zenekarral. Fellép a Csepel Táncegyüttes<br />
15.30 Magyar kutyafajták bemutatója<br />
16.30 Magyar népmesék &#8211; Tárnok Marica bábművész előadása<br />
17.00 Népszerű dallamok &#8211; István, a király, Kormorán dalok<br />
18.00 Kuruc toborzó &#8211; a Kuruc Hagyományőrző Egyesület bemutatója<br />
18.45 BASIC FACES együttes (Nagyszalonta) koncertje<br />
19.45 LORD együttes koncertje<br />
21.15 Tűzijáték</p>
<p>Gasztonómia: magyaros ételek, kürtöskalács, csapolt sör</p>
<p>Mindenkit szeretettel várunk!</p>
<p>Budapest XXI. Kerület Csepel Önkormányzata</p>

<p>Egész napos családi program a Daru dombon</p>
