{"id":373,"date":"2018-05-07T15:38:56","date_gmt":"2018-05-07T15:38:56","guid":{"rendered":"http:\/\/www.csepelivaroskep.hu\/radnoti\/?post_type=tribe_events&#038;p=373"},"modified":"2018-05-07T15:38:56","modified_gmt":"2018-05-07T15:38:56","slug":"a-gorog-dal-napja","status":"publish","type":"tribe_events","link":"https:\/\/www.csepelivaroskep.hu\/radnoti\/programok\/a-gorog-dal-napja\/","title":{"rendered":"A G\u00f6r\u00f6g Dal Napja"},"content":{"rendered":"<p>\u00c9l\u0151 zen\u00e9s t\u00e1ncoktat\u00e1s a Csepeli G\u00f6r\u00f6g \u00d6nkorm\u00e1nyzat szervez\u00e9s\u00e9ben<\/p>\n<p>Fell\u00e9p\u0151k: Stefanidu Janula \u00e9s zenekara, Sarandis Mandzurakis, \u00e9s a Mydros Zenekar<\/p>\n<p>A bel\u00e9p\u00e9s ingyenes!<\/p>\n","protected":false},"excerpt":{"rendered":"<p>G\u00f6r\u00f6g fell\u00e9p\u0151kkel<\/p>\n","protected":false},"author":1,"featured_media":374,"comment_status":"closed","ping_status":"closed","template":"","meta":[],"tags":[14,22,13,19],"tribe_events_cat":[3],"acf":[],"_links":{"self":[{"href":"https:\/\/www.csepelivaroskep.hu\/radnoti\/wp-json\/wp\/v2\/tribe_events\/373"}],"collection":[{"href":"https:\/\/www.csepelivaroskep.hu\/radnoti\/wp-json\/wp\/v2\/tribe_events"}],"about":[{"href":"https:\/\/www.csepelivaroskep.hu\/radnoti\/wp-json\/wp\/v2\/types\/tribe_events"}],"author":[{"embeddable":true,"href":"https:\/\/www.csepelivaroskep.hu\/radnoti\/wp-json\/wp\/v2\/users\/1"}],"replies":[{"embeddable":true,"href":"https:\/\/www.csepelivaroskep.hu\/radnoti\/wp-json\/wp\/v2\/comments?post=373"}],"version-history":[{"count":1,"href":"https:\/\/www.csepelivaroskep.hu\/radnoti\/wp-json\/wp\/v2\/tribe_events\/373\/revisions"}],"predecessor-version":[{"id":375,"href":"https:\/\/www.csepelivaroskep.hu\/radnoti\/wp-json\/wp\/v2\/tribe_events\/373\/revisions\/375"}],"wp:featuredmedia":[{"embeddable":true,"href":"https:\/\/www.csepelivaroskep.hu\/radnoti\/wp-json\/wp\/v2\/media\/374"}],"wp:attachment":[{"href":"https:\/\/www.csepelivaroskep.hu\/radnoti\/wp-json\/wp\/v2\/media?parent=373"}],"wp:term":[{"taxonomy":"post_tag","embeddable":true,"href":"https:\/\/www.csepelivaroskep.hu\/radnoti\/wp-json\/wp\/v2\/tags?post=373"},{"taxonomy":"tribe_events_cat","embeddable":true,"href":"https:\/\/www.csepelivaroskep.hu\/radnoti\/wp-json\/wp\/v2\/tribe_events_cat?post=373"}],"curies":[{"name":"wp","href":"https:\/\/api.w.org\/{rel}","templated":true}]}}

A Görög Dal Napja

<p>Élő zenés táncoktatás a Csepeli Görög Önkormányzat szervezésében</p>
<p>Fellépők: Stefanidu Janula és zenekara, Sarandis Mandzurakis, és a Mydros Zenekar</p>
<p>A belépés ingyenes!</p>

<p>Görög fellépőkkel</p>
