{"id":381,"date":"2018-05-07T15:51:08","date_gmt":"2018-05-07T15:51:08","guid":{"rendered":"http:\/\/www.csepelivaroskep.hu\/radnoti\/?post_type=tribe_events&#038;p=381"},"modified":"2018-05-07T15:51:08","modified_gmt":"2018-05-07T15:51:08","slug":"ingyenes-bemutato-orak","status":"publish","type":"tribe_events","link":"https:\/\/www.csepelivaroskep.hu\/radnoti\/programok\/ingyenes-bemutato-orak\/","title":{"rendered":"Ingyenes bemutat\u00f3 \u00f3r\u00e1k"},"content":{"rendered":"<p>Gyere el \u00e9s pr\u00f3b\u00e1ld ki magad ak\u00e1r t\u00f6bb tanfolyamon is!<\/p>\n<p>Minden koroszt\u00e1ly sz\u00e1m\u00e1ra k\u00edn\u00e1lunk lehet\u0151s\u00e9get.<\/p>\n","protected":false},"excerpt":{"rendered":"<p>Tal\u00e1ld meg a neked legmegfelel\u0151bb mozg\u00e1sform\u00e1t!<\/p>\n","protected":false},"author":1,"featured_media":382,"comment_status":"closed","ping_status":"closed","template":"","meta":[],"tags":[14,12,21,27,13,28],"tribe_events_cat":[3],"acf":[],"_links":{"self":[{"href":"https:\/\/www.csepelivaroskep.hu\/radnoti\/wp-json\/wp\/v2\/tribe_events\/381"}],"collection":[{"href":"https:\/\/www.csepelivaroskep.hu\/radnoti\/wp-json\/wp\/v2\/tribe_events"}],"about":[{"href":"https:\/\/www.csepelivaroskep.hu\/radnoti\/wp-json\/wp\/v2\/types\/tribe_events"}],"author":[{"embeddable":true,"href":"https:\/\/www.csepelivaroskep.hu\/radnoti\/wp-json\/wp\/v2\/users\/1"}],"replies":[{"embeddable":true,"href":"https:\/\/www.csepelivaroskep.hu\/radnoti\/wp-json\/wp\/v2\/comments?post=381"}],"version-history":[{"count":1,"href":"https:\/\/www.csepelivaroskep.hu\/radnoti\/wp-json\/wp\/v2\/tribe_events\/381\/revisions"}],"predecessor-version":[{"id":383,"href":"https:\/\/www.csepelivaroskep.hu\/radnoti\/wp-json\/wp\/v2\/tribe_events\/381\/revisions\/383"}],"wp:featuredmedia":[{"embeddable":true,"href":"https:\/\/www.csepelivaroskep.hu\/radnoti\/wp-json\/wp\/v2\/media\/382"}],"wp:attachment":[{"href":"https:\/\/www.csepelivaroskep.hu\/radnoti\/wp-json\/wp\/v2\/media?parent=381"}],"wp:term":[{"taxonomy":"post_tag","embeddable":true,"href":"https:\/\/www.csepelivaroskep.hu\/radnoti\/wp-json\/wp\/v2\/tags?post=381"},{"taxonomy":"tribe_events_cat","embeddable":true,"href":"https:\/\/www.csepelivaroskep.hu\/radnoti\/wp-json\/wp\/v2\/tribe_events_cat?post=381"}],"curies":[{"name":"wp","href":"https:\/\/api.w.org\/{rel}","templated":true}]}}

Ingyenes bemutató órák

<p>Gyere el és próbáld ki magad akár több tanfolyamon is!</p>
<p>Minden korosztály számára kínálunk lehetőséget.</p>

<p>Találd meg a neked legmegfelelőbb mozgásformát!</p>
