{"id":384,"date":"2018-05-07T15:53:00","date_gmt":"2018-05-07T15:53:00","guid":{"rendered":"http:\/\/www.csepelivaroskep.hu\/radnoti\/?post_type=tribe_events&#038;p=384"},"modified":"2018-05-07T15:53:00","modified_gmt":"2018-05-07T15:53:00","slug":"10-eves-a-gorog-tanchaz","status":"publish","type":"tribe_events","link":"https:\/\/www.csepelivaroskep.hu\/radnoti\/programok\/10-eves-a-gorog-tanchaz\/","title":{"rendered":"10 \u00e9ves a G\u00f6r\u00f6g T\u00e1nch\u00e1z"},"content":{"rendered":"<h3>November 30. szombat<br \/>\n18.00-22.00 \u00f3r\u00e1ig<\/h3>\n<p>Jubileumi g\u00e1lam\u0171sor \u00e9s t\u00e1ncoktat\u00e1s a Csepeli G\u00f6r\u00f6g \u00d6nkorm\u00e1nyzat szervez\u00e9s\u00e9ben<\/p>\n<p>Fell\u00e9p t\u00f6bbek k\u00f6z\u00f6tt: Mydros-zenekar \u00e9s az Iliosz t\u00e1ncegy\u00fcttes<\/p>\n<p>A g\u00f6r\u00f6g \u00edzekr\u0151l a GYRADIKO \u00e9tterem gondoskodik.<br \/>\nA bel\u00e9p\u00e9s d\u00edjtalan!<\/p>\n<p>Mindenkit szeretettel v\u00e1runk!<\/p>\n","protected":false},"excerpt":{"rendered":"<p>Jubileumi g\u00e1lam\u0171sor<\/p>\n","protected":false},"author":1,"featured_media":385,"comment_status":"closed","ping_status":"closed","template":"","meta":[],"tags":[14,22,27,13,19],"tribe_events_cat":[3],"acf":[],"_links":{"self":[{"href":"https:\/\/www.csepelivaroskep.hu\/radnoti\/wp-json\/wp\/v2\/tribe_events\/384"}],"collection":[{"href":"https:\/\/www.csepelivaroskep.hu\/radnoti\/wp-json\/wp\/v2\/tribe_events"}],"about":[{"href":"https:\/\/www.csepelivaroskep.hu\/radnoti\/wp-json\/wp\/v2\/types\/tribe_events"}],"author":[{"embeddable":true,"href":"https:\/\/www.csepelivaroskep.hu\/radnoti\/wp-json\/wp\/v2\/users\/1"}],"replies":[{"embeddable":true,"href":"https:\/\/www.csepelivaroskep.hu\/radnoti\/wp-json\/wp\/v2\/comments?post=384"}],"version-history":[{"count":1,"href":"https:\/\/www.csepelivaroskep.hu\/radnoti\/wp-json\/wp\/v2\/tribe_events\/384\/revisions"}],"predecessor-version":[{"id":386,"href":"https:\/\/www.csepelivaroskep.hu\/radnoti\/wp-json\/wp\/v2\/tribe_events\/384\/revisions\/386"}],"wp:featuredmedia":[{"embeddable":true,"href":"https:\/\/www.csepelivaroskep.hu\/radnoti\/wp-json\/wp\/v2\/media\/385"}],"wp:attachment":[{"href":"https:\/\/www.csepelivaroskep.hu\/radnoti\/wp-json\/wp\/v2\/media?parent=384"}],"wp:term":[{"taxonomy":"post_tag","embeddable":true,"href":"https:\/\/www.csepelivaroskep.hu\/radnoti\/wp-json\/wp\/v2\/tags?post=384"},{"taxonomy":"tribe_events_cat","embeddable":true,"href":"https:\/\/www.csepelivaroskep.hu\/radnoti\/wp-json\/wp\/v2\/tribe_events_cat?post=384"}],"curies":[{"name":"wp","href":"https:\/\/api.w.org\/{rel}","templated":true}]}}

10 éves a Görög Táncház

<h3>November 30. szombat<br />
18.00-22.00 óráig</h3>
<p>Jubileumi gálaműsor és táncoktatás a Csepeli Görög Önkormányzat szervezésében</p>
<p>Fellép többek között: Mydros-zenekar és az Iliosz táncegyüttes</p>
<p>A görög ízekről a GYRADIKO étterem gondoskodik.<br />
A belépés díjtalan!</p>
<p>Mindenkit szeretettel várunk!</p>

<p>Jubileumi gálaműsor</p>
