{"id":390,"date":"2018-05-07T15:57:49","date_gmt":"2018-05-07T15:57:49","guid":{"rendered":"http:\/\/www.csepelivaroskep.hu\/radnoti\/?post_type=tribe_events&#038;p=390"},"modified":"2018-05-07T15:57:49","modified_gmt":"2018-05-07T15:57:49","slug":"marton-napi-vigassagok-2","status":"publish","type":"tribe_events","link":"https:\/\/www.csepelivaroskep.hu\/radnoti\/programok\/marton-napi-vigassagok-2\/","title":{"rendered":"M\u00e1rton napi vigass\u00e1gok"},"content":{"rendered":"<h3>M\u00e1rton napi v\u00edgass\u00e1gok Csepelen<\/h3>\n<h3>2013. november 10. vas\u00e1rnap<\/h3>\n<h3>PROGRAMOK:<\/h3>\n<p>9.30 Liba sz\u00e9ps\u00e9gverseny<br \/>\n10.15 Csih\u00e1ny cs\u00edpte sz\u00e9kely mes\u00e9k &#8211; Csernik Szende l\u00e1bb\u00e1bos gyermekel\u0151ad\u00e1sa<br \/>\n11.00 M\u00e1rton Tours &#8211; M\u00e1rton feln\u0151tt\u00e9 \u00e9r\u00e9se &#8211; Glaudius T\u00f6rt\u00e9nelmi Hagyom\u00e1ny\u0151rz\u0151 Egyes\u00fclet m\u0171sora<br \/>\n12.00 P\u00e1rnacsata<br \/>\n12.15 Tollfoszt\u00f3 a Csepeli Mosolyg\u00f3 Dalk\u00f6rrel<br \/>\n12.30 L\u00fadg\u00e9ge &#8211; t\u00e9sztak\u00e9sz\u00edt\u0151 verseny<br \/>\n13.00 L\u00fadas Matyi &#8211; Budapesti Utcasz\u00ednh\u00e1z el\u0151ad\u00e1sa<br \/>\n14.00 Hangszerek a vil\u00e1g minden t\u00e1j\u00e1r\u00f3l &#8211; Ethnosound hangszerbemutat\u00f3, hangszersimogat\u00f3<br \/>\n15.00 Moldvai cs\u00e1ng\u00f3 t\u00e1nch\u00e1z a Botos\u00e1nka Tri\u00f3val<br \/>\n16.00 Fell\u00e9p a Csepeli N\u00e9met Nemzetis\u00e9gi T\u00e1ncegy\u00fcttes, tang\u00f3harmonik\u00e1n k\u00eds\u00e9r Kaltenecker G\u00e1bor<br \/>\n16.30 &#8220;Szent M\u00e1rtonnak \u00fcnnep\u00e9n, \u00e9g\u0151 l\u00e1mp\u00e1st viszek \u00e9n!&#8221; &#8211; zen\u00e9s, lampionos felvonul\u00e1s a m\u0171vel\u0151d\u00e9si h\u00e1z k\u00f6r\u00fcl<\/p>\n<h3>HAGYOM\u00c1NY\u0150RZ\u00c9S:<\/h3>\n<p>\u00c1llatbemutat\u00f3 &#8211; liba, bagoly, t\u00f6rpeny\u00fal, h\u00e9ja, g\u00f6r\u00e9ny, afrikai t\u00f6rpes\u00fcni<br \/>\nKRAZ h\u00f3kotr\u00f3 &#8211; az FKF Zrt. \u00f6reg harcosa<br \/>\nLogico-p j\u00e1tsz\u00f3h\u00e1z<br \/>\nK\u00e9zm\u0171ves-foglalkoz\u00e1sok:<br \/>\nkrumplipuska libatollb\u00f3l, \u00edr\u00e1s penn\u00e1val<\/p>\n<h3>Hozz magaddal egy 7 dl-es dunsztos \u00fcveget, hogy l\u00e1mp\u00e1st k\u00e9sz\u00edthess a d\u00e9lut\u00e1ni felvonul\u00e1sra!<\/h3>\n<h3>Kedvez\u0151tlen id\u0151j\u00e1r\u00e1s eset\u00e9n minden programot a m\u0171vel\u0151d\u00e9si h\u00e1zban rendez\u00fcnk meg.<\/h3>\n<p>A programokon val\u00f3 r\u00e9szv\u00e9tel d\u00edjtalan, mindenkit szeretettel v\u00e1runk!<\/p>\n<h3>A programv\u00e1ltoz\u00e1s jog\u00e1t fenntartjuk!<\/h3>\n","protected":false},"excerpt":{"rendered":"<p>Eg\u00e9sz napos csal\u00e1di program<\/p>\n","protected":false},"author":1,"featured_media":391,"comment_status":"closed","ping_status":"closed","template":"","meta":[],"tags":[14,16,21,22,29,13,11],"tribe_events_cat":[3],"acf":[],"_links":{"self":[{"href":"https:\/\/www.csepelivaroskep.hu\/radnoti\/wp-json\/wp\/v2\/tribe_events\/390"}],"collection":[{"href":"https:\/\/www.csepelivaroskep.hu\/radnoti\/wp-json\/wp\/v2\/tribe_events"}],"about":[{"href":"https:\/\/www.csepelivaroskep.hu\/radnoti\/wp-json\/wp\/v2\/types\/tribe_events"}],"author":[{"embeddable":true,"href":"https:\/\/www.csepelivaroskep.hu\/radnoti\/wp-json\/wp\/v2\/users\/1"}],"replies":[{"embeddable":true,"href":"https:\/\/www.csepelivaroskep.hu\/radnoti\/wp-json\/wp\/v2\/comments?post=390"}],"version-history":[{"count":1,"href":"https:\/\/www.csepelivaroskep.hu\/radnoti\/wp-json\/wp\/v2\/tribe_events\/390\/revisions"}],"predecessor-version":[{"id":392,"href":"https:\/\/www.csepelivaroskep.hu\/radnoti\/wp-json\/wp\/v2\/tribe_events\/390\/revisions\/392"}],"wp:featuredmedia":[{"embeddable":true,"href":"https:\/\/www.csepelivaroskep.hu\/radnoti\/wp-json\/wp\/v2\/media\/391"}],"wp:attachment":[{"href":"https:\/\/www.csepelivaroskep.hu\/radnoti\/wp-json\/wp\/v2\/media?parent=390"}],"wp:term":[{"taxonomy":"post_tag","embeddable":true,"href":"https:\/\/www.csepelivaroskep.hu\/radnoti\/wp-json\/wp\/v2\/tags?post=390"},{"taxonomy":"tribe_events_cat","embeddable":true,"href":"https:\/\/www.csepelivaroskep.hu\/radnoti\/wp-json\/wp\/v2\/tribe_events_cat?post=390"}],"curies":[{"name":"wp","href":"https:\/\/api.w.org\/{rel}","templated":true}]}}

Márton napi vigasságok

<h3>Márton napi vígasságok Csepelen</h3>
<h3>2013. november 10. vasárnap</h3>
<h3>PROGRAMOK:</h3>
<p>9.30 Liba szépségverseny<br />
10.15 Csihány csípte székely mesék &#8211; Csernik Szende lábbábos gyermekelőadása<br />
11.00 Márton Tours &#8211; Márton felnőtté érése &#8211; Glaudius Történelmi Hagyományőrző Egyesület műsora<br />
12.00 Párnacsata<br />
12.15 Tollfosztó a Csepeli Mosolygó Dalkörrel<br />
12.30 Lúdgége &#8211; tésztakészítő verseny<br />
13.00 Lúdas Matyi &#8211; Budapesti Utcaszínház előadása<br />
14.00 Hangszerek a világ minden tájáról &#8211; Ethnosound hangszerbemutató, hangszersimogató<br />
15.00 Moldvai csángó táncház a Botosánka Trióval<br />
16.00 Fellép a Csepeli Német Nemzetiségi Táncegyüttes, tangóharmonikán kísér Kaltenecker Gábor<br />
16.30 &#8220;Szent Mártonnak ünnepén, égő lámpást viszek én!&#8221; &#8211; zenés, lampionos felvonulás a művelődési ház körül</p>
<h3>HAGYOMÁNYŐRZÉS:</h3>
<p>Állatbemutató &#8211; liba, bagoly, törpenyúl, héja, görény, afrikai törpesüni<br />
KRAZ hókotró &#8211; az FKF Zrt. öreg harcosa<br />
Logico-p játszóház<br />
Kézműves-foglalkozások:<br />
krumplipuska libatollból, írás pennával</p>
<h3>Hozz magaddal egy 7 dl-es dunsztos üveget, hogy lámpást készíthess a délutáni felvonulásra!</h3>
<h3>Kedvezőtlen időjárás esetén minden programot a művelődési házban rendezünk meg.</h3>
<p>A programokon való részvétel díjtalan, mindenkit szeretettel várunk!</p>
<h3>A programváltozás jogát fenntartjuk!</h3>

<p>Egész napos családi program</p>
