{"id":393,"date":"2018-05-07T15:59:49","date_gmt":"2018-05-07T15:59:49","guid":{"rendered":"http:\/\/www.csepelivaroskep.hu\/radnoti\/?post_type=tribe_events&#038;p=393"},"modified":"2018-05-07T15:59:49","modified_gmt":"2018-05-07T15:59:49","slug":"talalkozas-a-mikulassal","status":"publish","type":"tribe_events","link":"https:\/\/www.csepelivaroskep.hu\/radnoti\/programok\/talalkozas-a-mikulassal\/","title":{"rendered":"Tal\u00e1lkoz\u00e1s a Mikul\u00e1ssal"},"content":{"rendered":"<p>December 5. 18 \u00f3rakor<\/p>\n<p>Zen\u00e9s mikul\u00e1sv\u00e1r\u00f3 m\u0171sor a Budapesti P\u00f3dium Sz\u00ednh\u00e1zzal<\/p>\n<p>El\u0151tte 17\u00f3r\u00e1t\u00f3l:<br \/>\nKreat\u00edv m\u00f3ka, hasznos\u00edtsd \u00fajra! K\u00e9zm\u0171ves foglalkoz\u00e1s!<\/p>\n<p>A bel\u00e9p\u0151jegy \u00e1ra: 600 Ft<\/p>\n<p>A csomagjegy \u00e1ra: 600 Ft<\/p>\n<p>A jegyek helyresz\u00f3l\u00f3ak! A helyeket kiz\u00e1r\u00f3lag el\u0151v\u00e1s\u00e1rl\u00e1s eset\u00e9n \u00e1ll m\u00f3dunkban biztos\u00edtani.<\/p>\n","protected":false},"excerpt":{"rendered":"<p>Zen\u00e9s mikul\u00e1sv\u00e1r\u00f3 m\u0171sor a Budapesti P\u00f3dium Sz\u00ednh\u00e1zzal<\/p>\n","protected":false},"author":1,"featured_media":394,"comment_status":"closed","ping_status":"closed","template":"","meta":[],"tags":[14,16,21,22,23,13],"tribe_events_cat":[3],"acf":[],"_links":{"self":[{"href":"https:\/\/www.csepelivaroskep.hu\/radnoti\/wp-json\/wp\/v2\/tribe_events\/393"}],"collection":[{"href":"https:\/\/www.csepelivaroskep.hu\/radnoti\/wp-json\/wp\/v2\/tribe_events"}],"about":[{"href":"https:\/\/www.csepelivaroskep.hu\/radnoti\/wp-json\/wp\/v2\/types\/tribe_events"}],"author":[{"embeddable":true,"href":"https:\/\/www.csepelivaroskep.hu\/radnoti\/wp-json\/wp\/v2\/users\/1"}],"replies":[{"embeddable":true,"href":"https:\/\/www.csepelivaroskep.hu\/radnoti\/wp-json\/wp\/v2\/comments?post=393"}],"version-history":[{"count":1,"href":"https:\/\/www.csepelivaroskep.hu\/radnoti\/wp-json\/wp\/v2\/tribe_events\/393\/revisions"}],"predecessor-version":[{"id":395,"href":"https:\/\/www.csepelivaroskep.hu\/radnoti\/wp-json\/wp\/v2\/tribe_events\/393\/revisions\/395"}],"wp:featuredmedia":[{"embeddable":true,"href":"https:\/\/www.csepelivaroskep.hu\/radnoti\/wp-json\/wp\/v2\/media\/394"}],"wp:attachment":[{"href":"https:\/\/www.csepelivaroskep.hu\/radnoti\/wp-json\/wp\/v2\/media?parent=393"}],"wp:term":[{"taxonomy":"post_tag","embeddable":true,"href":"https:\/\/www.csepelivaroskep.hu\/radnoti\/wp-json\/wp\/v2\/tags?post=393"},{"taxonomy":"tribe_events_cat","embeddable":true,"href":"https:\/\/www.csepelivaroskep.hu\/radnoti\/wp-json\/wp\/v2\/tribe_events_cat?post=393"}],"curies":[{"name":"wp","href":"https:\/\/api.w.org\/{rel}","templated":true}]}}

Találkozás a Mikulással

<p>December 5. 18 órakor</p>
<p>Zenés mikulásváró műsor a Budapesti Pódium Színházzal</p>
<p>Előtte 17órától:<br />
Kreatív móka, hasznosítsd újra! Kézműves foglalkozás!</p>
<p>A belépőjegy ára: 600 Ft</p>
<p>A csomagjegy ára: 600 Ft</p>
<p>A jegyek helyreszólóak! A helyeket kizárólag elővásárlás esetén áll módunkban biztosítani.</p>

<p>Zenés mikulásváró műsor a Budapesti Pódium Színházzal</p>
