{"id":396,"date":"2018-05-07T16:02:16","date_gmt":"2018-05-07T16:02:16","guid":{"rendered":"http:\/\/www.csepelivaroskep.hu\/radnoti\/?post_type=tribe_events&#038;p=396"},"modified":"2018-05-07T16:02:16","modified_gmt":"2018-05-07T16:02:16","slug":"szilveszter-2","status":"publish","type":"tribe_events","link":"https:\/\/www.csepelivaroskep.hu\/radnoti\/programok\/szilveszter-2\/","title":{"rendered":"Szilveszter"},"content":{"rendered":"<p>Zen\u00e9s-t\u00e1ncos \u00f3\u00e9vb\u00facs\u00faztat\u00f3, sl\u00e1gerek minden koroszt\u00e1lynak!<\/p>\n<p>A j\u00f3 hangulatr\u00f3l a Maraton Band zenekar gondoskodik.<\/p>\n<h3>A bel\u00e9p\u0151jegy \u00e1ra el\u0151v\u00e9telben 5500 Ft\/f\u0151, amely a vacsor\u00e1t is tartalmazza.<\/h3>\n<p>&nbsp;<\/p>\n<p>&#8220;A&#8221; men\u00fc:<br \/>\nt\u00e1rkonyos szarvasragu leves,<br \/>\nsert\u00e9sszelet Rossini m\u00f3dra<br \/>\n(barnam\u00e1rt\u00e1s gomb\u00e1val, csirkem\u00e1jjal)<br \/>\nsteak burgony\u00e1val,<\/p>\n<p>soml\u00f3i galuska,<\/p>\n<p>hajnalban: roppan\u00f3s virsli<\/p>\n<p>&nbsp;<\/p>\n<p>&#8220;B&#8221; men\u00fc:<br \/>\nt\u00e1rkonyos szarvasragu leves,<br \/>\ndiszn\u00f3toros t\u00e1l,<br \/>\np\u00e1rolt k\u00e1poszt\u00e1val<br \/>\nhagym\u00e1s t\u00f6rt burgony\u00e1val,<\/p>\n<p>soml\u00f3i galuska,<\/p>\n<p>hajnalban: roppan\u00f3s virsli<\/p>\n<p>&nbsp;<\/p>\n<p>R\u00e1ad\u00e1sk\u00e9nt, minden kedves vend\u00e9g\u00fcnk egy poh\u00e1r pezsg\u0151t kap t\u0151l\u00fcnk aj\u00e1nd\u00e9kba!<\/p>\n","protected":false},"excerpt":{"rendered":"<p>A j\u00f3 hangulatr\u00f3l a Maraton Band zenekar gondoskodik.<\/p>\n","protected":false},"author":1,"featured_media":397,"comment_status":"closed","ping_status":"closed","template":"","meta":[],"tags":[14,13,9,24,19],"tribe_events_cat":[3],"acf":[],"_links":{"self":[{"href":"https:\/\/www.csepelivaroskep.hu\/radnoti\/wp-json\/wp\/v2\/tribe_events\/396"}],"collection":[{"href":"https:\/\/www.csepelivaroskep.hu\/radnoti\/wp-json\/wp\/v2\/tribe_events"}],"about":[{"href":"https:\/\/www.csepelivaroskep.hu\/radnoti\/wp-json\/wp\/v2\/types\/tribe_events"}],"author":[{"embeddable":true,"href":"https:\/\/www.csepelivaroskep.hu\/radnoti\/wp-json\/wp\/v2\/users\/1"}],"replies":[{"embeddable":true,"href":"https:\/\/www.csepelivaroskep.hu\/radnoti\/wp-json\/wp\/v2\/comments?post=396"}],"version-history":[{"count":1,"href":"https:\/\/www.csepelivaroskep.hu\/radnoti\/wp-json\/wp\/v2\/tribe_events\/396\/revisions"}],"predecessor-version":[{"id":398,"href":"https:\/\/www.csepelivaroskep.hu\/radnoti\/wp-json\/wp\/v2\/tribe_events\/396\/revisions\/398"}],"wp:featuredmedia":[{"embeddable":true,"href":"https:\/\/www.csepelivaroskep.hu\/radnoti\/wp-json\/wp\/v2\/media\/397"}],"wp:attachment":[{"href":"https:\/\/www.csepelivaroskep.hu\/radnoti\/wp-json\/wp\/v2\/media?parent=396"}],"wp:term":[{"taxonomy":"post_tag","embeddable":true,"href":"https:\/\/www.csepelivaroskep.hu\/radnoti\/wp-json\/wp\/v2\/tags?post=396"},{"taxonomy":"tribe_events_cat","embeddable":true,"href":"https:\/\/www.csepelivaroskep.hu\/radnoti\/wp-json\/wp\/v2\/tribe_events_cat?post=396"}],"curies":[{"name":"wp","href":"https:\/\/api.w.org\/{rel}","templated":true}]}}

<p>Zenés-táncos óévbúcsúztató, slágerek minden korosztálynak!</p>
<p>A jó hangulatról a Maraton Band zenekar gondoskodik.</p>
<h3>A belépőjegy ára elővételben 5500 Ft/fő, amely a vacsorát is tartalmazza.</h3>
<p>&nbsp;</p>
<p>&#8220;A&#8221; menü:<br />
tárkonyos szarvasragu leves,<br />
sertésszelet Rossini módra<br />
(barnamártás gombával, csirkemájjal)<br />
steak burgonyával,</p>
<p>somlói galuska,</p>
<p>hajnalban: roppanós virsli</p>
<p>&nbsp;</p>
<p>&#8220;B&#8221; menü:<br />
tárkonyos szarvasragu leves,<br />
disznótoros tál,<br />
párolt káposztával<br />
hagymás tört burgonyával,</p>
<p>somlói galuska,</p>
<p>hajnalban: roppanós virsli</p>
<p>&nbsp;</p>
<p>Ráadásként, minden kedves vendégünk egy pohár pezsgőt kap tőlünk ajándékba!</p>

<p>A jó hangulatról a Maraton Band zenekar gondoskodik.</p>
