{"id":415,"date":"2018-05-07T16:18:04","date_gmt":"2018-05-07T16:18:04","guid":{"rendered":"http:\/\/www.csepelivaroskep.hu\/radnoti\/?post_type=tribe_events&#038;p=415"},"modified":"2018-05-07T16:18:04","modified_gmt":"2018-05-07T16:18:04","slug":"film-klub","status":"publish","type":"tribe_events","link":"https:\/\/www.csepelivaroskep.hu\/radnoti\/programok\/film-klub\/","title":{"rendered":"Film klub"},"content":{"rendered":"<p>R\u00e9gi, felejthetetlen magyar filmek vet\u00edt\u00e9se a Radn\u00f3ti Mikl\u00f3s M\u0171vel\u0151d\u00e9si H\u00e1zban SZERD\u00c1NK\u00c9NT 14-16 \u00f3r\u00e1ig!<\/p>\n<p>\u00c1prilis 02. szerda 14 \u00f3ra<br \/>\nEgri csillagok 1968<br \/>\nSz\u00ednes, magyar t\u00f6rt\u00e9nelmi kalandfilm<br \/>\nRendez\u0151 : V\u00e1rkonyi Zolt\u00e1n<br \/>\nForgat\u00f3k\u00f6nyv \u00edr\u00f3: Nemesk\u00fcrty Istv\u00e1n<br \/>\nM\u0171sorid\u0151 147 perc<br \/>\nSzereposzt\u00e1sb\u00f3l: Sinkovics Imre \/ Dob\u00f3 Istv\u00e1n\/<br \/>\nKov\u00e1cs Istv\u00e1n \/ Bornemissza Gergely \/<br \/>\nVenczel Vera \/ Cecey \u00c9va\/<br \/>\nB\u00e1rdy Gy\u00f6rgy \/ Jomurdzs\u00e1k\/<br \/>\nBitskey Tibor \/ Mekcsey Istv\u00e1n \/<\/p>\n<p>\u00c1prilis 09 szerda 14 \u00f3ra<br \/>\nCsini baba 1997<br \/>\nSz\u00ednes, magyar zen\u00e9s v\u00edgj\u00e1t\u00e9k<br \/>\nRendez\u0151, forgat\u00f3k\u00f6nyv \u00edr\u00f3: Tim\u00e1r P\u00e9ter<br \/>\nM\u0171sorid\u0151: 100 perc<br \/>\nSzereposzt\u00e1sb\u00f3l: G\u00e1lv\u00f6lgyi J\u00e1nos \/Simon b\u00e1\/<br \/>\nReviczky G\u00e1bor \/ C\u00e9z\u00e1r \/<br \/>\nAndorai P\u00e9ter \/ Pur\u00e1bi K\u00fan\u00f3 \/<\/p>\n<p>\u00c1prilis 16 szerda 14 \u00f3ra<br \/>\nA Noszty fi\u00fa esete T\u00f3th Marival \/ 1960\/<br \/>\nFekete-feh\u00e9r, magyar filmdr\u00e1ma<br \/>\nRendez\u0151: Gertler Viktor<br \/>\nForgat\u00f3k\u00f6nyv \u00edr\u00f3: Thurz\u00f3 G\u00e1bor<br \/>\nM\u0171sorid\u0151: 96 perc<br \/>\nSzereposzt\u00e1sb\u00f3l: M\u00e9cs K\u00e1roly \/ Noszty Feri\/<br \/>\nPet\u00e9nyi Ilona \/ T\u00f3th Mari \/<br \/>\nKrencsey Marianne \/ Noszty Vilma<\/p>\n<p>\u00c1prilis 23 szerda 14 \u00f3ra<br \/>\nSzent P\u00e9ter eserny\u0151je \/ 1958\/<br \/>\nSz\u00ednes, magyar-csehszlov\u00e1k j\u00e1t\u00e9kfilm<br \/>\nRendez\u0151: B\u00e1n Frigyes, Vladislav Pavlovic<br \/>\nForgat\u00f3k\u00f6nyv \u00edr\u00f3: Ap\u00e1thi Imre, B\u00e1n Frigyes<br \/>\nM\u0171sorid\u0151: 86 perc<br \/>\nSzereposzt\u00e1sb\u00f3l: T\u00f6r\u0151csik Mari \/ B\u00e9lyi Veronika \/<br \/>\nP\u00e9csi S\u00e1ndor \/ B\u00e9lyi J\u00e1nos pl\u00e9b\u00e1nos \/<\/p>\n<p>\u00c1prilis 30 szerda 14 \u00f3ra<br \/>\nM\u00e1gn\u00e1s Miska \/ 1949\/<br \/>\nFekete-feh\u00e9r, magyar zen\u00e9s v\u00edgj\u00e1t\u00e9k<br \/>\nRendez\u0151: Keleti M\u00e1rton<br \/>\nForgat\u00f3k\u00f6nyv \u00edr\u00f3: B\u00e9keffy Istv\u00e1n, Bakonyi K\u00e1roly<br \/>\nM\u0171sorid\u0151: 83 perc<br \/>\nSzereposzt\u00e1sb\u00f3l: G\u00e1bor Mikl\u00f3s \/ M\u00e1gn\u00e1s Miska\/<br \/>\nM\u00e9sz\u00e1ros \u00c1gi \/ Marcsa\/<br \/>\nS\u00e1rdy J\u00e1nos \/ ifj. Baracs Istv\u00e1n \/<\/p>\n","protected":false},"excerpt":{"rendered":"<p>R\u00e9gi magyar filmek<\/p>\n","protected":false},"author":1,"featured_media":0,"comment_status":"closed","ping_status":"closed","template":"","meta":[],"tags":[20],"tribe_events_cat":[3],"acf":[],"_links":{"self":[{"href":"https:\/\/www.csepelivaroskep.hu\/radnoti\/wp-json\/wp\/v2\/tribe_events\/415"}],"collection":[{"href":"https:\/\/www.csepelivaroskep.hu\/radnoti\/wp-json\/wp\/v2\/tribe_events"}],"about":[{"href":"https:\/\/www.csepelivaroskep.hu\/radnoti\/wp-json\/wp\/v2\/types\/tribe_events"}],"author":[{"embeddable":true,"href":"https:\/\/www.csepelivaroskep.hu\/radnoti\/wp-json\/wp\/v2\/users\/1"}],"replies":[{"embeddable":true,"href":"https:\/\/www.csepelivaroskep.hu\/radnoti\/wp-json\/wp\/v2\/comments?post=415"}],"version-history":[{"count":1,"href":"https:\/\/www.csepelivaroskep.hu\/radnoti\/wp-json\/wp\/v2\/tribe_events\/415\/revisions"}],"predecessor-version":[{"id":416,"href":"https:\/\/www.csepelivaroskep.hu\/radnoti\/wp-json\/wp\/v2\/tribe_events\/415\/revisions\/416"}],"wp:attachment":[{"href":"https:\/\/www.csepelivaroskep.hu\/radnoti\/wp-json\/wp\/v2\/media?parent=415"}],"wp:term":[{"taxonomy":"post_tag","embeddable":true,"href":"https:\/\/www.csepelivaroskep.hu\/radnoti\/wp-json\/wp\/v2\/tags?post=415"},{"taxonomy":"tribe_events_cat","embeddable":true,"href":"https:\/\/www.csepelivaroskep.hu\/radnoti\/wp-json\/wp\/v2\/tribe_events_cat?post=415"}],"curies":[{"name":"wp","href":"https:\/\/api.w.org\/{rel}","templated":true}]}}

<p>Régi, felejthetetlen magyar filmek vetítése a Radnóti Miklós Művelődési Házban SZERDÁNKÉNT 14-16 óráig!</p>
<p>Április 02. szerda 14 óra<br />
Egri csillagok 1968<br />
Színes, magyar történelmi kalandfilm<br />
Rendező : Várkonyi Zoltán<br />
Forgatókönyv író: Nemeskürty István<br />
Műsoridő 147 perc<br />
Szereposztásból: Sinkovics Imre / Dobó István/<br />
Kovács István / Bornemissza Gergely /<br />
Venczel Vera / Cecey Éva/<br />
Bárdy György / Jomurdzsák/<br />
Bitskey Tibor / Mekcsey István /</p>
<p>Április 09 szerda 14 óra<br />
Csini baba 1997<br />
Színes, magyar zenés vígjáték<br />
Rendező, forgatókönyv író: Timár Péter<br />
Műsoridő: 100 perc<br />
Szereposztásból: Gálvölgyi János /Simon bá/<br />
Reviczky Gábor / Cézár /<br />
Andorai Péter / Purábi Kúnó /</p>
<p>Április 16 szerda 14 óra<br />
A Noszty fiú esete Tóth Marival / 1960/<br />
Fekete-fehér, magyar filmdráma<br />
Rendező: Gertler Viktor<br />
Forgatókönyv író: Thurzó Gábor<br />
Műsoridő: 96 perc<br />
Szereposztásból: Mécs Károly / Noszty Feri/<br />
Petényi Ilona / Tóth Mari /<br />
Krencsey Marianne / Noszty Vilma</p>
<p>Április 23 szerda 14 óra<br />
Szent Péter esernyője / 1958/<br />
Színes, magyar-csehszlovák játékfilm<br />
Rendező: Bán Frigyes, Vladislav Pavlovic<br />
Forgatókönyv író: Apáthi Imre, Bán Frigyes<br />
Műsoridő: 86 perc<br />
Szereposztásból: Törőcsik Mari / Bélyi Veronika /<br />
Pécsi Sándor / Bélyi János plébános /</p>
<p>Április 30 szerda 14 óra<br />
Mágnás Miska / 1949/<br />
Fekete-fehér, magyar zenés vígjáték<br />
Rendező: Keleti Márton<br />
Forgatókönyv író: Békeffy István, Bakonyi Károly<br />
Műsoridő: 83 perc<br />
Szereposztásból: Gábor Miklós / Mágnás Miska/<br />
Mészáros Ági / Marcsa/<br />
Sárdy János / ifj. Baracs István /</p>

<p>Régi magyar filmek</p>
