{"id":453,"date":"2018-05-07T17:22:28","date_gmt":"2018-05-07T17:22:28","guid":{"rendered":"http:\/\/www.csepelivaroskep.hu\/radnoti\/?post_type=tribe_events&#038;p=453"},"modified":"2018-05-07T17:22:28","modified_gmt":"2018-05-07T17:22:28","slug":"i-csepeli-kutyas-nap","status":"publish","type":"tribe_events","link":"https:\/\/www.csepelivaroskep.hu\/radnoti\/programok\/i-csepeli-kutyas-nap\/","title":{"rendered":"I. Csepeli Kuty\u00e1s Nap"},"content":{"rendered":"<p>Programok:<\/p>\n<p>kutyasz\u00e9ps\u00e9gverseny, hobbi, kever\u00e9k \u00e9s mentett kuty\u00e1k r\u00e9sz\u00e9re; dog dancing; flyball; arcfest\u00e9s; k\u00e9zm\u0171ves-foglakoz\u00e1sok; \u00e1llatv\u00e9delmi szervezetek mutatj\u00e1k be mentett, \u00f6r\u00f6kbefogad\u00e1sra v\u00e1r\u00f3 kuty\u00e1ikat<\/p>\n<p>Tudnival\u00f3k:<\/p>\n<p><strong>Nevezni csak \u00e9rv\u00e9nyes olt\u00e1si k\u00f6nyvvel rendelkez\u0151 kutyusnak lehet. A rendezv\u00e9nyre nem hozhat\u00f3 t\u00fczel\u0151, vagy agressz\u00edv kutya, valamint csak p\u00f3r\u00e1zon lehet vezetni \u0151ket.<\/strong><\/p>\n<p><em><strong>Jelentkez\u00e9s: telefonon, e-mailen (278-2757, csordasszandi@csepelivaroskep.hu), illetve a rendezv\u00e9ny napj\u00e1n 9-10 \u00f3r\u00e1ig!<\/strong><\/em><\/p>\n","protected":false},"excerpt":{"rendered":"<p>Nevezni csak \u00e9rv\u00e9nyes olt\u00e1si k\u00f6nyvvel rendelkez\u0151 kutyusnak lehet<\/p>\n","protected":false},"author":1,"featured_media":454,"comment_status":"closed","ping_status":"closed","template":"","meta":[],"tags":[14,21,27,13,32],"tribe_events_cat":[26],"acf":[],"_links":{"self":[{"href":"https:\/\/www.csepelivaroskep.hu\/radnoti\/wp-json\/wp\/v2\/tribe_events\/453"}],"collection":[{"href":"https:\/\/www.csepelivaroskep.hu\/radnoti\/wp-json\/wp\/v2\/tribe_events"}],"about":[{"href":"https:\/\/www.csepelivaroskep.hu\/radnoti\/wp-json\/wp\/v2\/types\/tribe_events"}],"author":[{"embeddable":true,"href":"https:\/\/www.csepelivaroskep.hu\/radnoti\/wp-json\/wp\/v2\/users\/1"}],"replies":[{"embeddable":true,"href":"https:\/\/www.csepelivaroskep.hu\/radnoti\/wp-json\/wp\/v2\/comments?post=453"}],"version-history":[{"count":1,"href":"https:\/\/www.csepelivaroskep.hu\/radnoti\/wp-json\/wp\/v2\/tribe_events\/453\/revisions"}],"predecessor-version":[{"id":455,"href":"https:\/\/www.csepelivaroskep.hu\/radnoti\/wp-json\/wp\/v2\/tribe_events\/453\/revisions\/455"}],"wp:featuredmedia":[{"embeddable":true,"href":"https:\/\/www.csepelivaroskep.hu\/radnoti\/wp-json\/wp\/v2\/media\/454"}],"wp:attachment":[{"href":"https:\/\/www.csepelivaroskep.hu\/radnoti\/wp-json\/wp\/v2\/media?parent=453"}],"wp:term":[{"taxonomy":"post_tag","embeddable":true,"href":"https:\/\/www.csepelivaroskep.hu\/radnoti\/wp-json\/wp\/v2\/tags?post=453"},{"taxonomy":"tribe_events_cat","embeddable":true,"href":"https:\/\/www.csepelivaroskep.hu\/radnoti\/wp-json\/wp\/v2\/tribe_events_cat?post=453"}],"curies":[{"name":"wp","href":"https:\/\/api.w.org\/{rel}","templated":true}]}}

I. Csepeli Kutyás Nap

<p>Programok:</p>
<p>kutyaszépségverseny, hobbi, keverék és mentett kutyák részére; dog dancing; flyball; arcfestés; kézműves-foglakozások; állatvédelmi szervezetek mutatják be mentett, örökbefogadásra váró kutyáikat</p>
<p>Tudnivalók:</p>
<p><strong>Nevezni csak érvényes oltási könyvvel rendelkező kutyusnak lehet. A rendezvényre nem hozható tüzelő, vagy agresszív kutya, valamint csak pórázon lehet vezetni őket.</strong></p>
<p><em><strong>Jelentkezés: telefonon, e-mailen (278-2757, csordasszandi@csepelivaroskep.hu), illetve a rendezvény napján 9-10 óráig!</strong></em></p>

<p>Nevezni csak érvényes oltási könyvvel rendelkező kutyusnak lehet</p>
