{"id":457,"date":"2018-05-07T17:24:34","date_gmt":"2018-05-07T17:24:34","guid":{"rendered":"http:\/\/www.csepelivaroskep.hu\/radnoti\/?post_type=tribe_events&#038;p=457"},"modified":"2018-05-07T17:24:34","modified_gmt":"2018-05-07T17:24:34","slug":"tabani-istvan-koncert","status":"publish","type":"tribe_events","link":"https:\/\/www.csepelivaroskep.hu\/radnoti\/programok\/tabani-istvan-koncert\/","title":{"rendered":"Tab\u00e1ni Istv\u00e1n koncert"},"content":{"rendered":"<p><strong>Tab\u00e1ni Istv\u00e1n koncert<\/strong><\/p>\n<p>EZ ITT AZ \u00c9N HAZ\u00c1M<\/p>\n<p><strong>Okt\u00f3ber 5. 16 \u00f3r\u00e1t\u00f3l!<\/strong><\/p>\n<p>A BEL\u00c9P\u00c9S D\u00cdJTALAN!<\/p>\n","protected":false},"excerpt":{"rendered":"<p>A bel\u00e9p\u00e9s d\u00edjtalan!<\/p>\n","protected":false},"author":1,"featured_media":458,"comment_status":"closed","ping_status":"closed","template":"","meta":[],"tags":[14,16,33,13,9],"tribe_events_cat":[3],"acf":[],"_links":{"self":[{"href":"https:\/\/www.csepelivaroskep.hu\/radnoti\/wp-json\/wp\/v2\/tribe_events\/457"}],"collection":[{"href":"https:\/\/www.csepelivaroskep.hu\/radnoti\/wp-json\/wp\/v2\/tribe_events"}],"about":[{"href":"https:\/\/www.csepelivaroskep.hu\/radnoti\/wp-json\/wp\/v2\/types\/tribe_events"}],"author":[{"embeddable":true,"href":"https:\/\/www.csepelivaroskep.hu\/radnoti\/wp-json\/wp\/v2\/users\/1"}],"replies":[{"embeddable":true,"href":"https:\/\/www.csepelivaroskep.hu\/radnoti\/wp-json\/wp\/v2\/comments?post=457"}],"version-history":[{"count":1,"href":"https:\/\/www.csepelivaroskep.hu\/radnoti\/wp-json\/wp\/v2\/tribe_events\/457\/revisions"}],"predecessor-version":[{"id":459,"href":"https:\/\/www.csepelivaroskep.hu\/radnoti\/wp-json\/wp\/v2\/tribe_events\/457\/revisions\/459"}],"wp:featuredmedia":[{"embeddable":true,"href":"https:\/\/www.csepelivaroskep.hu\/radnoti\/wp-json\/wp\/v2\/media\/458"}],"wp:attachment":[{"href":"https:\/\/www.csepelivaroskep.hu\/radnoti\/wp-json\/wp\/v2\/media?parent=457"}],"wp:term":[{"taxonomy":"post_tag","embeddable":true,"href":"https:\/\/www.csepelivaroskep.hu\/radnoti\/wp-json\/wp\/v2\/tags?post=457"},{"taxonomy":"tribe_events_cat","embeddable":true,"href":"https:\/\/www.csepelivaroskep.hu\/radnoti\/wp-json\/wp\/v2\/tribe_events_cat?post=457"}],"curies":[{"name":"wp","href":"https:\/\/api.w.org\/{rel}","templated":true}]}}

Tabáni István koncert

<p><strong>Tabáni István koncert</strong></p>
<p>EZ ITT AZ ÉN HAZÁM</p>
<p><strong>Október 5. 16 órától!</strong></p>
<p>A BELÉPÉS DÍJTALAN!</p>

<p>A belépés díjtalan!</p>
