{"id":460,"date":"2018-05-07T17:30:13","date_gmt":"2018-05-07T17:30:13","guid":{"rendered":"http:\/\/www.csepelivaroskep.hu\/radnoti\/?post_type=tribe_events&#038;p=460"},"modified":"2018-05-07T17:30:13","modified_gmt":"2018-05-07T17:30:13","slug":"marton-napi-vigassagok-3","status":"publish","type":"tribe_events","link":"https:\/\/www.csepelivaroskep.hu\/radnoti\/programok\/marton-napi-vigassagok-3\/","title":{"rendered":"M\u00e1rton-napi vigass\u00e1gok"},"content":{"rendered":"<p>FIGYELEM!<\/p>\n<p>ID\u0150PONT V\u00c1LTOZ\u00c1S!!!<\/p>\n<p><strong>NOVEMBER 9-E HELYETT, 15-\u00c9N KER\u00dcL MEGRENDEZ\u00c9SRE A RENDEZV\u00c9NY!<\/strong><\/p>\n<p>MEG\u00c9RT\u00c9S\u00dcKET K\u00d6SZ\u00d6NJ\u00dcK!<\/p>\n<p>&nbsp;<\/p>\n<p><strong>2014. november 9., vas\u00e1rnap<\/strong><\/p>\n<p><strong>Program:<\/strong><\/p>\n<p>9.30 Libaterel\u0151 verseny<br \/>\n10.00 Nils Holgersson csod\u00e1latos utaz\u00e1sa a vadludakkal<br \/>\n&#8211; \u00a0a Fogi Sz\u00ednh\u00e1z el\u0151ad\u00e1sa<br \/>\n11.15 \u00a0Moln\u00e1r Gy\u00f6rgy Lyra-d\u00edjas harmonikam\u0171v\u00e9sz<br \/>\n\u00e9s Koncertzenekara<br \/>\n12.00 P\u00e1rnacsata<br \/>\n12.30 Tollfoszt\u00f3 a Csepeli Mosolyg\u00f3 Dalk\u00f6rrel<br \/>\n13.00 L\u00fadg\u00e9ge-t\u00e9sztak\u00e9sz\u00edt\u0151 verseny<br \/>\n13.30 A Libavonat Zenekar interakt\u00edv gyermekkoncertje<br \/>\n15.00 Lila liba &#8211; Dol\u00e1k- Saly R\u00f3bert m\u0171sora<br \/>\n16.00 Fell\u00e9p a Csepeli N\u00e9met Nemzetis\u00e9gi T\u00e1ncegy\u00fcttes,<br \/>\nharmonik\u00e1n k\u00eds\u00e9r Kaltenecker G\u00e1bor<br \/>\n16.30 &#8220;Szent M\u00e1rtonnak \u00fcnnep\u00e9n, \u00e9g\u0151 l\u00e1mp\u00e1st viszek \u00e9n&#8221;<br \/>\nzen\u00e9s, lampionos felvonul\u00e1s a m\u0171vel\u0151d\u00e9si h\u00e1z k\u00f6r\u00fcl<\/p>\n<p><strong>Hagyom\u00e1ny\u0151rz\u00e9s:<\/strong><\/p>\n<p>Lep\u00e9nys\u00fct\u00e9s, l\u00e1mp\u00e1s k\u00e9sz\u00edt\u00e9s, \u00edr\u00e1s penn\u00e1val, krumplipuska libatollb\u00f3l,<br \/>\nn\u00e9pi j\u00e1tsz\u00f3t\u00e9r; \u00e1llatbemutat\u00f3 &#8211; lib\u00e1k, kecske, b\u00e1r\u00e1ny, \u00a0ny\u00fal, f\u00e1c\u00e1n; Logiko-p j\u00e1tsz\u00f3h\u00e1z;<br \/>\nCsepszi- a gurul\u00f3 ki\u00e1ll\u00edt\u00e1s.<\/p>\n<p><strong>Gasztron\u00f3mia:<\/strong><\/p>\n<p>Libalakoma: s\u00fclt libacomb, ludask\u00e1sa, libaz\u00faza p\u00f6rk\u00f6lt,<br \/>\ns\u00fclt pecsenye libam\u00e1j, libam\u00e1jp\u00e1st\u00e9tom, libazs\u00edros keny\u00e9r,<br \/>\nl\u00fadl\u00e1b torta, k\u00fcrt\u0151skal\u00e1cs, forralt bor \u00e9s m\u00e1s finoms\u00e1gok.<\/p>\n<p><strong>A programokon val\u00f3 r\u00e9szv\u00e9tel d\u00edjtalan, mindenkit szeretettel v\u00e1runk!<\/strong><\/p>\n<p><strong>Kedvez\u0151tlen id\u0151j\u00e1r\u00e1s eset\u00e9n minden programot a m\u0171vel\u0151d\u00e9si h\u00e1zban rendez\u00fcnk meg!<\/strong><\/p>\n<p><strong>A programokon val\u00f3 r\u00e9szv\u00e9tel d\u00edjtalan, mindenkit szeretettel v\u00e1runk.<\/strong><\/p>\n<p><strong>A programv\u00e1ltoz\u00e1s jog\u00e1t fenntartjuk!\u00a0<\/strong><\/p>\n","protected":false},"excerpt":{"rendered":"<p>ID\u0150PONT V\u00c1LTOZ\u00c1S!!!<\/p>\n","protected":false},"author":1,"featured_media":461,"comment_status":"closed","ping_status":"closed","template":"","meta":[],"tags":[14,21,22,29,13],"tribe_events_cat":[3],"acf":[],"_links":{"self":[{"href":"https:\/\/www.csepelivaroskep.hu\/radnoti\/wp-json\/wp\/v2\/tribe_events\/460"}],"collection":[{"href":"https:\/\/www.csepelivaroskep.hu\/radnoti\/wp-json\/wp\/v2\/tribe_events"}],"about":[{"href":"https:\/\/www.csepelivaroskep.hu\/radnoti\/wp-json\/wp\/v2\/types\/tribe_events"}],"author":[{"embeddable":true,"href":"https:\/\/www.csepelivaroskep.hu\/radnoti\/wp-json\/wp\/v2\/users\/1"}],"replies":[{"embeddable":true,"href":"https:\/\/www.csepelivaroskep.hu\/radnoti\/wp-json\/wp\/v2\/comments?post=460"}],"version-history":[{"count":1,"href":"https:\/\/www.csepelivaroskep.hu\/radnoti\/wp-json\/wp\/v2\/tribe_events\/460\/revisions"}],"predecessor-version":[{"id":462,"href":"https:\/\/www.csepelivaroskep.hu\/radnoti\/wp-json\/wp\/v2\/tribe_events\/460\/revisions\/462"}],"wp:featuredmedia":[{"embeddable":true,"href":"https:\/\/www.csepelivaroskep.hu\/radnoti\/wp-json\/wp\/v2\/media\/461"}],"wp:attachment":[{"href":"https:\/\/www.csepelivaroskep.hu\/radnoti\/wp-json\/wp\/v2\/media?parent=460"}],"wp:term":[{"taxonomy":"post_tag","embeddable":true,"href":"https:\/\/www.csepelivaroskep.hu\/radnoti\/wp-json\/wp\/v2\/tags?post=460"},{"taxonomy":"tribe_events_cat","embeddable":true,"href":"https:\/\/www.csepelivaroskep.hu\/radnoti\/wp-json\/wp\/v2\/tribe_events_cat?post=460"}],"curies":[{"name":"wp","href":"https:\/\/api.w.org\/{rel}","templated":true}]}}

Márton-napi vigasságok

<p>FIGYELEM!</p>
<p>IDŐPONT VÁLTOZÁS!!!</p>
<p><strong>NOVEMBER 9-E HELYETT, 15-ÉN KERÜL MEGRENDEZÉSRE A RENDEZVÉNY!</strong></p>
<p>MEGÉRTÉSÜKET KÖSZÖNJÜK!</p>
<p>&nbsp;</p>
<p><strong>2014. november 9., vasárnap</strong></p>
<p><strong>Program:</strong></p>
<p>9.30 Libaterelő verseny<br />
10.00 Nils Holgersson csodálatos utazása a vadludakkal<br />
&#8211;  a Fogi Színház előadása<br />
11.15  Molnár György Lyra-díjas harmonikaművész<br />
és Koncertzenekara<br />
12.00 Párnacsata<br />
12.30 Tollfosztó a Csepeli Mosolygó Dalkörrel<br />
13.00 Lúdgége-tésztakészítő verseny<br />
13.30 A Libavonat Zenekar interaktív gyermekkoncertje<br />
15.00 Lila liba &#8211; Dolák- Saly Róbert műsora<br />
16.00 Fellép a Csepeli Német Nemzetiségi Táncegyüttes,<br />
harmonikán kísér Kaltenecker Gábor<br />
16.30 &#8220;Szent Mártonnak ünnepén, égő lámpást viszek én&#8221;<br />
zenés, lampionos felvonulás a művelődési ház körül</p>
<p><strong>Hagyományőrzés:</strong></p>
<p>Lepénysütés, lámpás készítés, írás pennával, krumplipuska libatollból,<br />
népi játszótér; állatbemutató &#8211; libák, kecske, bárány,  nyúl, fácán; Logiko-p játszóház;<br />
Csepszi- a guruló kiállítás.</p>
<p><strong>Gasztronómia:</strong></p>
<p>Libalakoma: sült libacomb, ludaskása, libazúza pörkölt,<br />
sült pecsenye libamáj, libamájpástétom, libazsíros kenyér,<br />
lúdláb torta, kürtőskalács, forralt bor és más finomságok.</p>
<p><strong>A programokon való részvétel díjtalan, mindenkit szeretettel várunk!</strong></p>
<p><strong>Kedvezőtlen időjárás esetén minden programot a művelődési házban rendezünk meg!</strong></p>
<p><strong>A programokon való részvétel díjtalan, mindenkit szeretettel várunk.</strong></p>
<p><strong>A programváltozás jogát fenntartjuk! </strong></p>

<p>IDŐPONT VÁLTOZÁS!!!</p>
