{"id":463,"date":"2018-05-07T17:33:05","date_gmt":"2018-05-07T17:33:05","guid":{"rendered":"http:\/\/www.csepelivaroskep.hu\/radnoti\/?post_type=tribe_events&#038;p=463"},"modified":"2018-05-07T17:33:05","modified_gmt":"2018-05-07T17:33:05","slug":"zenes-dinom-danom-3","status":"publish","type":"tribe_events","link":"https:\/\/www.csepelivaroskep.hu\/radnoti\/programok\/zenes-dinom-danom-3\/","title":{"rendered":"Zen\u00e9s d\u00ednom-d\u00e1nom"},"content":{"rendered":"<p style=\"text-align: center;\" align=\"center\"><strong><em>\u201eHULL AZ ES\u0150, NAGY A S\u00c1R&#8230;\u201d<\/em><\/strong><\/p>\n<p style=\"text-align: center;\" align=\"center\"><strong>Zen\u00e9s d\u00ednom-d\u00e1nom<\/strong><\/p>\n<p style=\"text-align: center;\" align=\"center\"><strong>2014. november 29-\u00e9n 15 \u00f3r\u00e1t\u00f3l<\/strong><\/p>\n<p style=\"text-align: center;\">\u00a0 \u00a0\u00a0<strong><span style=\"text-decoration: underline;\">Fell\u00e9pnek:<\/span><\/strong><\/p>\n<p style=\"text-align: center;\" align=\"center\">B. T\u00f3th Magdolna<\/p>\n<p style=\"text-align: center;\" align=\"center\"><strong>K\u00f6zrem\u0171k\u00f6dnek:<\/strong><\/p>\n<p style=\"text-align: center;\" align=\"center\">Kerekes Katalin, N\u00e9meti P\u00e1l, Kem\u00e9ny \u00c1gi, Farkas Mel\u00e1nia, meglepet\u00e9s unok\u00e1k,<\/p>\n<p style=\"text-align: center;\" align=\"center\">Nagy J\u00e1nos dallamf\u00fctty\u00f6s \u00e9s a Csepeli Mosolyg\u00f3 Dalk\u00f6r P\u00e9ter Anna vezet\u00e9s\u00e9vel.<\/p>\n<p style=\"text-align: center;\">\u00a0\u00a0\u00a0\u00a0\u00a0\u00a0\u00a0 a t\u00e1nczen\u00e9t\u00a0<strong>Csel\u00e9nyi L\u00e1szl\u00f3<\/strong>\u00a0szolg\u00e1ltatja zongor\u00e1n,<\/p>\n<p style=\"text-align: center;\">\u00a0 \u00a0 \u00a0 \u00a0 \u00a0 \u00a0 \u00a0a k\u00f3rust\u00a0<strong>Nagy Imre\u00a0<\/strong>k\u00eds\u00e9ri\u00a0harmonik\u00e1n<\/p>\n<p style=\"text-align: center;\">A rendezv\u00e9ny h\u00e1ziasszonya: P\u00e9ter Anna<\/p>\n<p style=\"text-align: center;\" align=\"center\">A m\u0171sor ut\u00e1n t\u00e1nc \u00e9s mulats\u00e1g estig!<\/p>\n<p style=\"text-align: center;\" align=\"center\">A bel\u00e9p\u0151jegy \u00e1ra\u00a0p\u00e1rtol\u00f3 tagok r\u00e9sz\u00e9re 750 Forint *,<\/p>\n<p style=\"text-align: center;\" align=\"center\">a helysz\u00ednen 900 Forint.<\/p>\n<p style=\"text-align: center;\" align=\"center\">*(p\u00e1rtol\u00f3i tags\u00e1g el\u0151v\u00e9telben v\u00e1lthat\u00f3 1500 Forint\u00e9rt, mellyel a november 29-i \u00e9s a december 6-i m\u0171soraink l\u00e1togathat\u00f3k)<\/p>\n<p style=\"text-align: center;\" align=\"center\">A m\u0171sorv\u00e1ltoz\u00e1s jog\u00e1t fenntartjuk!<\/p>\n<p style=\"text-align: center;\" align=\"center\"><strong>Radn\u00f3ti Mikl\u00f3s M\u0171vel\u0151d\u00e9si H\u00e1z<\/strong><\/p>\n<p style=\"text-align: center;\" align=\"center\">1214 Bp. V\u00e9nusz u. 2. Tel.: 278-2757<\/p>\n<p style=\"text-align: center;\" align=\"center\"><a href=\"http:\/\/www.csepelivaroskep.hu\/radnoti\">www.csepelivaroskep.hu\/radnoti<\/a><\/p>\n","protected":false},"excerpt":{"rendered":"<p>HULL AZ ES\u0150, NAGY A S\u00c1R&#8230;<\/p>\n","protected":false},"author":1,"featured_media":464,"comment_status":"closed","ping_status":"closed","template":"","meta":[],"tags":[14,22,27,8,13,19],"tribe_events_cat":[3],"acf":[],"_links":{"self":[{"href":"https:\/\/www.csepelivaroskep.hu\/radnoti\/wp-json\/wp\/v2\/tribe_events\/463"}],"collection":[{"href":"https:\/\/www.csepelivaroskep.hu\/radnoti\/wp-json\/wp\/v2\/tribe_events"}],"about":[{"href":"https:\/\/www.csepelivaroskep.hu\/radnoti\/wp-json\/wp\/v2\/types\/tribe_events"}],"author":[{"embeddable":true,"href":"https:\/\/www.csepelivaroskep.hu\/radnoti\/wp-json\/wp\/v2\/users\/1"}],"replies":[{"embeddable":true,"href":"https:\/\/www.csepelivaroskep.hu\/radnoti\/wp-json\/wp\/v2\/comments?post=463"}],"version-history":[{"count":1,"href":"https:\/\/www.csepelivaroskep.hu\/radnoti\/wp-json\/wp\/v2\/tribe_events\/463\/revisions"}],"predecessor-version":[{"id":465,"href":"https:\/\/www.csepelivaroskep.hu\/radnoti\/wp-json\/wp\/v2\/tribe_events\/463\/revisions\/465"}],"wp:featuredmedia":[{"embeddable":true,"href":"https:\/\/www.csepelivaroskep.hu\/radnoti\/wp-json\/wp\/v2\/media\/464"}],"wp:attachment":[{"href":"https:\/\/www.csepelivaroskep.hu\/radnoti\/wp-json\/wp\/v2\/media?parent=463"}],"wp:term":[{"taxonomy":"post_tag","embeddable":true,"href":"https:\/\/www.csepelivaroskep.hu\/radnoti\/wp-json\/wp\/v2\/tags?post=463"},{"taxonomy":"tribe_events_cat","embeddable":true,"href":"https:\/\/www.csepelivaroskep.hu\/radnoti\/wp-json\/wp\/v2\/tribe_events_cat?post=463"}],"curies":[{"name":"wp","href":"https:\/\/api.w.org\/{rel}","templated":true}]}}

Zenés dínom-dánom

<p style="text-align: center;" align="center"><strong><em>„HULL AZ ESŐ, NAGY A SÁR&#8230;”</em></strong></p>
<p style="text-align: center;" align="center"><strong>Zenés dínom-dánom</strong></p>
<p style="text-align: center;" align="center"><strong>2014. november 29-én 15 órától</strong></p>
<p style="text-align: center;">    <strong><span style="text-decoration: underline;">Fellépnek:</span></strong></p>
<p style="text-align: center;" align="center">B. Tóth Magdolna</p>
<p style="text-align: center;" align="center"><strong>Közreműködnek:</strong></p>
<p style="text-align: center;" align="center">Kerekes Katalin, Németi Pál, Kemény Ági, Farkas Melánia, meglepetés unokák,</p>
<p style="text-align: center;" align="center">Nagy János dallamfüttyös és a Csepeli Mosolygó Dalkör Péter Anna vezetésével.</p>
<p style="text-align: center;">        a tánczenét <strong>Cselényi László</strong> szolgáltatja zongorán,</p>
<p style="text-align: center;">             a kórust <strong>Nagy Imre </strong>kíséri harmonikán</p>
<p style="text-align: center;">A rendezvény háziasszonya: Péter Anna</p>
<p style="text-align: center;" align="center">A műsor után tánc és mulatság estig!</p>
<p style="text-align: center;" align="center">A belépőjegy ára pártoló tagok részére 750 Forint *,</p>
<p style="text-align: center;" align="center">a helyszínen 900 Forint.</p>
<p style="text-align: center;" align="center">*(pártolói tagság elővételben váltható 1500 Forintért, mellyel a november 29-i és a december 6-i műsoraink látogathatók)</p>
<p style="text-align: center;" align="center">A műsorváltozás jogát fenntartjuk!</p>
<p style="text-align: center;" align="center"><strong>Radnóti Miklós Művelődési Ház</strong></p>
<p style="text-align: center;" align="center">1214 Bp. Vénusz u. 2. Tel.: 278-2757</p>
<p style="text-align: center;" align="center"><a href="http://www.csepelivaroskep.hu/radnoti">www.csepelivaroskep.hu/radnoti</a></p>

<p>HULL AZ ESŐ, NAGY A SÁR&#8230;</p>
