{"id":466,"date":"2018-05-07T17:36:16","date_gmt":"2018-05-07T17:36:16","guid":{"rendered":"http:\/\/www.csepelivaroskep.hu\/radnoti\/?post_type=tribe_events&#038;p=466"},"modified":"2018-05-07T17:36:16","modified_gmt":"2018-05-07T17:36:16","slug":"maci-bruno-karacsonya","status":"publish","type":"tribe_events","link":"https:\/\/www.csepelivaroskep.hu\/radnoti\/programok\/maci-bruno-karacsonya\/","title":{"rendered":"Maci Br\u00fan\u00f3 kar\u00e1csonya"},"content":{"rendered":"<p><strong>December 5., p\u00e9ntek 18 \u00f3ra<\/strong><\/p>\n<p>Zen\u00e9s mikul\u00e1sv\u00e1r\u00f3 m\u0171sor a Holle Any\u00f3 Sz\u00ednh\u00e1zzal, el\u0151tte 17 \u00f3r\u00e1t\u00f3l kreat\u00edv foglalkoz\u00e1s<\/p>\n<p><strong>A bel\u00e9p\u0151jegy \u00e1ra: 650 Ft, a csomagjegy \u00e1ra 650 Ft<\/strong>, amely el\u0151v\u00e9telben v\u00e1s\u00e1rolhat\u00f3 a m\u0171vel\u0151d\u00e9si h\u00e1zban!<\/p>\n<p>A jegyek helyresz\u00f3l\u00f3ak!<\/p>\n<p>&nbsp;<\/p>\n","protected":false},"excerpt":{"rendered":"<p>Holle Any\u00f3 Sz\u00ednh\u00e1z<\/p>\n","protected":false},"author":1,"featured_media":467,"comment_status":"closed","ping_status":"closed","template":"","meta":[],"tags":[14,16,21,22,23,13],"tribe_events_cat":[3],"acf":[],"_links":{"self":[{"href":"https:\/\/www.csepelivaroskep.hu\/radnoti\/wp-json\/wp\/v2\/tribe_events\/466"}],"collection":[{"href":"https:\/\/www.csepelivaroskep.hu\/radnoti\/wp-json\/wp\/v2\/tribe_events"}],"about":[{"href":"https:\/\/www.csepelivaroskep.hu\/radnoti\/wp-json\/wp\/v2\/types\/tribe_events"}],"author":[{"embeddable":true,"href":"https:\/\/www.csepelivaroskep.hu\/radnoti\/wp-json\/wp\/v2\/users\/1"}],"replies":[{"embeddable":true,"href":"https:\/\/www.csepelivaroskep.hu\/radnoti\/wp-json\/wp\/v2\/comments?post=466"}],"version-history":[{"count":1,"href":"https:\/\/www.csepelivaroskep.hu\/radnoti\/wp-json\/wp\/v2\/tribe_events\/466\/revisions"}],"predecessor-version":[{"id":468,"href":"https:\/\/www.csepelivaroskep.hu\/radnoti\/wp-json\/wp\/v2\/tribe_events\/466\/revisions\/468"}],"wp:featuredmedia":[{"embeddable":true,"href":"https:\/\/www.csepelivaroskep.hu\/radnoti\/wp-json\/wp\/v2\/media\/467"}],"wp:attachment":[{"href":"https:\/\/www.csepelivaroskep.hu\/radnoti\/wp-json\/wp\/v2\/media?parent=466"}],"wp:term":[{"taxonomy":"post_tag","embeddable":true,"href":"https:\/\/www.csepelivaroskep.hu\/radnoti\/wp-json\/wp\/v2\/tags?post=466"},{"taxonomy":"tribe_events_cat","embeddable":true,"href":"https:\/\/www.csepelivaroskep.hu\/radnoti\/wp-json\/wp\/v2\/tribe_events_cat?post=466"}],"curies":[{"name":"wp","href":"https:\/\/api.w.org\/{rel}","templated":true}]}}

Maci Brúnó karácsonya

<p><strong>December 5., péntek 18 óra</strong></p>
<p>Zenés mikulásváró műsor a Holle Anyó Színházzal, előtte 17 órától kreatív foglalkozás</p>
<p><strong>A belépőjegy ára: 650 Ft, a csomagjegy ára 650 Ft</strong>, amely elővételben vásárolható a művelődési házban!</p>
<p>A jegyek helyreszólóak!</p>
<p>&nbsp;</p>

<p>Holle Anyó Színház</p>
