{"id":499,"date":"2018-05-07T18:38:26","date_gmt":"2018-05-07T18:38:26","guid":{"rendered":"http:\/\/www.csepelivaroskep.hu\/radnoti\/?post_type=tribe_events&#038;p=499"},"modified":"2018-05-07T18:38:26","modified_gmt":"2018-05-07T18:38:26","slug":"fold-oraja","status":"publish","type":"tribe_events","link":"https:\/\/www.csepelivaroskep.hu\/radnoti\/programok\/fold-oraja\/","title":{"rendered":"F\u00f6ld \u00d3r\u00e1ja"},"content":{"rendered":"<p>A Radn\u00f3ti Mikl\u00f3s M\u0171vel\u0151d\u00e9si H\u00e1z is r\u00e9szt vesz a F\u00f6ld \u00d3r\u00e1ja programban. M\u00e1rcius 28-\u00e1n, 20:30-21:30 k\u00f6z\u00f6tt lekapcsolunk minden vil\u00e1g\u00edt\u00e1st, ezzel h\u00edvjuk fel a figyelmet a k\u00f6rnyezetv\u00e9delem fontoss\u00e1g\u00e1ra, a t\u00falfogyaszt\u00e1s vesz\u00e9ly\u00e9re. Csatlakozz te is h\u00e1ztart\u00e1soddal, int\u00e9zm\u00e9nyeddel! Mostant\u00f3l nem megy n\u00e9lk\u00fcled, ugyanis \u00fct\u00f6tt a F\u00f6ld \u00d3r\u00e1ja!\u00a0<a href=\"http:\/\/foldoraja.hu\/index.php?m=hirek\" target=\"_blank\" rel=\"nofollow noopener\">http:\/\/foldoraja.hu\/index.php?m=hirek<\/a><\/p>\n","protected":false},"excerpt":{"rendered":"<p>Mindenki vend\u00e9g\u00fcnk egy te\u00e1ra<\/p>\n","protected":false},"author":1,"featured_media":500,"comment_status":"closed","ping_status":"closed","template":"","meta":[],"tags":[14,12,21,27,13,18],"tribe_events_cat":[3],"acf":[],"_links":{"self":[{"href":"https:\/\/www.csepelivaroskep.hu\/radnoti\/wp-json\/wp\/v2\/tribe_events\/499"}],"collection":[{"href":"https:\/\/www.csepelivaroskep.hu\/radnoti\/wp-json\/wp\/v2\/tribe_events"}],"about":[{"href":"https:\/\/www.csepelivaroskep.hu\/radnoti\/wp-json\/wp\/v2\/types\/tribe_events"}],"author":[{"embeddable":true,"href":"https:\/\/www.csepelivaroskep.hu\/radnoti\/wp-json\/wp\/v2\/users\/1"}],"replies":[{"embeddable":true,"href":"https:\/\/www.csepelivaroskep.hu\/radnoti\/wp-json\/wp\/v2\/comments?post=499"}],"version-history":[{"count":1,"href":"https:\/\/www.csepelivaroskep.hu\/radnoti\/wp-json\/wp\/v2\/tribe_events\/499\/revisions"}],"predecessor-version":[{"id":501,"href":"https:\/\/www.csepelivaroskep.hu\/radnoti\/wp-json\/wp\/v2\/tribe_events\/499\/revisions\/501"}],"wp:featuredmedia":[{"embeddable":true,"href":"https:\/\/www.csepelivaroskep.hu\/radnoti\/wp-json\/wp\/v2\/media\/500"}],"wp:attachment":[{"href":"https:\/\/www.csepelivaroskep.hu\/radnoti\/wp-json\/wp\/v2\/media?parent=499"}],"wp:term":[{"taxonomy":"post_tag","embeddable":true,"href":"https:\/\/www.csepelivaroskep.hu\/radnoti\/wp-json\/wp\/v2\/tags?post=499"},{"taxonomy":"tribe_events_cat","embeddable":true,"href":"https:\/\/www.csepelivaroskep.hu\/radnoti\/wp-json\/wp\/v2\/tribe_events_cat?post=499"}],"curies":[{"name":"wp","href":"https:\/\/api.w.org\/{rel}","templated":true}]}}

Föld Órája

<p>A Radnóti Miklós Művelődési Ház is részt vesz a Föld Órája programban. Március 28-án, 20:30-21:30 között lekapcsolunk minden világítást, ezzel hívjuk fel a figyelmet a környezetvédelem fontosságára, a túlfogyasztás veszélyére. Csatlakozz te is háztartásoddal, intézményeddel! Mostantól nem megy nélküled, ugyanis ütött a Föld Órája! <a href="http://foldoraja.hu/index.php?m=hirek" target="_blank" rel="nofollow noopener">http://foldoraja.hu/index.php?m=hirek</a></p>

<p>Mindenki vendégünk egy teára</p>
