{"id":510,"date":"2018-05-07T18:48:37","date_gmt":"2018-05-07T18:48:37","guid":{"rendered":"http:\/\/www.csepelivaroskep.hu\/radnoti\/?post_type=tribe_events&#038;p=510"},"modified":"2018-05-07T18:48:37","modified_gmt":"2018-05-07T18:48:37","slug":"hangfurdo","status":"publish","type":"tribe_events","link":"https:\/\/www.csepelivaroskep.hu\/radnoti\/programok\/hangfurdo\/","title":{"rendered":"Hangf\u00fcrd\u0151"},"content":{"rendered":"<p><strong>Csoportos hangf\u00fcrd\u0151 ter\u00e1pi\u00e1s t\u00e1lakkal<\/strong><\/p>\n<p>A hangf\u00fcrd\u0151 ideje alatt k\u00e9nyelmes helyzetben pihen\u00fcnk, a t\u00e1lak hangjai m\u00e9ly relax\u00e1ci\u00f3s \u00e1llapotot hoznak l\u00e9tre,<br \/>\nseg\u00edtve az \u00f6ngy\u00f3gy\u00edt\u00f3 folyamatok m\u0171k\u00f6d\u00e9s\u00e9t. A csoportos hangf\u00fcrd\u0151 azoknak k\u00edn\u00e1l nagyszer\u0171 lehet\u0151s\u00e9get, akik<br \/>\naz egy\u00e9ni kezel\u00e9st anyagiak, illetve id\u0151hi\u00e1ny miatt nem felt\u00e9tlen\u00fcl tudj\u00e1k megengedni maguknak.<\/p>\n<p>Helysz\u00edn:<\/p>\n<p><strong>Radn\u00f3ti Mikl\u00f3s M\u0171vel\u0151d\u00e9si H\u00e1z<\/strong><\/p>\n<p>Id\u0151pontok:<\/p>\n<p><strong>\u00a0\u00e1prilis 30. 18-t\u00f3l 19 \u00f3r\u00e1ig<\/strong><\/p>\n<p>C\u00edm:\u00a0<strong>1214 V\u00e9nusz u. 2.<\/strong><\/p>\n<p>\u00c1ra:\u00a0<strong>1.500 forint\/f\u0151<\/strong><\/p>\n<p>Tartja: M\u00e1th\u00e9 Hajnal vaisnava teol\u00f3gus, hangterapeuta<\/p>\n","protected":false},"excerpt":{"rendered":"<p>Csoportos hangf\u00fcrd\u0151 ter\u00e1pi\u00e1s t\u00e1lakkal<\/p>\n","protected":false},"author":1,"featured_media":511,"comment_status":"closed","ping_status":"closed","template":"","meta":[],"tags":[14,27,28],"tribe_events_cat":[3],"acf":[],"_links":{"self":[{"href":"https:\/\/www.csepelivaroskep.hu\/radnoti\/wp-json\/wp\/v2\/tribe_events\/510"}],"collection":[{"href":"https:\/\/www.csepelivaroskep.hu\/radnoti\/wp-json\/wp\/v2\/tribe_events"}],"about":[{"href":"https:\/\/www.csepelivaroskep.hu\/radnoti\/wp-json\/wp\/v2\/types\/tribe_events"}],"author":[{"embeddable":true,"href":"https:\/\/www.csepelivaroskep.hu\/radnoti\/wp-json\/wp\/v2\/users\/1"}],"replies":[{"embeddable":true,"href":"https:\/\/www.csepelivaroskep.hu\/radnoti\/wp-json\/wp\/v2\/comments?post=510"}],"version-history":[{"count":1,"href":"https:\/\/www.csepelivaroskep.hu\/radnoti\/wp-json\/wp\/v2\/tribe_events\/510\/revisions"}],"predecessor-version":[{"id":512,"href":"https:\/\/www.csepelivaroskep.hu\/radnoti\/wp-json\/wp\/v2\/tribe_events\/510\/revisions\/512"}],"wp:featuredmedia":[{"embeddable":true,"href":"https:\/\/www.csepelivaroskep.hu\/radnoti\/wp-json\/wp\/v2\/media\/511"}],"wp:attachment":[{"href":"https:\/\/www.csepelivaroskep.hu\/radnoti\/wp-json\/wp\/v2\/media?parent=510"}],"wp:term":[{"taxonomy":"post_tag","embeddable":true,"href":"https:\/\/www.csepelivaroskep.hu\/radnoti\/wp-json\/wp\/v2\/tags?post=510"},{"taxonomy":"tribe_events_cat","embeddable":true,"href":"https:\/\/www.csepelivaroskep.hu\/radnoti\/wp-json\/wp\/v2\/tribe_events_cat?post=510"}],"curies":[{"name":"wp","href":"https:\/\/api.w.org\/{rel}","templated":true}]}}

Hangfürdő

<p><strong>Csoportos hangfürdő terápiás tálakkal</strong></p>
<p>A hangfürdő ideje alatt kényelmes helyzetben pihenünk, a tálak hangjai mély relaxációs állapotot hoznak létre,<br />
segítve az öngyógyító folyamatok működését. A csoportos hangfürdő azoknak kínál nagyszerű lehetőséget, akik<br />
az egyéni kezelést anyagiak, illetve időhiány miatt nem feltétlenül tudják megengedni maguknak.</p>
<p>Helyszín:</p>
<p><strong>Radnóti Miklós Művelődési Ház</strong></p>
<p>Időpontok:</p>
<p><strong> április 30. 18-tól 19 óráig</strong></p>
<p>Cím: <strong>1214 Vénusz u. 2.</strong></p>
<p>Ára: <strong>1.500 forint/fő</strong></p>
<p>Tartja: Máthé Hajnal vaisnava teológus, hangterapeuta</p>

<p>Csoportos hangfürdő terápiás tálakkal</p>
