{"id":513,"date":"2018-05-07T18:50:25","date_gmt":"2018-05-07T18:50:25","guid":{"rendered":"http:\/\/www.csepelivaroskep.hu\/radnoti\/?post_type=tribe_events&#038;p=513"},"modified":"2018-05-07T18:50:25","modified_gmt":"2018-05-07T18:50:25","slug":"emlekszel-az-emberre","status":"publish","type":"tribe_events","link":"https:\/\/www.csepelivaroskep.hu\/radnoti\/programok\/emlekszel-az-emberre\/","title":{"rendered":"Eml\u00e9kszel&#8230;(az emberre)?"},"content":{"rendered":"<p>Az Ar\u00e9na Sz\u00ednt\u00e1rsulat sz\u00ednpadi el\u0151ad\u00e1sa\u00a0k\u00e9t felvon\u00e1sban<\/p>\n<p>2015.05.09, 18:00 \u00f3r\u00e1t\u00f3l<\/p>\n<p>Egy k\u00fcl\u00f6nleges t\u00f6rt\u00e9net az utols\u00f3 emberp\u00e1rr\u00f3l.<\/p>\n<p>\u201eRombolt\u2026 de valamikor \u00e9p\u00edtett is. Csak az\u00e9rt, hogy adjon valamit a vil\u00e1gnak. \u00c9rdek n\u00e9lk\u00fcl teremtett.<br \/>\nMost mindennek a v\u00e9g\u00e9n\u2026 Az emberis\u00e9g ut\u00e1n milyen \u00fczenet marad a f\u00f6ld\u00f6n? Mit \u00fczen az ember az univerzumnak \u00e9s az isteneknek?<br \/>\nK\u00e9t szerelmes fiatal. Egy f\u00e9rfi \u00e9s egy n\u0151, akik alig kezdt\u00e9k meg k\u00f6z\u00f6s \u00e9let\u00fcket, de m\u00e1r menek\u00fclni\u00fck is kell a vil\u00e1g el\u0151l (m\u00e9g az \u00e9letben a pusztul\u00e1s el\u0151tt), hogy ne<br \/>\n\u00e9gesse, tegye t\u00f6nkre \u0151ket. Egy kietlen pusztas\u00e1gba vezet \u00fatjuk, hol \u00fajra r\u00e1tal\u00e1lnak valamire, ami m\u00e1r r\u00e9gen elveszett\u2026<br \/>\nF\u00e9rfi \u00e9s a n\u0151. Az ember. Angyal \u00e9s \u00f6rd\u00f6g.<br \/>\nA titok\u2026 Egy napl\u00f3 \u00e9s egy l\u00e9ny.\u201d<\/p>\n<p>&nbsp;<\/p>\n<p>A bel\u00e9p\u00e9s d\u00edjtalan!<\/p>\n","protected":false},"excerpt":{"rendered":"<p>Az Ar\u00e9na Sz\u00ednt\u00e1rsulat sz\u00ednpadi el\u0151ad\u00e1sa\u00a0k\u00e9t felvon\u00e1sban<\/p>\n","protected":false},"author":1,"featured_media":514,"comment_status":"closed","ping_status":"closed","template":"","meta":[],"tags":[14,16,13],"tribe_events_cat":[3],"acf":[],"_links":{"self":[{"href":"https:\/\/www.csepelivaroskep.hu\/radnoti\/wp-json\/wp\/v2\/tribe_events\/513"}],"collection":[{"href":"https:\/\/www.csepelivaroskep.hu\/radnoti\/wp-json\/wp\/v2\/tribe_events"}],"about":[{"href":"https:\/\/www.csepelivaroskep.hu\/radnoti\/wp-json\/wp\/v2\/types\/tribe_events"}],"author":[{"embeddable":true,"href":"https:\/\/www.csepelivaroskep.hu\/radnoti\/wp-json\/wp\/v2\/users\/1"}],"replies":[{"embeddable":true,"href":"https:\/\/www.csepelivaroskep.hu\/radnoti\/wp-json\/wp\/v2\/comments?post=513"}],"version-history":[{"count":1,"href":"https:\/\/www.csepelivaroskep.hu\/radnoti\/wp-json\/wp\/v2\/tribe_events\/513\/revisions"}],"predecessor-version":[{"id":515,"href":"https:\/\/www.csepelivaroskep.hu\/radnoti\/wp-json\/wp\/v2\/tribe_events\/513\/revisions\/515"}],"wp:featuredmedia":[{"embeddable":true,"href":"https:\/\/www.csepelivaroskep.hu\/radnoti\/wp-json\/wp\/v2\/media\/514"}],"wp:attachment":[{"href":"https:\/\/www.csepelivaroskep.hu\/radnoti\/wp-json\/wp\/v2\/media?parent=513"}],"wp:term":[{"taxonomy":"post_tag","embeddable":true,"href":"https:\/\/www.csepelivaroskep.hu\/radnoti\/wp-json\/wp\/v2\/tags?post=513"},{"taxonomy":"tribe_events_cat","embeddable":true,"href":"https:\/\/www.csepelivaroskep.hu\/radnoti\/wp-json\/wp\/v2\/tribe_events_cat?post=513"}],"curies":[{"name":"wp","href":"https:\/\/api.w.org\/{rel}","templated":true}]}}

Emlékszel&#8230;(az emberre)?

<p>Az Aréna Színtársulat színpadi előadása két felvonásban</p>
<p>2015.05.09, 18:00 órától</p>
<p>Egy különleges történet az utolsó emberpárról.</p>
<p>„Rombolt… de valamikor épített is. Csak azért, hogy adjon valamit a világnak. Érdek nélkül teremtett.<br />
Most mindennek a végén… Az emberiség után milyen üzenet marad a földön? Mit üzen az ember az univerzumnak és az isteneknek?<br />
Két szerelmes fiatal. Egy férfi és egy nő, akik alig kezdték meg közös életüket, de már menekülniük is kell a világ elől (még az életben a pusztulás előtt), hogy ne<br />
égesse, tegye tönkre őket. Egy kietlen pusztaságba vezet útjuk, hol újra rátalálnak valamire, ami már régen elveszett…<br />
Férfi és a nő. Az ember. Angyal és ördög.<br />
A titok… Egy napló és egy lény.”</p>
<p>&nbsp;</p>
<p>A belépés díjtalan!</p>

<p>Az Aréna Színtársulat színpadi előadása két felvonásban</p>
