{"id":519,"date":"2018-05-07T19:03:11","date_gmt":"2018-05-07T19:03:11","guid":{"rendered":"http:\/\/www.csepelivaroskep.hu\/radnoti\/?post_type=tribe_events&#038;p=519"},"modified":"2018-05-07T19:03:11","modified_gmt":"2018-05-07T19:03:11","slug":"a-gorog-dal-napja-2","status":"publish","type":"tribe_events","link":"https:\/\/www.csepelivaroskep.hu\/radnoti\/programok\/a-gorog-dal-napja-2\/","title":{"rendered":"A G\u00f6r\u00f6g Dal Napja"},"content":{"rendered":"<p>A G\u00f6r\u00f6g Dal Napja<\/p>\n<p>\u00c9l\u0151zen\u00e9s t\u00e1ncoktat\u00e1s a Csepeli G\u00f6r\u00f6g \u00d6nkorm\u00e1nyzat szervez\u00e9s\u00e9ben, a Mydros zenekarral!<\/p>\n<p><strong>Id\u0151pont:<\/strong>\u00a0augusztus 29.<\/p>\n<p>18-22 \u00f3r\u00e1ig<\/p>\n<p>A bel\u00e9p\u00e9s d\u00edjtalan!<\/p>\n<p><iframe width=\"640\" height=\"360\" src=\"https:\/\/www.youtube.com\/embed\/U3KO57X-8P4?start=89&#038;feature=oembed\" frameborder=\"0\" allow=\"autoplay; encrypted-media\" allowfullscreen><\/iframe><\/p>\n","protected":false},"excerpt":{"rendered":"<p>Mydros zenekar<\/p>\n","protected":false},"author":1,"featured_media":520,"comment_status":"closed","ping_status":"closed","template":"","meta":[],"tags":[17,14,22,33,27,13,19],"tribe_events_cat":[3],"acf":[],"_links":{"self":[{"href":"https:\/\/www.csepelivaroskep.hu\/radnoti\/wp-json\/wp\/v2\/tribe_events\/519"}],"collection":[{"href":"https:\/\/www.csepelivaroskep.hu\/radnoti\/wp-json\/wp\/v2\/tribe_events"}],"about":[{"href":"https:\/\/www.csepelivaroskep.hu\/radnoti\/wp-json\/wp\/v2\/types\/tribe_events"}],"author":[{"embeddable":true,"href":"https:\/\/www.csepelivaroskep.hu\/radnoti\/wp-json\/wp\/v2\/users\/1"}],"replies":[{"embeddable":true,"href":"https:\/\/www.csepelivaroskep.hu\/radnoti\/wp-json\/wp\/v2\/comments?post=519"}],"version-history":[{"count":1,"href":"https:\/\/www.csepelivaroskep.hu\/radnoti\/wp-json\/wp\/v2\/tribe_events\/519\/revisions"}],"predecessor-version":[{"id":521,"href":"https:\/\/www.csepelivaroskep.hu\/radnoti\/wp-json\/wp\/v2\/tribe_events\/519\/revisions\/521"}],"wp:featuredmedia":[{"embeddable":true,"href":"https:\/\/www.csepelivaroskep.hu\/radnoti\/wp-json\/wp\/v2\/media\/520"}],"wp:attachment":[{"href":"https:\/\/www.csepelivaroskep.hu\/radnoti\/wp-json\/wp\/v2\/media?parent=519"}],"wp:term":[{"taxonomy":"post_tag","embeddable":true,"href":"https:\/\/www.csepelivaroskep.hu\/radnoti\/wp-json\/wp\/v2\/tags?post=519"},{"taxonomy":"tribe_events_cat","embeddable":true,"href":"https:\/\/www.csepelivaroskep.hu\/radnoti\/wp-json\/wp\/v2\/tribe_events_cat?post=519"}],"curies":[{"name":"wp","href":"https:\/\/api.w.org\/{rel}","templated":true}]}}

A Görög Dal Napja

<p>A Görög Dal Napja</p>
<p>Élőzenés táncoktatás a Csepeli Görög Önkormányzat szervezésében, a Mydros zenekarral!</p>
<p><strong>Időpont:</strong> augusztus 29.</p>
<p>18-22 óráig</p>
<p>A belépés díjtalan!</p>
<p><iframe width="640" height="360" src="https://www.youtube.com/embed/U3KO57X-8P4?start=89&#038;feature=oembed" frameborder="0" allow="autoplay; encrypted-media" allowfullscreen></iframe></p>
