{"id":522,"date":"2018-05-08T09:54:38","date_gmt":"2018-05-08T09:54:38","guid":{"rendered":"http:\/\/www.csepelivaroskep.hu\/radnoti\/?post_type=tribe_events&#038;p=522"},"modified":"2018-05-08T09:54:53","modified_gmt":"2018-05-08T09:54:53","slug":"tombolj-es-tanulj","status":"publish","type":"tribe_events","link":"https:\/\/www.csepelivaroskep.hu\/radnoti\/programok\/tombolj-es-tanulj\/","title":{"rendered":"Tombolj \u00e9s tanulj!"},"content":{"rendered":"<p><strong>Csepeli Csal\u00e1di Szombat &#8211; Egy szelet Csepel<\/strong><br \/>\n<strong>Szeptember 5. 10-18 \u00f3r\u00e1ig<\/strong><\/p>\n<p>Tombolj m\u00e9g egy napot \u00e9s k\u00e9sz\u00fclj a sulira j\u00e1t\u00e9kosan a csal\u00e1ddal egy\u00fctt!<\/p>\n<p><strong>Sz\u00ednpadi programok:<\/strong><br \/>\n10.00-11.00 &#8211; A Csizm\u00e1s kand\u00far<br \/>\n11.15-12.00 &#8211; Ugr\u00f3k\u00f6t\u00e9l show<br \/>\n12.00-14.00 &#8211; \u00c9rdekess\u00e9gek, meglepet\u00e9sek, versenyek<br \/>\n14.00-15.00 &#8211; Eszter-l\u00e1nc mesezenekar<br \/>\n15.00-16.20 &#8211; Tanfolyami bemutat\u00f3k<br \/>\n17.00-17.50 &#8211; Mar\u00f3t Viki \u00e9s a Nova Kult\u00far Zenekar<\/p>\n<p><strong>Tov\u00e1bbi programok:<\/strong><br \/>\nlovagl\u00e1s<br \/>\n\u00f6ttusa k\u00f6ly\u00f6k park<br \/>\nk\u00f6rhinta \u00e9s n\u00e9pi j\u00e1t\u00e9kok<br \/>\nk\u00e9zm\u0171ves foglalkoz\u00e1sok<br \/>\nmassz\u00e1zs<br \/>\narcfest\u00e9s<br \/>\nm\u00e1sz\u00f3fal<br \/>\nkos\u00e1rra dob\u00e1s<br \/>\nlogikai j\u00e1t\u00e9kok<br \/>\nbabasziget<\/p>\n<p><span style=\"text-decoration: underline;\"><strong>Tank\u00f6nyv<\/strong><\/span><strong>\u00a0b\u00f6rze:<\/strong><strong><br \/>\n<\/strong>Tank\u00f6nyvek, munkaf\u00fczetek, k\u00f6telez\u0151 olvasm\u00e1nyok, sz\u00f3t\u00e1ra, atlaszok, lexikonok ad\u00e1s-v\u00e9tele, cser\u00e9je.<br \/>\nAsztalb\u00e9rl\u00e9s ingyenes, de regisztr\u00e1ci\u00f3hoz k\u00f6t\u00f6tt: radnotimuvhaz@csepelivaroskep.hu, 278-2757<br \/>\nJelentkez\u00e9si hat\u00e1rid\u0151: 2015.09.01.<\/p>\n<p>&nbsp;<\/p>\n<p>A rendezv\u00e9nyen val\u00f3 r\u00e9szv\u00e9tel d\u00edjtalan!<\/p>\n<p>&nbsp;<\/p>\n","protected":false},"excerpt":{"rendered":"<p>Csepeli Csal\u00e1di Szombat &#8211; Egy szelet Csepel<\/p>\n","protected":false},"author":1,"featured_media":524,"comment_status":"closed","ping_status":"closed","template":"","meta":[],"tags":[14,21,30,33,27,13],"tribe_events_cat":[3],"acf":[],"_links":{"self":[{"href":"https:\/\/www.csepelivaroskep.hu\/radnoti\/wp-json\/wp\/v2\/tribe_events\/522"}],"collection":[{"href":"https:\/\/www.csepelivaroskep.hu\/radnoti\/wp-json\/wp\/v2\/tribe_events"}],"about":[{"href":"https:\/\/www.csepelivaroskep.hu\/radnoti\/wp-json\/wp\/v2\/types\/tribe_events"}],"author":[{"embeddable":true,"href":"https:\/\/www.csepelivaroskep.hu\/radnoti\/wp-json\/wp\/v2\/users\/1"}],"replies":[{"embeddable":true,"href":"https:\/\/www.csepelivaroskep.hu\/radnoti\/wp-json\/wp\/v2\/comments?post=522"}],"version-history":[{"count":1,"href":"https:\/\/www.csepelivaroskep.hu\/radnoti\/wp-json\/wp\/v2\/tribe_events\/522\/revisions"}],"predecessor-version":[{"id":523,"href":"https:\/\/www.csepelivaroskep.hu\/radnoti\/wp-json\/wp\/v2\/tribe_events\/522\/revisions\/523"}],"wp:featuredmedia":[{"embeddable":true,"href":"https:\/\/www.csepelivaroskep.hu\/radnoti\/wp-json\/wp\/v2\/media\/524"}],"wp:attachment":[{"href":"https:\/\/www.csepelivaroskep.hu\/radnoti\/wp-json\/wp\/v2\/media?parent=522"}],"wp:term":[{"taxonomy":"post_tag","embeddable":true,"href":"https:\/\/www.csepelivaroskep.hu\/radnoti\/wp-json\/wp\/v2\/tags?post=522"},{"taxonomy":"tribe_events_cat","embeddable":true,"href":"https:\/\/www.csepelivaroskep.hu\/radnoti\/wp-json\/wp\/v2\/tribe_events_cat?post=522"}],"curies":[{"name":"wp","href":"https:\/\/api.w.org\/{rel}","templated":true}]}}

Tombolj és tanulj!

<p><strong>Csepeli Családi Szombat &#8211; Egy szelet Csepel</strong><br />
<strong>Szeptember 5. 10-18 óráig</strong></p>
<p>Tombolj még egy napot és készülj a sulira játékosan a családdal együtt!</p>
<p><strong>Színpadi programok:</strong><br />
10.00-11.00 &#8211; A Csizmás kandúr<br />
11.15-12.00 &#8211; Ugrókötél show<br />
12.00-14.00 &#8211; Érdekességek, meglepetések, versenyek<br />
14.00-15.00 &#8211; Eszter-lánc mesezenekar<br />
15.00-16.20 &#8211; Tanfolyami bemutatók<br />
17.00-17.50 &#8211; Marót Viki és a Nova Kultúr Zenekar</p>
<p><strong>További programok:</strong><br />
lovaglás<br />
öttusa kölyök park<br />
körhinta és népi játékok<br />
kézműves foglalkozások<br />
masszázs<br />
arcfestés<br />
mászófal<br />
kosárra dobás<br />
logikai játékok<br />
babasziget</p>
<p><span style="text-decoration: underline;"><strong>Tankönyv</strong></span><strong> börze:</strong><strong><br />
</strong>Tankönyvek, munkafüzetek, kötelező olvasmányok, szótára, atlaszok, lexikonok adás-vétele, cseréje.<br />
Asztalbérlés ingyenes, de regisztrációhoz kötött: radnotimuvhaz@csepelivaroskep.hu, 278-2757<br />
Jelentkezési határidő: 2015.09.01.</p>
<p>&nbsp;</p>
<p>A rendezvényen való részvétel díjtalan!</p>
<p>&nbsp;</p>

<p>Csepeli Családi Szombat &#8211; Egy szelet Csepel</p>
