{"id":525,"date":"2018-05-08T10:26:56","date_gmt":"2018-05-08T10:26:56","guid":{"rendered":"http:\/\/www.csepelivaroskep.hu\/radnoti\/?post_type=tribe_events&#038;p=525"},"modified":"2018-05-08T10:33:30","modified_gmt":"2018-05-08T10:33:30","slug":"iskolatorteneti-kiallitas","status":"publish","type":"tribe_events","link":"https:\/\/www.csepelivaroskep.hu\/radnoti\/programok\/iskolatorteneti-kiallitas\/","title":{"rendered":"Iskolat\u00f6rt\u00e9neti ki\u00e1ll\u00edt\u00e1s"},"content":{"rendered":"<p>Amikor \u00e9n m\u00e9g kissr\u00e1c voltam&#8230; c\u00edmmel \u00e1lland\u00f3 iskolat\u00f6rt\u00e9neti ki\u00e1ll\u00edt\u00e1s ny\u00edlt a Szolg\u00e1ltat\u00f3h\u00e1zban (volt II. R\u00e1k\u00f3czi Ferenc \u00c1ltal\u00e1nos Iskola), melynek egy kis darabj\u00e1t megtekinthetik l\u00e1togat\u00f3ink a m\u0171vel\u0151d\u00e9si h\u00e1z el\u0151ter\u00e9ben. Az \u00e1lland\u00f3 ki\u00e1ll\u00edt\u00e1s a Szolg\u00e1ltat\u00f3h\u00e1z nyitva tart\u00e1si idej\u00e9ben ingyenesen l\u00e1togathat\u00f3, Csepel iskolat\u00f6rt\u00e9net\u00e9t mutatja be.<\/p>\n<p><img loading=\"lazy\" class=\"alignnone size-medium wp-image-526\" src=\"http:\/\/www.csepelivaroskep.hu\/radnoti\/wp-content\/uploads\/sites\/2\/2018\/05\/2015.09.05-isktort2-169x300.jpg\" alt=\"\" width=\"169\" height=\"300\" srcset=\"https:\/\/www.csepelivaroskep.hu\/radnoti\/wp-content\/uploads\/sites\/2\/2018\/05\/2015.09.05-isktort2-169x300.jpg 169w, https:\/\/www.csepelivaroskep.hu\/radnoti\/wp-content\/uploads\/sites\/2\/2018\/05\/2015.09.05-isktort2.jpg 540w\" sizes=\"(max-width: 169px) 100vw, 169px\" \/><\/p>\n","protected":false},"excerpt":{"rendered":"<p>Tombolj \u00e9s tanulj! rendezv\u00e9nyt\u0151l kezdve<\/p>\n","protected":false},"author":1,"featured_media":527,"comment_status":"closed","ping_status":"closed","template":"","meta":[],"tags":[14,21,30],"tribe_events_cat":[3],"acf":[],"_links":{"self":[{"href":"https:\/\/www.csepelivaroskep.hu\/radnoti\/wp-json\/wp\/v2\/tribe_events\/525"}],"collection":[{"href":"https:\/\/www.csepelivaroskep.hu\/radnoti\/wp-json\/wp\/v2\/tribe_events"}],"about":[{"href":"https:\/\/www.csepelivaroskep.hu\/radnoti\/wp-json\/wp\/v2\/types\/tribe_events"}],"author":[{"embeddable":true,"href":"https:\/\/www.csepelivaroskep.hu\/radnoti\/wp-json\/wp\/v2\/users\/1"}],"replies":[{"embeddable":true,"href":"https:\/\/www.csepelivaroskep.hu\/radnoti\/wp-json\/wp\/v2\/comments?post=525"}],"version-history":[{"count":1,"href":"https:\/\/www.csepelivaroskep.hu\/radnoti\/wp-json\/wp\/v2\/tribe_events\/525\/revisions"}],"predecessor-version":[{"id":528,"href":"https:\/\/www.csepelivaroskep.hu\/radnoti\/wp-json\/wp\/v2\/tribe_events\/525\/revisions\/528"}],"wp:featuredmedia":[{"embeddable":true,"href":"https:\/\/www.csepelivaroskep.hu\/radnoti\/wp-json\/wp\/v2\/media\/527"}],"wp:attachment":[{"href":"https:\/\/www.csepelivaroskep.hu\/radnoti\/wp-json\/wp\/v2\/media?parent=525"}],"wp:term":[{"taxonomy":"post_tag","embeddable":true,"href":"https:\/\/www.csepelivaroskep.hu\/radnoti\/wp-json\/wp\/v2\/tags?post=525"},{"taxonomy":"tribe_events_cat","embeddable":true,"href":"https:\/\/www.csepelivaroskep.hu\/radnoti\/wp-json\/wp\/v2\/tribe_events_cat?post=525"}],"curies":[{"name":"wp","href":"https:\/\/api.w.org\/{rel}","templated":true}]}}

Iskolatörténeti kiállítás

<p>Amikor én még kissrác voltam&#8230; címmel állandó iskolatörténeti kiállítás nyílt a Szolgáltatóházban (volt II. Rákóczi Ferenc Általános Iskola), melynek egy kis darabját megtekinthetik látogatóink a művelődési ház előterében. Az állandó kiállítás a Szolgáltatóház nyitva tartási idejében ingyenesen látogatható, Csepel iskolatörténetét mutatja be.</p>
<p><img loading="lazy" class="alignnone size-medium wp-image-526" src="http://www.csepelivaroskep.hu/radnoti/wp-content/uploads/sites/2/2018/05/2015.09.05-isktort2-169x300.jpg" alt="" width="169" height="300" srcset="https://www.csepelivaroskep.hu/radnoti/wp-content/uploads/sites/2/2018/05/2015.09.05-isktort2-169x300.jpg 169w, https://www.csepelivaroskep.hu/radnoti/wp-content/uploads/sites/2/2018/05/2015.09.05-isktort2.jpg 540w" sizes="(max-width: 169px) 100vw, 169px" /></p>

<p>Tombolj és tanulj! rendezvénytől kezdve</p>
