{"id":529,"date":"2018-05-08T11:19:49","date_gmt":"2018-05-08T11:19:49","guid":{"rendered":"http:\/\/www.csepelivaroskep.hu\/radnoti\/?post_type=tribe_events&#038;p=529"},"modified":"2018-05-08T11:19:49","modified_gmt":"2018-05-08T11:19:49","slug":"garazsvasar-csepelen-2","status":"publish","type":"tribe_events","link":"https:\/\/www.csepelivaroskep.hu\/radnoti\/programok\/garazsvasar-csepelen-2\/","title":{"rendered":"Gar\u00e1zsv\u00e1s\u00e1r Csepelen"},"content":{"rendered":"<p><strong><span style=\"color: #ff0000;\">MINDEN ASZTAL\u00a0ELKELT!<\/span><\/strong><\/p>\n<p>&nbsp;<\/p>\n<p>Kedves \u00c9rdekl\u0151d\u0151k!<\/p>\n<p>A Gar\u00e1zsv\u00e1s\u00e1r j\u00f3 id\u0151 eset\u00e9n a H\u00e1z el\u0151tt ker\u00fcl megrendez\u00e9sre, rossz id\u0151 eset\u00e9n pedig a H\u00e1zban!<\/p>\n<p><strong>Asztal b\u00e9rl\u00e9s<\/strong>: 1500 Ft\/asztal (csak szem\u00e9lyesen)<\/p>\n<p>Ha\u00a0<strong>\u00e1llv\u00e1nyt hoz<\/strong>, vagy az\u00a0<strong>asztal el\u00e9 is pakol<\/strong>, akkor 500 Ft-ot sz\u00e1molunk fel!<\/p>\n<p>Ha tov\u00e1bbi k\u00e9rd\u00e9se van, h\u00edvjon minket a 1\/278-2757-es sz\u00e1mon, vagy keressen minket szem\u00e9lyesen!<\/p>\n","protected":false},"excerpt":{"rendered":"<p>Minden asztal elkelt<\/p>\n","protected":false},"author":1,"featured_media":530,"comment_status":"closed","ping_status":"closed","template":"","meta":[],"tags":[11],"tribe_events_cat":[3],"acf":[],"_links":{"self":[{"href":"https:\/\/www.csepelivaroskep.hu\/radnoti\/wp-json\/wp\/v2\/tribe_events\/529"}],"collection":[{"href":"https:\/\/www.csepelivaroskep.hu\/radnoti\/wp-json\/wp\/v2\/tribe_events"}],"about":[{"href":"https:\/\/www.csepelivaroskep.hu\/radnoti\/wp-json\/wp\/v2\/types\/tribe_events"}],"author":[{"embeddable":true,"href":"https:\/\/www.csepelivaroskep.hu\/radnoti\/wp-json\/wp\/v2\/users\/1"}],"replies":[{"embeddable":true,"href":"https:\/\/www.csepelivaroskep.hu\/radnoti\/wp-json\/wp\/v2\/comments?post=529"}],"version-history":[{"count":1,"href":"https:\/\/www.csepelivaroskep.hu\/radnoti\/wp-json\/wp\/v2\/tribe_events\/529\/revisions"}],"predecessor-version":[{"id":531,"href":"https:\/\/www.csepelivaroskep.hu\/radnoti\/wp-json\/wp\/v2\/tribe_events\/529\/revisions\/531"}],"wp:featuredmedia":[{"embeddable":true,"href":"https:\/\/www.csepelivaroskep.hu\/radnoti\/wp-json\/wp\/v2\/media\/530"}],"wp:attachment":[{"href":"https:\/\/www.csepelivaroskep.hu\/radnoti\/wp-json\/wp\/v2\/media?parent=529"}],"wp:term":[{"taxonomy":"post_tag","embeddable":true,"href":"https:\/\/www.csepelivaroskep.hu\/radnoti\/wp-json\/wp\/v2\/tags?post=529"},{"taxonomy":"tribe_events_cat","embeddable":true,"href":"https:\/\/www.csepelivaroskep.hu\/radnoti\/wp-json\/wp\/v2\/tribe_events_cat?post=529"}],"curies":[{"name":"wp","href":"https:\/\/api.w.org\/{rel}","templated":true}]}}

Garázsvásár Csepelen

<p><strong><span style="color: #ff0000;">MINDEN ASZTAL ELKELT!</span></strong></p>
<p>&nbsp;</p>
<p>Kedves Érdeklődők!</p>
<p>A Garázsvásár jó idő esetén a Ház előtt kerül megrendezésre, rossz idő esetén pedig a Házban!</p>
<p><strong>Asztal bérlés</strong>: 1500 Ft/asztal (csak személyesen)</p>
<p>Ha <strong>állványt hoz</strong>, vagy az <strong>asztal elé is pakol</strong>, akkor 500 Ft-ot számolunk fel!</p>
<p>Ha további kérdése van, hívjon minket a 1/278-2757-es számon, vagy keressen minket személyesen!</p>
