{"id":542,"date":"2018-05-08T11:28:31","date_gmt":"2018-05-08T11:28:31","guid":{"rendered":"http:\/\/www.csepelivaroskep.hu\/radnoti\/?post_type=tribe_events&#038;p=542"},"modified":"2018-05-08T11:28:31","modified_gmt":"2018-05-08T11:28:31","slug":"betlehemes-szemle-felhivas","status":"publish","type":"tribe_events","link":"https:\/\/www.csepelivaroskep.hu\/radnoti\/programok\/betlehemes-szemle-felhivas\/","title":{"rendered":"Betlehemes szemle felh\u00edv\u00e1s"},"content":{"rendered":"<p><strong>FELH\u00cdV\u00c1S<\/strong><\/p>\n<p>&nbsp;<\/p>\n<p>Tisztelt int\u00e9zm\u00e9nyvezet\u0151 Asszony \/ \u00dar!<\/p>\n<p>&nbsp;<\/p>\n<p>A Radn\u00f3ti Mikl\u00f3s M\u0171vel\u0151d\u00e9si H\u00e1z\u00a0<strong>betlehemes j\u00e1t\u00e9k szeml\u00e9t<\/strong>\u00a0hirdet a ker\u00fclet \u00f3vod\u00e1i \u00e9s \u00e1ltal\u00e1nos iskol\u00e1i sz\u00e1m\u00e1ra.\u00a0<strong>A bemutat\u00f3 id\u0151pontja:<\/strong>\u00a02015. december 12, szombat 16:00 \u00f3ra.<\/p>\n<p>A program els\u0151dleges c\u00e9lja a magyar betlehemes hagyom\u00e1nyok tov\u00e1bb\u00f6r\u00f6k\u00edt\u00e9se, az el\u0151ad\u00e1sokat ez\u00e9rt els\u0151sorban n\u00e9prajz kateg\u00f3ri\u00e1ban k\u00e9rj\u00fck sz\u00ednpadra vinni, maximum 15 perces id\u0151keretben. Az iskol\u00e1k r\u00e9sz\u00e9r\u0151l als\u00f3s \u00e9s fels\u0151s csoportok jelentkez\u00e9s\u00e9t egyar\u00e1nt v\u00e1rjuk. A rendezv\u00e9ny megval\u00f3sul\u00e1s\u00e1nak felt\u00e9tele minimum 5 csapat r\u00e9szv\u00e9tele. Amennyiben a jelentkez\u00e9sek sz\u00e1ma meghaladja a 10-et, \u00fagy sz\u00fcks\u00e9g eset\u00e9n a rendezv\u00e9ny kezd\u00e9si ideje m\u00f3dosulhat. Ig\u00e9ny eset\u00e9n egy sz\u00ednpadi pr\u00f3b\u00e1ra a m\u0171vel\u0151d\u00e9si h\u00e1z el\u0151zetes id\u0151pont egyeztet\u00e9s alapj\u00e1n lehet\u0151s\u00e9get biztos\u00edt.<\/p>\n<p>A produkci\u00f3k \u00e9rt\u00e9kel\u00e9s\u00e9t szakmai zs\u0171ri l\u00e1tja majd el, melyn\u00e9l a f\u0151bb szempontok a mozg\u00e1skult\u00fara, \u00e9nek, sz\u00ednpadi megjelen\u00e9s \u00f6tletess\u00e9ge, valamint a n\u00e9prajzi hiteless\u00e9g lesznek. Az els\u0151 h\u00e1rom helyezett lehet\u0151s\u00e9geinkhez m\u00e9rten d\u00edjaz\u00e1sban r\u00e9szes\u00fcl, a tov\u00e1bbi r\u00e9sztvev\u0151 csoportok munk\u00e1j\u00e1t oklev\u00e9llel fogjuk megk\u00f6sz\u00f6nni. A fell\u00e9p\u00e9sek \u00e9s az eredm\u00e9nyhirdet\u00e9s k\u00f6z\u00f6tti id\u0151re n\u00e9h\u00e1ny m\u00e1s jelleg\u0171, de a kar\u00e1csonyi \u00fcnnepk\u00f6rh\u00f6z szervesen kapcsol\u00f3d\u00f3 m\u0171sort tervez\u00fcnk. Az esem\u00e9nyt a rendelkez\u00e9seinkre \u00e1ll\u00f3 f\u00f3rumokon hirdetni fogjuk, sz\u00e1m\u00edtva a lakoss\u00e1g \u00e9rdekl\u0151d\u00e9s\u00e9re is.<\/p>\n<p><strong>A jelentkez\u00e9si hat\u00e1rid\u0151:<\/strong>\u00a02015. okt\u00f3ber 30.<\/p>\n<p><strong>Aj\u00e1nlott irodalom:<\/strong><\/p>\n<p>\u201e\u2026 hanem vagyok \u00daristen k\u00f6vetje \u2026\u201d &#8211; \u00adA t\u00e9li \u00fcnnepk\u00f6r dramatikus szok\u00e1saib\u00f3l<\/p>\n<ul>\n<li>a Nemzetk\u00f6zi Betlehemes Tal\u00e1lkoz\u00f3k j\u00e1t\u00e9ksz\u00f6vegei<\/li>\n<\/ul>\n<p>(Magyar M\u0171vel\u0151d\u00e9si Int\u00e9zet \u00e9s K\u00e9pz\u0151m\u0171v\u00e9szeti Lektor\u00e1tus, Budapest, 2010., szerk.: Dr. T\u00f6m\u00f6ry M\u00e1rta)<\/p>\n<p>el\u00e9rhet\u0151s\u00e9g:\u00a0<span style=\"text-decoration: underline;\">mek.oszk.hu\/09000\/09016\/09016.pdf<\/span><\/p>\n<p>&nbsp;<\/p>\n<p>Sz\u00e1m\u00edtunk \u00e9rdekl\u0151d\u00e9s\u00fckre \u00e9s seg\u00edt\u0151 munk\u00e1jukra, v\u00e1rjuk \u00e9szrev\u00e9teleiket!<\/p>\n<p><strong>Jelentkez\u00e9seiket<\/strong>\u00a0elk\u00fcldhetik elektronikus \u00faton (jelentkez\u00e9si lap let\u00f6lthet\u0151 a m\u0171vel\u0151d\u00e9si h\u00e1z honlapj\u00e1r\u00f3l:\u00a0<a href=\"http:\/\/www.csepelivaroskep.hu\/radnoti\">www.csepelivaroskep.hu\/radnoti<\/a>\u00a0, faxon, postafordult\u00e1val \u00e9s szem\u00e9lyesen!<\/p>\n","protected":false},"excerpt":{"rendered":"<p>Csepeli \u00f3vod\u00e1k \u00e9s iskol\u00e1k sz\u00e1m\u00e1ra<\/p>\n","protected":false},"author":1,"featured_media":543,"comment_status":"closed","ping_status":"closed","template":"","meta":[],"tags":[15,14,16,12,21,22,27,13,32],"tribe_events_cat":[3],"acf":[],"_links":{"self":[{"href":"https:\/\/www.csepelivaroskep.hu\/radnoti\/wp-json\/wp\/v2\/tribe_events\/542"}],"collection":[{"href":"https:\/\/www.csepelivaroskep.hu\/radnoti\/wp-json\/wp\/v2\/tribe_events"}],"about":[{"href":"https:\/\/www.csepelivaroskep.hu\/radnoti\/wp-json\/wp\/v2\/types\/tribe_events"}],"author":[{"embeddable":true,"href":"https:\/\/www.csepelivaroskep.hu\/radnoti\/wp-json\/wp\/v2\/users\/1"}],"replies":[{"embeddable":true,"href":"https:\/\/www.csepelivaroskep.hu\/radnoti\/wp-json\/wp\/v2\/comments?post=542"}],"version-history":[{"count":1,"href":"https:\/\/www.csepelivaroskep.hu\/radnoti\/wp-json\/wp\/v2\/tribe_events\/542\/revisions"}],"predecessor-version":[{"id":544,"href":"https:\/\/www.csepelivaroskep.hu\/radnoti\/wp-json\/wp\/v2\/tribe_events\/542\/revisions\/544"}],"wp:featuredmedia":[{"embeddable":true,"href":"https:\/\/www.csepelivaroskep.hu\/radnoti\/wp-json\/wp\/v2\/media\/543"}],"wp:attachment":[{"href":"https:\/\/www.csepelivaroskep.hu\/radnoti\/wp-json\/wp\/v2\/media?parent=542"}],"wp:term":[{"taxonomy":"post_tag","embeddable":true,"href":"https:\/\/www.csepelivaroskep.hu\/radnoti\/wp-json\/wp\/v2\/tags?post=542"},{"taxonomy":"tribe_events_cat","embeddable":true,"href":"https:\/\/www.csepelivaroskep.hu\/radnoti\/wp-json\/wp\/v2\/tribe_events_cat?post=542"}],"curies":[{"name":"wp","href":"https:\/\/api.w.org\/{rel}","templated":true}]}}

Betlehemes szemle felhívás

<p><strong>FELHÍVÁS</strong></p>
<p>&nbsp;</p>
<p>Tisztelt intézményvezető Asszony / Úr!</p>
<p>&nbsp;</p>
<p>A Radnóti Miklós Művelődési Ház <strong>betlehemes játék szemlét</strong> hirdet a kerület óvodái és általános iskolái számára. <strong>A bemutató időpontja:</strong> 2015. december 12, szombat 16:00 óra.</p>
<p>A program elsődleges célja a magyar betlehemes hagyományok továbbörökítése, az előadásokat ezért elsősorban néprajz kategóriában kérjük színpadra vinni, maximum 15 perces időkeretben. Az iskolák részéről alsós és felsős csoportok jelentkezését egyaránt várjuk. A rendezvény megvalósulásának feltétele minimum 5 csapat részvétele. Amennyiben a jelentkezések száma meghaladja a 10-et, úgy szükség esetén a rendezvény kezdési ideje módosulhat. Igény esetén egy színpadi próbára a művelődési ház előzetes időpont egyeztetés alapján lehetőséget biztosít.</p>
<p>A produkciók értékelését szakmai zsűri látja majd el, melynél a főbb szempontok a mozgáskultúra, ének, színpadi megjelenés ötletessége, valamint a néprajzi hitelesség lesznek. Az első három helyezett lehetőségeinkhez mérten díjazásban részesül, a további résztvevő csoportok munkáját oklevéllel fogjuk megköszönni. A fellépések és az eredményhirdetés közötti időre néhány más jellegű, de a karácsonyi ünnepkörhöz szervesen kapcsolódó műsort tervezünk. Az eseményt a rendelkezéseinkre álló fórumokon hirdetni fogjuk, számítva a lakosság érdeklődésére is.</p>
<p><strong>A jelentkezési határidő:</strong> 2015. október 30.</p>
<p><strong>Ajánlott irodalom:</strong></p>
<p>„… hanem vagyok Úristen követje …” &#8211; ­A téli ünnepkör dramatikus szokásaiból</p>
<ul>
<li>a Nemzetközi Betlehemes Találkozók játékszövegei</li>
</ul>
<p>(Magyar Művelődési Intézet és Képzőművészeti Lektorátus, Budapest, 2010., szerk.: Dr. Tömöry Márta)</p>
<p>elérhetőség: <span style="text-decoration: underline;">mek.oszk.hu/09000/09016/09016.pdf</span></p>
<p>&nbsp;</p>
<p>Számítunk érdeklődésükre és segítő munkájukra, várjuk észrevételeiket!</p>
<p><strong>Jelentkezéseiket</strong> elküldhetik elektronikus úton (jelentkezési lap letölthető a művelődési ház honlapjáról: <a href="http://www.csepelivaroskep.hu/radnoti">www.csepelivaroskep.hu/radnoti</a> , faxon, postafordultával és személyesen!</p>

<p>Csepeli óvodák és iskolák számára</p>
