{"id":563,"date":"2018-05-08T11:59:31","date_gmt":"2018-05-08T11:59:31","guid":{"rendered":"http:\/\/www.csepelivaroskep.hu\/radnoti\/?post_type=tribe_events&#038;p=563"},"modified":"2018-05-26T16:19:38","modified_gmt":"2018-05-26T16:19:38","slug":"zenes-dinom-danom-5","status":"publish","type":"tribe_events","link":"https:\/\/www.csepelivaroskep.hu\/radnoti\/programok\/zenes-dinom-danom-5\/","title":{"rendered":"Zen\u00e9s d\u00ednom-d\u00e1nom"},"content":{"rendered":"<p>\u201e\u00dcnnepnap van n\u00e1lunk\u2026\u201d<br \/>\n2015. december\u00a05-\u00e9n, szombaton 15 \u00f3r\u00e1t\u00f3l<\/p>\n<p>Zen\u00e9s d\u00ednom-d\u00e1nom a Radn\u00f3tiban<\/p>\n<p>Fell\u00e9pnek:<br \/>\nF\u00e9nyes Gy\u00f6rgy \u00e9s P\u00e1lfi P\u00e9ter<\/p>\n<p>K\u00f6zrem\u0171k\u00f6dnek:<br \/>\nKem\u00e9ny \u00c1gi,\u00a0Farkas Mel\u00e1nia, meglepet\u00e9s unok\u00e1k, Nagy J\u00e1nos dallamf\u00fctty\u00f6s, \u00e9s a Csepeli Mosolyg\u00f3 Dalk\u00f6r P\u00e9ter Anna vezet\u00e9s\u00e9vel.<\/p>\n<p>K\u00eds\u00e9r:<br \/>\nCsel\u00e9nyi L\u00e1szl\u00f3 &#8211; zongora<br \/>\nNagy Imre &#8211; harmonika<br \/>\nA rendezv\u00e9ny h\u00e1ziasszonya: P\u00e9ter Anna<\/p>\n<p>A bel\u00e9p\u0151jegy \u00e1ra\u00a0a helysz\u00ednen 900 Ft.<\/p>\n<p>A m\u0171sorv\u00e1ltoztat\u00e1s jog\u00e1t fenntartjuk!<\/p>\n<p>Radn\u00f3ti Mikl\u00f3s M\u0171vel\u0151d\u00e9si H\u00e1z<br \/>\n1214 Budapest, V\u00e9nusz u. 2., 061\/278-2757, www.csepelivaroskep.hu\/radnoti<\/p>\n","protected":false},"excerpt":{"rendered":"<p>\u00dcnnepnap van n\u00e1lunk\u2026<\/p>\n","protected":false},"author":1,"featured_media":564,"comment_status":"closed","ping_status":"closed","template":"","meta":[],"tags":[14,16,22,33,27,8,13,19],"tribe_events_cat":[3],"acf":[],"_links":{"self":[{"href":"https:\/\/www.csepelivaroskep.hu\/radnoti\/wp-json\/wp\/v2\/tribe_events\/563"}],"collection":[{"href":"https:\/\/www.csepelivaroskep.hu\/radnoti\/wp-json\/wp\/v2\/tribe_events"}],"about":[{"href":"https:\/\/www.csepelivaroskep.hu\/radnoti\/wp-json\/wp\/v2\/types\/tribe_events"}],"author":[{"embeddable":true,"href":"https:\/\/www.csepelivaroskep.hu\/radnoti\/wp-json\/wp\/v2\/users\/1"}],"replies":[{"embeddable":true,"href":"https:\/\/www.csepelivaroskep.hu\/radnoti\/wp-json\/wp\/v2\/comments?post=563"}],"version-history":[{"count":1,"href":"https:\/\/www.csepelivaroskep.hu\/radnoti\/wp-json\/wp\/v2\/tribe_events\/563\/revisions"}],"predecessor-version":[{"id":565,"href":"https:\/\/www.csepelivaroskep.hu\/radnoti\/wp-json\/wp\/v2\/tribe_events\/563\/revisions\/565"}],"wp:featuredmedia":[{"embeddable":true,"href":"https:\/\/www.csepelivaroskep.hu\/radnoti\/wp-json\/wp\/v2\/media\/564"}],"wp:attachment":[{"href":"https:\/\/www.csepelivaroskep.hu\/radnoti\/wp-json\/wp\/v2\/media?parent=563"}],"wp:term":[{"taxonomy":"post_tag","embeddable":true,"href":"https:\/\/www.csepelivaroskep.hu\/radnoti\/wp-json\/wp\/v2\/tags?post=563"},{"taxonomy":"tribe_events_cat","embeddable":true,"href":"https:\/\/www.csepelivaroskep.hu\/radnoti\/wp-json\/wp\/v2\/tribe_events_cat?post=563"}],"curies":[{"name":"wp","href":"https:\/\/api.w.org\/{rel}","templated":true}]}}

Zenés dínom-dánom

<p>„Ünnepnap van nálunk…”<br />
2015. december 5-én, szombaton 15 órától</p>
<p>Zenés dínom-dánom a Radnótiban</p>
<p>Fellépnek:<br />
Fényes György és Pálfi Péter</p>
<p>Közreműködnek:<br />
Kemény Ági, Farkas Melánia, meglepetés unokák, Nagy János dallamfüttyös, és a Csepeli Mosolygó Dalkör Péter Anna vezetésével.</p>
<p>Kísér:<br />
Cselényi László &#8211; zongora<br />
Nagy Imre &#8211; harmonika<br />
A rendezvény háziasszonya: Péter Anna</p>
<p>A belépőjegy ára a helyszínen 900 Ft.</p>
<p>A műsorváltoztatás jogát fenntartjuk!</p>
<p>Radnóti Miklós Művelődési Ház<br />
1214 Budapest, Vénusz u. 2., 061/278-2757, www.csepelivaroskep.hu/radnoti</p>

<p>Ünnepnap van nálunk…</p>
