{"id":566,"date":"2018-05-08T12:01:46","date_gmt":"2018-05-08T12:01:46","guid":{"rendered":"http:\/\/www.csepelivaroskep.hu\/radnoti\/?post_type=tribe_events&#038;p=566"},"modified":"2018-05-08T12:01:46","modified_gmt":"2018-05-08T12:01:46","slug":"kaleidoszkop-16","status":"publish","type":"tribe_events","link":"https:\/\/www.csepelivaroskep.hu\/radnoti\/programok\/kaleidoszkop-16\/","title":{"rendered":"Kaleidoszk\u00f3p"},"content":{"rendered":"<p>KALEIDOSZK\u00d3P &#8211; Sz\u00ednes ismeretterjeszt\u0151 el\u0151ad\u00e1ssorozat a Radn\u00f3tiban!<\/p>\n<p>2015. december 11, p\u00e9ntek 18:00 \u00f3r\u00e1t\u00f3l<\/p>\n<p>VEGYSZERMENTES KR\u00c9MK\u00c9SZ\u00cdT\u00c9S OTTHON<\/p>\n<p>El\u0151ad\u00f3: Dr. Torma Vikt\u00f3ria vegy\u00e9sz, fitoterapeuta, a H\u00e1zikence Tanoda vezet\u0151je<\/p>\n<p>A bel\u00e9p\u00e9s d\u00edjtalan! Mindenkit szeretettel v\u00e1runk!<\/p>\n","protected":false},"excerpt":{"rendered":"<p>Vegyszermentes kr\u00e9mk\u00e9sz\u00edt\u00e9s otthon<\/p>\n","protected":false},"author":1,"featured_media":567,"comment_status":"closed","ping_status":"closed","template":"","meta":[],"tags":[14,16,7,13],"tribe_events_cat":[3],"acf":[],"_links":{"self":[{"href":"https:\/\/www.csepelivaroskep.hu\/radnoti\/wp-json\/wp\/v2\/tribe_events\/566"}],"collection":[{"href":"https:\/\/www.csepelivaroskep.hu\/radnoti\/wp-json\/wp\/v2\/tribe_events"}],"about":[{"href":"https:\/\/www.csepelivaroskep.hu\/radnoti\/wp-json\/wp\/v2\/types\/tribe_events"}],"author":[{"embeddable":true,"href":"https:\/\/www.csepelivaroskep.hu\/radnoti\/wp-json\/wp\/v2\/users\/1"}],"replies":[{"embeddable":true,"href":"https:\/\/www.csepelivaroskep.hu\/radnoti\/wp-json\/wp\/v2\/comments?post=566"}],"version-history":[{"count":1,"href":"https:\/\/www.csepelivaroskep.hu\/radnoti\/wp-json\/wp\/v2\/tribe_events\/566\/revisions"}],"predecessor-version":[{"id":568,"href":"https:\/\/www.csepelivaroskep.hu\/radnoti\/wp-json\/wp\/v2\/tribe_events\/566\/revisions\/568"}],"wp:featuredmedia":[{"embeddable":true,"href":"https:\/\/www.csepelivaroskep.hu\/radnoti\/wp-json\/wp\/v2\/media\/567"}],"wp:attachment":[{"href":"https:\/\/www.csepelivaroskep.hu\/radnoti\/wp-json\/wp\/v2\/media?parent=566"}],"wp:term":[{"taxonomy":"post_tag","embeddable":true,"href":"https:\/\/www.csepelivaroskep.hu\/radnoti\/wp-json\/wp\/v2\/tags?post=566"},{"taxonomy":"tribe_events_cat","embeddable":true,"href":"https:\/\/www.csepelivaroskep.hu\/radnoti\/wp-json\/wp\/v2\/tribe_events_cat?post=566"}],"curies":[{"name":"wp","href":"https:\/\/api.w.org\/{rel}","templated":true}]}}

Kaleidoszkóp

<p>KALEIDOSZKÓP &#8211; Színes ismeretterjesztő előadássorozat a Radnótiban!</p>
<p>2015. december 11, péntek 18:00 órától</p>
<p>VEGYSZERMENTES KRÉMKÉSZÍTÉS OTTHON</p>
<p>Előadó: Dr. Torma Viktória vegyész, fitoterapeuta, a Házikence Tanoda vezetője</p>
<p>A belépés díjtalan! Mindenkit szeretettel várunk!</p>

<p>Vegyszermentes krémkészítés otthon</p>
