{"id":569,"date":"2018-05-08T12:03:36","date_gmt":"2018-05-08T12:03:36","guid":{"rendered":"http:\/\/www.csepelivaroskep.hu\/radnoti\/?post_type=tribe_events&#038;p=569"},"modified":"2018-05-08T12:03:36","modified_gmt":"2018-05-08T12:03:36","slug":"szabad-e-bejonni-betlehemeseknek-3","status":"publish","type":"tribe_events","link":"https:\/\/www.csepelivaroskep.hu\/radnoti\/programok\/szabad-e-bejonni-betlehemeseknek-3\/","title":{"rendered":"Szabad-e bej\u00f6nni betlehemeseknek"},"content":{"rendered":"<p>A programon k\u00e9sz\u00fclt video itt tal\u00e1lhat\u00f3:<\/p>\n<p><iframe width=\"640\" height=\"360\" src=\"https:\/\/www.youtube.com\/embed\/n9dK-G4nb7o?feature=oembed\" frameborder=\"0\" allow=\"autoplay; encrypted-media\" allowfullscreen><\/iframe><\/p>\n<p>&nbsp;<\/p>\n<p>Szabad-e bej\u00f6nni betlehemeseknek?<\/p>\n<p>2015. december 12, 16:00 \u00f3r\u00e1t\u00f3l<\/p>\n<p>Kar\u00e1csonyi k\u00e9sz\u00fcl\u0151d\u00e9s, a csepeli gyerekek betlehemes bemutat\u00f3ja.<\/p>\n<p>Id\u00e9n 6 \u00f3vod\u00e1s \u00e9s iskol\u00e1s csoport ad el\u0151 betlehemes j\u00e1t\u00e9kokat a kar\u00e1csonyi k\u00e9sz\u00fcl\u0151d\u00e9s jegy\u00e9ben.<\/p>\n<p>Fell\u00e9pnek az\u00a0Egressy B\u00e9ni Reform\u00e1tus M\u0171v\u00e9szeti K\u00f6z\u00e9piskola n\u00f6vend\u00e9kei.<\/p>\n<p>A bel\u00e9p\u00e9s d\u00edjtalan, mindenkit szeretettel v\u00e1runk!<\/p>\n","protected":false},"excerpt":{"rendered":"<p>Betlehemes szemle<\/p>\n","protected":false},"author":1,"featured_media":570,"comment_status":"closed","ping_status":"closed","template":"","meta":[],"tags":[15,14,16,21,22,27,13,32],"tribe_events_cat":[3],"acf":[],"_links":{"self":[{"href":"https:\/\/www.csepelivaroskep.hu\/radnoti\/wp-json\/wp\/v2\/tribe_events\/569"}],"collection":[{"href":"https:\/\/www.csepelivaroskep.hu\/radnoti\/wp-json\/wp\/v2\/tribe_events"}],"about":[{"href":"https:\/\/www.csepelivaroskep.hu\/radnoti\/wp-json\/wp\/v2\/types\/tribe_events"}],"author":[{"embeddable":true,"href":"https:\/\/www.csepelivaroskep.hu\/radnoti\/wp-json\/wp\/v2\/users\/1"}],"replies":[{"embeddable":true,"href":"https:\/\/www.csepelivaroskep.hu\/radnoti\/wp-json\/wp\/v2\/comments?post=569"}],"version-history":[{"count":1,"href":"https:\/\/www.csepelivaroskep.hu\/radnoti\/wp-json\/wp\/v2\/tribe_events\/569\/revisions"}],"predecessor-version":[{"id":571,"href":"https:\/\/www.csepelivaroskep.hu\/radnoti\/wp-json\/wp\/v2\/tribe_events\/569\/revisions\/571"}],"wp:featuredmedia":[{"embeddable":true,"href":"https:\/\/www.csepelivaroskep.hu\/radnoti\/wp-json\/wp\/v2\/media\/570"}],"wp:attachment":[{"href":"https:\/\/www.csepelivaroskep.hu\/radnoti\/wp-json\/wp\/v2\/media?parent=569"}],"wp:term":[{"taxonomy":"post_tag","embeddable":true,"href":"https:\/\/www.csepelivaroskep.hu\/radnoti\/wp-json\/wp\/v2\/tags?post=569"},{"taxonomy":"tribe_events_cat","embeddable":true,"href":"https:\/\/www.csepelivaroskep.hu\/radnoti\/wp-json\/wp\/v2\/tribe_events_cat?post=569"}],"curies":[{"name":"wp","href":"https:\/\/api.w.org\/{rel}","templated":true}]}}

Szabad-e bejönni betlehemeseknek

<p>A programon készült video itt található:</p>
<p><iframe width="640" height="360" src="https://www.youtube.com/embed/n9dK-G4nb7o?feature=oembed" frameborder="0" allow="autoplay; encrypted-media" allowfullscreen></iframe></p>
<p>&nbsp;</p>
<p>Szabad-e bejönni betlehemeseknek?</p>
<p>2015. december 12, 16:00 órától</p>
<p>Karácsonyi készülődés, a csepeli gyerekek betlehemes bemutatója.</p>
<p>Idén 6 óvodás és iskolás csoport ad elő betlehemes játékokat a karácsonyi készülődés jegyében.</p>
<p>Fellépnek az Egressy Béni Református Művészeti Középiskola növendékei.</p>
<p>A belépés díjtalan, mindenkit szeretettel várunk!</p>
