{"id":625,"date":"2018-05-08T13:50:12","date_gmt":"2018-05-08T13:50:12","guid":{"rendered":"http:\/\/www.csepelivaroskep.hu\/radnoti\/?post_type=tribe_events&#038;p=625"},"modified":"2018-05-08T13:50:12","modified_gmt":"2018-05-08T13:50:12","slug":"kaleidoszkop-19","status":"publish","type":"tribe_events","link":"https:\/\/www.csepelivaroskep.hu\/radnoti\/programok\/kaleidoszkop-19\/","title":{"rendered":"Kaleidoszk\u00f3p"},"content":{"rendered":"<p>Nem mer v\u00e9gigmenni egy s\u00f6t\u00e9tebb utc\u00e1n? Egyre t\u00f6bb r\u00e9ms\u00e9get hall? Esetleg m\u00e1r t\u00e1mad\u00e1s is \u00e9rte?\u00a0A szakemberek sokat emlegetik a pszichikai felk\u00e9sz\u00fclts\u00e9g jelent\u0151s\u00e9g\u00e9t a fizikai er\u0151nl\u00e9t mellett.<\/p>\n<p>K\u00f6vetkez\u0151 KALEIDOSZK\u00d3P el\u0151ad\u00e1sunk \u00e9s bemutat\u00f3nk az utcai \u00f6nv\u00e9delem alapjait mutatja be k\u00e9t \u00f6nv\u00e9delmi instruktor, Kov\u00e1cs Ildik\u00f3 \u00e9s F\u00fcrt\u0151s J\u00e1nos seg\u00edts\u00e9g\u00e9vel.<\/p>\n<p>A bel\u00e9p\u00e9s d\u00edjtalan!<\/p>\n","protected":false},"excerpt":{"rendered":"<p>\u00d6nv\u00e9delem a gyakorlatban<\/p>\n","protected":false},"author":1,"featured_media":626,"comment_status":"closed","ping_status":"closed","template":"","meta":[],"tags":[14,16,7,13],"tribe_events_cat":[3],"acf":[],"_links":{"self":[{"href":"https:\/\/www.csepelivaroskep.hu\/radnoti\/wp-json\/wp\/v2\/tribe_events\/625"}],"collection":[{"href":"https:\/\/www.csepelivaroskep.hu\/radnoti\/wp-json\/wp\/v2\/tribe_events"}],"about":[{"href":"https:\/\/www.csepelivaroskep.hu\/radnoti\/wp-json\/wp\/v2\/types\/tribe_events"}],"author":[{"embeddable":true,"href":"https:\/\/www.csepelivaroskep.hu\/radnoti\/wp-json\/wp\/v2\/users\/1"}],"replies":[{"embeddable":true,"href":"https:\/\/www.csepelivaroskep.hu\/radnoti\/wp-json\/wp\/v2\/comments?post=625"}],"version-history":[{"count":1,"href":"https:\/\/www.csepelivaroskep.hu\/radnoti\/wp-json\/wp\/v2\/tribe_events\/625\/revisions"}],"predecessor-version":[{"id":627,"href":"https:\/\/www.csepelivaroskep.hu\/radnoti\/wp-json\/wp\/v2\/tribe_events\/625\/revisions\/627"}],"wp:featuredmedia":[{"embeddable":true,"href":"https:\/\/www.csepelivaroskep.hu\/radnoti\/wp-json\/wp\/v2\/media\/626"}],"wp:attachment":[{"href":"https:\/\/www.csepelivaroskep.hu\/radnoti\/wp-json\/wp\/v2\/media?parent=625"}],"wp:term":[{"taxonomy":"post_tag","embeddable":true,"href":"https:\/\/www.csepelivaroskep.hu\/radnoti\/wp-json\/wp\/v2\/tags?post=625"},{"taxonomy":"tribe_events_cat","embeddable":true,"href":"https:\/\/www.csepelivaroskep.hu\/radnoti\/wp-json\/wp\/v2\/tribe_events_cat?post=625"}],"curies":[{"name":"wp","href":"https:\/\/api.w.org\/{rel}","templated":true}]}}

Kaleidoszkóp

<p>Nem mer végigmenni egy sötétebb utcán? Egyre több rémséget hall? Esetleg már támadás is érte? A szakemberek sokat emlegetik a pszichikai felkészültség jelentőségét a fizikai erőnlét mellett.</p>
<p>Következő KALEIDOSZKÓP előadásunk és bemutatónk az utcai önvédelem alapjait mutatja be két önvédelmi instruktor, Kovács Ildikó és Fürtős János segítségével.</p>
<p>A belépés díjtalan!</p>

<p>Önvédelem a gyakorlatban</p>
