{"id":628,"date":"2018-05-08T13:52:15","date_gmt":"2018-05-08T13:52:15","guid":{"rendered":"http:\/\/www.csepelivaroskep.hu\/radnoti\/?post_type=tribe_events&#038;p=628"},"modified":"2018-05-08T13:52:15","modified_gmt":"2018-05-08T13:52:15","slug":"szabadteri-szinhazi-est","status":"publish","type":"tribe_events","link":"https:\/\/www.csepelivaroskep.hu\/radnoti\/programok\/szabadteri-szinhazi-est\/","title":{"rendered":"Szabadt\u00e9ri sz\u00ednh\u00e1zi est"},"content":{"rendered":"<p><strong><span style=\"color: #ff0000;\">A V\u00c1RHAT\u00d3 ROSSZ ID\u0150RE VAL\u00d3 TEKINTETTEL AZ EL\u0150AD\u00c1ST A M\u0170VEL\u0150D\u00c9SI H\u00c1Z SZ\u00cdNH\u00c1ZTERM\u00c9BEN TARTJUK. BEFOGAD\u00d3K\u00c9PESS\u00c9GE: 200 F\u0150.<\/span><\/strong><\/p>\n<p>&nbsp;<\/p>\n<p>2016. j\u00falius 16, szombat 20 \u00f3r\u00e1t\u00f3l<\/p>\n<p>Szabadt\u00e9ri zen\u00e9s vid\u00e1m m\u0171sor 80 percben<\/p>\n<p>V\u00e1logat\u00e1s Leh\u00e1r Ferenc, K\u00e1lm\u00e1n Imre, Szirmai Albert legszebb dalaib\u00f3l a Szenes embert\u0151l a Marica gr\u00f3fn\u0151ig, valamint ismert operett mel\u00f3di\u00e1k a Cs\u00e1rd\u00e1skir\u00e1lyn\u0151t\u0151l a M\u00e1gn\u00e1s Misk\u00e1ig, valamint kacagtat\u00f3 kabar\u00e9jelenetek<\/p>\n<p>Szerepl\u0151k: Nyertes Zsuzsa, Hars\u00e1nyi G\u00e1bor, Fogarassy Bernadett, Pankotay P\u00e9ter<\/p>\n<p>A r\u00e9szv\u00e9tel ingyenes, helyfoglal\u00e1s \u00e9rkez\u00e9si sorrendben<\/p>\n<p>A programv\u00e1ltoztat\u00e1s jog\u00e1t fenntartjuk!<\/p>\n<p>&nbsp;<\/p>\n","protected":false},"excerpt":{"rendered":"<p>Operett\u0151l a kabar\u00e9ig<\/p>\n","protected":false},"author":1,"featured_media":629,"comment_status":"closed","ping_status":"closed","template":"","meta":[],"tags":[14,16,13],"tribe_events_cat":[3],"acf":[],"_links":{"self":[{"href":"https:\/\/www.csepelivaroskep.hu\/radnoti\/wp-json\/wp\/v2\/tribe_events\/628"}],"collection":[{"href":"https:\/\/www.csepelivaroskep.hu\/radnoti\/wp-json\/wp\/v2\/tribe_events"}],"about":[{"href":"https:\/\/www.csepelivaroskep.hu\/radnoti\/wp-json\/wp\/v2\/types\/tribe_events"}],"author":[{"embeddable":true,"href":"https:\/\/www.csepelivaroskep.hu\/radnoti\/wp-json\/wp\/v2\/users\/1"}],"replies":[{"embeddable":true,"href":"https:\/\/www.csepelivaroskep.hu\/radnoti\/wp-json\/wp\/v2\/comments?post=628"}],"version-history":[{"count":1,"href":"https:\/\/www.csepelivaroskep.hu\/radnoti\/wp-json\/wp\/v2\/tribe_events\/628\/revisions"}],"predecessor-version":[{"id":630,"href":"https:\/\/www.csepelivaroskep.hu\/radnoti\/wp-json\/wp\/v2\/tribe_events\/628\/revisions\/630"}],"wp:featuredmedia":[{"embeddable":true,"href":"https:\/\/www.csepelivaroskep.hu\/radnoti\/wp-json\/wp\/v2\/media\/629"}],"wp:attachment":[{"href":"https:\/\/www.csepelivaroskep.hu\/radnoti\/wp-json\/wp\/v2\/media?parent=628"}],"wp:term":[{"taxonomy":"post_tag","embeddable":true,"href":"https:\/\/www.csepelivaroskep.hu\/radnoti\/wp-json\/wp\/v2\/tags?post=628"},{"taxonomy":"tribe_events_cat","embeddable":true,"href":"https:\/\/www.csepelivaroskep.hu\/radnoti\/wp-json\/wp\/v2\/tribe_events_cat?post=628"}],"curies":[{"name":"wp","href":"https:\/\/api.w.org\/{rel}","templated":true}]}}

Szabadtéri színházi est

<p><strong><span style="color: #ff0000;">A VÁRHATÓ ROSSZ IDŐRE VALÓ TEKINTETTEL AZ ELŐADÁST A MŰVELŐDÉSI HÁZ SZÍNHÁZTERMÉBEN TARTJUK. BEFOGADÓKÉPESSÉGE: 200 FŐ.</span></strong></p>
<p>&nbsp;</p>
<p>2016. július 16, szombat 20 órától</p>
<p>Szabadtéri zenés vidám műsor 80 percben</p>
<p>Válogatás Lehár Ferenc, Kálmán Imre, Szirmai Albert legszebb dalaiból a Szenes embertől a Marica grófnőig, valamint ismert operett melódiák a Csárdáskirálynőtől a Mágnás Miskáig, valamint kacagtató kabaréjelenetek</p>
<p>Szereplők: Nyertes Zsuzsa, Harsányi Gábor, Fogarassy Bernadett, Pankotay Péter</p>
<p>A részvétel ingyenes, helyfoglalás érkezési sorrendben</p>
<p>A programváltoztatás jogát fenntartjuk!</p>
<p>&nbsp;</p>

<p>Operettől a kabaréig</p>
