{"id":631,"date":"2018-05-08T13:55:46","date_gmt":"2018-05-08T13:55:46","guid":{"rendered":"http:\/\/www.csepelivaroskep.hu\/radnoti\/?post_type=tribe_events&#038;p=631"},"modified":"2018-05-08T13:55:46","modified_gmt":"2018-05-08T13:55:46","slug":"a-gorog-dal-napja-3","status":"publish","type":"tribe_events","link":"https:\/\/www.csepelivaroskep.hu\/radnoti\/programok\/a-gorog-dal-napja-3\/","title":{"rendered":"A G\u00f6r\u00f6g Dal Napja"},"content":{"rendered":"<p>2016. augusztus 27. 18-22 \u00f3r\u00e1ig Szabadt\u00e9ri t\u00e1nch\u00e1z \u00e9s \u00fcnnep a Csepeli G\u00f6r\u00f6g\u00a0\u00d6nkorm\u00e1nyzat szervez\u00e9s\u00e9ben Fell\u00e9p a Mydros \u00e9s a Fanari zenekar A bel\u00e9p\u00e9s ingyenes!<\/p>\n","protected":false},"excerpt":{"rendered":"<p>Mydros \u00e9s a Fanari zenekar<\/p>\n","protected":false},"author":1,"featured_media":632,"comment_status":"closed","ping_status":"closed","template":"","meta":[],"tags":[14,22,33,27,13,19],"tribe_events_cat":[3],"acf":[],"_links":{"self":[{"href":"https:\/\/www.csepelivaroskep.hu\/radnoti\/wp-json\/wp\/v2\/tribe_events\/631"}],"collection":[{"href":"https:\/\/www.csepelivaroskep.hu\/radnoti\/wp-json\/wp\/v2\/tribe_events"}],"about":[{"href":"https:\/\/www.csepelivaroskep.hu\/radnoti\/wp-json\/wp\/v2\/types\/tribe_events"}],"author":[{"embeddable":true,"href":"https:\/\/www.csepelivaroskep.hu\/radnoti\/wp-json\/wp\/v2\/users\/1"}],"replies":[{"embeddable":true,"href":"https:\/\/www.csepelivaroskep.hu\/radnoti\/wp-json\/wp\/v2\/comments?post=631"}],"version-history":[{"count":1,"href":"https:\/\/www.csepelivaroskep.hu\/radnoti\/wp-json\/wp\/v2\/tribe_events\/631\/revisions"}],"predecessor-version":[{"id":633,"href":"https:\/\/www.csepelivaroskep.hu\/radnoti\/wp-json\/wp\/v2\/tribe_events\/631\/revisions\/633"}],"wp:featuredmedia":[{"embeddable":true,"href":"https:\/\/www.csepelivaroskep.hu\/radnoti\/wp-json\/wp\/v2\/media\/632"}],"wp:attachment":[{"href":"https:\/\/www.csepelivaroskep.hu\/radnoti\/wp-json\/wp\/v2\/media?parent=631"}],"wp:term":[{"taxonomy":"post_tag","embeddable":true,"href":"https:\/\/www.csepelivaroskep.hu\/radnoti\/wp-json\/wp\/v2\/tags?post=631"},{"taxonomy":"tribe_events_cat","embeddable":true,"href":"https:\/\/www.csepelivaroskep.hu\/radnoti\/wp-json\/wp\/v2\/tribe_events_cat?post=631"}],"curies":[{"name":"wp","href":"https:\/\/api.w.org\/{rel}","templated":true}]}}

A Görög Dal Napja

<p>2016. augusztus 27. 18-22 óráig Szabadtéri táncház és ünnep a Csepeli Görög Önkormányzat szervezésében Fellép a Mydros és a Fanari zenekar A belépés ingyenes!</p>

<p>Mydros és a Fanari zenekar</p>
