{"id":644,"date":"2018-05-14T17:56:32","date_gmt":"2018-05-14T17:56:32","guid":{"rendered":"http:\/\/www.csepelivaroskep.hu\/radnoti\/?post_type=tribe_events&#038;p=644"},"modified":"2018-05-14T17:56:32","modified_gmt":"2018-05-14T17:56:32","slug":"garazsvasar-2","status":"publish","type":"tribe_events","link":"https:\/\/www.csepelivaroskep.hu\/radnoti\/programok\/garazsvasar-2\/","title":{"rendered":"Gar\u00e1zsv\u00e1s\u00e1r"},"content":{"rendered":"<p>MINDEN ASZTAL ELKELT!<\/p>\n<p>&nbsp;<\/p>\n<p>Hozza el haszn\u00e1lt, de j\u00f3 \u00e1llapot\u00fa t\u00e1rgyait!<\/p>\n<p>Itt eladhatja vagy elcser\u00e9lheti a feleslegess\u00e9 v\u00e1lt j\u00e1t\u00e9kokat, k\u00f6nyveket, porcel\u00e1nokat, ruh\u00e1kat, kisebb haszn\u00e1lati t\u00e1rgyakat.<\/p>\n<p>Asztalb\u00e9rl\u00e9s el\u0151v\u00e9telben: 1.500 Ft, nagyobb helyig\u00e9ny: +500 Ft<\/p>\n","protected":false},"excerpt":{"rendered":"<p>Minden asztal elkelt!<\/p>\n","protected":false},"author":1,"featured_media":645,"comment_status":"closed","ping_status":"closed","template":"","meta":[],"tags":[11],"tribe_events_cat":[3],"acf":[],"_links":{"self":[{"href":"https:\/\/www.csepelivaroskep.hu\/radnoti\/wp-json\/wp\/v2\/tribe_events\/644"}],"collection":[{"href":"https:\/\/www.csepelivaroskep.hu\/radnoti\/wp-json\/wp\/v2\/tribe_events"}],"about":[{"href":"https:\/\/www.csepelivaroskep.hu\/radnoti\/wp-json\/wp\/v2\/types\/tribe_events"}],"author":[{"embeddable":true,"href":"https:\/\/www.csepelivaroskep.hu\/radnoti\/wp-json\/wp\/v2\/users\/1"}],"replies":[{"embeddable":true,"href":"https:\/\/www.csepelivaroskep.hu\/radnoti\/wp-json\/wp\/v2\/comments?post=644"}],"version-history":[{"count":1,"href":"https:\/\/www.csepelivaroskep.hu\/radnoti\/wp-json\/wp\/v2\/tribe_events\/644\/revisions"}],"predecessor-version":[{"id":646,"href":"https:\/\/www.csepelivaroskep.hu\/radnoti\/wp-json\/wp\/v2\/tribe_events\/644\/revisions\/646"}],"wp:featuredmedia":[{"embeddable":true,"href":"https:\/\/www.csepelivaroskep.hu\/radnoti\/wp-json\/wp\/v2\/media\/645"}],"wp:attachment":[{"href":"https:\/\/www.csepelivaroskep.hu\/radnoti\/wp-json\/wp\/v2\/media?parent=644"}],"wp:term":[{"taxonomy":"post_tag","embeddable":true,"href":"https:\/\/www.csepelivaroskep.hu\/radnoti\/wp-json\/wp\/v2\/tags?post=644"},{"taxonomy":"tribe_events_cat","embeddable":true,"href":"https:\/\/www.csepelivaroskep.hu\/radnoti\/wp-json\/wp\/v2\/tribe_events_cat?post=644"}],"curies":[{"name":"wp","href":"https:\/\/api.w.org\/{rel}","templated":true}]}}

Garázsvásár

<p>MINDEN ASZTAL ELKELT!</p>
<p>&nbsp;</p>
<p>Hozza el használt, de jó állapotú tárgyait!</p>
<p>Itt eladhatja vagy elcserélheti a feleslegessé vált játékokat, könyveket, porcelánokat, ruhákat, kisebb használati tárgyakat.</p>
<p>Asztalbérlés elővételben: 1.500 Ft, nagyobb helyigény: +500 Ft</p>
