{"id":659,"date":"2018-05-14T18:22:43","date_gmt":"2018-05-14T18:22:43","guid":{"rendered":"http:\/\/www.csepelivaroskep.hu\/radnoti\/?post_type=tribe_events&#038;p=659"},"modified":"2018-05-14T18:22:43","modified_gmt":"2018-05-14T18:22:43","slug":"marton-napi-vigassagok-5","status":"publish","type":"tribe_events","link":"https:\/\/www.csepelivaroskep.hu\/radnoti\/programok\/marton-napi-vigassagok-5\/","title":{"rendered":"M\u00e1rton-napi vigass\u00e1gok"},"content":{"rendered":"<p><span style=\"color: #00ff00;\"><strong>M\u00e1rton-napi vigass\u00e1gok Csepelen<\/strong><\/span><\/p>\n<p>Eg\u00e9sz napos ingyenes csal\u00e1di program<br \/>\n9:30 Vuk &#8211; P\u00f3dium Sz\u00ednh\u00e1z mesej\u00e1t\u00e9ka<br \/>\n10.30 Libabemutat\u00f3 \u00e9s sz\u00e9ps\u00e9gverseny<br \/>\n11:00 M\u00e1rton-napi meglepet\u00e9s &#8211; Csepeli Mosolyg\u00f3 Dalk\u00f6r<br \/>\n11:30 Matyi a ludas &#8211; BAB T\u00e1rsulat \u00f3ri\u00e1sb\u00e1b el\u0151ad\u00e1sa<br \/>\n12:30 P\u00e1rnacsata<br \/>\n13:00 A bor \u00e9s a szellemes bar\u00e1t &#8211; Veronilla Dr\u00e1ma \u00e9s Musical St\u00fadi\u00f3<br \/>\n14:00 Kukoricamorzsol\u00f3 verseny<br \/>\n14.20 N\u00e9pi t\u00e1nch\u00e1z<br \/>\n15.10 Bordalok &#8211; Operett Voices T\u00e1rsulat<span class=\"text_exposed_show\"><br \/>\n16:00 Fell\u00e9p a Csepeli N\u00e9met Nemzetis\u00e9gi T\u00e1ncegy\u00fcttes, tang\u00f3harmonik\u00e1n k\u00eds\u00e9r Kaltenecker G\u00e1bor<br \/>\n16:30 Zen\u00e9s, lampionos felvonul\u00e1s a M\u0171vel\u0151d\u00e9si H\u00e1z k\u00f6r\u00fcl<\/span><\/p>\n<p><span style=\"color: #ff9900;\"><strong>Ezen k\u00edv\u00fcl:<\/strong><\/span><br \/>\n\u00c1llatsimogat\u00f3, k\u00e9zm\u0171ves v\u00e1s\u00e1r, j\u00e1tsz\u00f3h\u00e1z<br \/>\nK\u00e9zm\u0171ves foglalkoz\u00e1sok: m\u00e9zeskal\u00e1cs k\u00e9sz\u00edt\u00e9s, \u00edr\u00e1s l\u00fadtollal, l\u00e1mp\u00e1s k\u00e9sz\u00edt\u00e9s<\/p>\n<p><strong><span style=\"color: #ff9900;\">Gasztron\u00f3mia:<\/span><\/strong><br \/>\nLiba\u00e9telek, h\u00e1zi r\u00e9tes, l\u00fadl\u00e1b torta, l\u00e1ngos, k\u00fcrt\u0151s kal\u00e1cs, forralt bor<\/p>\n<p>Kedvez\u0151tlen id\u0151j\u00e1r\u00e1s eset\u00e9n a programot a M\u0171vel\u0151d\u00e9si H\u00e1zban rendezz\u00fck meg.<br \/>\nA r\u00e9szv\u00e9tel d\u00edjtalan, mindenkit szeretettel v\u00e1runk!<br \/>\nA programv\u00e1ltoztat\u00e1s jog\u00e1t fenntartjuk!<\/p>\n<p>&nbsp;<\/p>\n<p>A programr\u00f3l k\u00e9sz\u00fclt cikk \u00e9s gal\u00e9ria\u00a0<a href=\"http:\/\/www.csepel.hu\/hireink\/kozelet\/item\/9468-marton-nap-a-rossz-ido-sem-szegte-a-csepeliek-kedvet\">itt<\/a>\u00a0tal\u00e1lhat\u00f3.<\/p>\n","protected":false},"excerpt":{"rendered":"<p>Eg\u00e9sz napos csal\u00e1di program<\/p>\n","protected":false},"author":1,"featured_media":660,"comment_status":"closed","ping_status":"closed","template":"","meta":[],"tags":[14,21,22,27,29,13,11],"tribe_events_cat":[3],"acf":[],"_links":{"self":[{"href":"https:\/\/www.csepelivaroskep.hu\/radnoti\/wp-json\/wp\/v2\/tribe_events\/659"}],"collection":[{"href":"https:\/\/www.csepelivaroskep.hu\/radnoti\/wp-json\/wp\/v2\/tribe_events"}],"about":[{"href":"https:\/\/www.csepelivaroskep.hu\/radnoti\/wp-json\/wp\/v2\/types\/tribe_events"}],"author":[{"embeddable":true,"href":"https:\/\/www.csepelivaroskep.hu\/radnoti\/wp-json\/wp\/v2\/users\/1"}],"replies":[{"embeddable":true,"href":"https:\/\/www.csepelivaroskep.hu\/radnoti\/wp-json\/wp\/v2\/comments?post=659"}],"version-history":[{"count":1,"href":"https:\/\/www.csepelivaroskep.hu\/radnoti\/wp-json\/wp\/v2\/tribe_events\/659\/revisions"}],"predecessor-version":[{"id":661,"href":"https:\/\/www.csepelivaroskep.hu\/radnoti\/wp-json\/wp\/v2\/tribe_events\/659\/revisions\/661"}],"wp:featuredmedia":[{"embeddable":true,"href":"https:\/\/www.csepelivaroskep.hu\/radnoti\/wp-json\/wp\/v2\/media\/660"}],"wp:attachment":[{"href":"https:\/\/www.csepelivaroskep.hu\/radnoti\/wp-json\/wp\/v2\/media?parent=659"}],"wp:term":[{"taxonomy":"post_tag","embeddable":true,"href":"https:\/\/www.csepelivaroskep.hu\/radnoti\/wp-json\/wp\/v2\/tags?post=659"},{"taxonomy":"tribe_events_cat","embeddable":true,"href":"https:\/\/www.csepelivaroskep.hu\/radnoti\/wp-json\/wp\/v2\/tribe_events_cat?post=659"}],"curies":[{"name":"wp","href":"https:\/\/api.w.org\/{rel}","templated":true}]}}

Márton-napi vigasságok

<p><span style="color: #00ff00;"><strong>Márton-napi vigasságok Csepelen</strong></span></p>
<p>Egész napos ingyenes családi program<br />
9:30 Vuk &#8211; Pódium Színház mesejátéka<br />
10.30 Libabemutató és szépségverseny<br />
11:00 Márton-napi meglepetés &#8211; Csepeli Mosolygó Dalkör<br />
11:30 Matyi a ludas &#8211; BAB Társulat óriásbáb előadása<br />
12:30 Párnacsata<br />
13:00 A bor és a szellemes barát &#8211; Veronilla Dráma és Musical Stúdió<br />
14:00 Kukoricamorzsoló verseny<br />
14.20 Népi táncház<br />
15.10 Bordalok &#8211; Operett Voices Társulat<span class="text_exposed_show"><br />
16:00 Fellép a Csepeli Német Nemzetiségi Táncegyüttes, tangóharmonikán kísér Kaltenecker Gábor<br />
16:30 Zenés, lampionos felvonulás a Művelődési Ház körül</span></p>
<p><span style="color: #ff9900;"><strong>Ezen kívül:</strong></span><br />
Állatsimogató, kézműves vásár, játszóház<br />
Kézműves foglalkozások: mézeskalács készítés, írás lúdtollal, lámpás készítés</p>
<p><strong><span style="color: #ff9900;">Gasztronómia:</span></strong><br />
Libaételek, házi rétes, lúdláb torta, lángos, kürtős kalács, forralt bor</p>
<p>Kedvezőtlen időjárás esetén a programot a Művelődési Házban rendezzük meg.<br />
A részvétel díjtalan, mindenkit szeretettel várunk!<br />
A programváltoztatás jogát fenntartjuk!</p>
<p>&nbsp;</p>
<p>A programról készült cikk és galéria <a href="http://www.csepel.hu/hireink/kozelet/item/9468-marton-nap-a-rossz-ido-sem-szegte-a-csepeliek-kedvet">itt</a> található.</p>

<p>Egész napos családi program</p>
