{"id":684,"date":"2018-05-14T18:39:35","date_gmt":"2018-05-14T18:39:35","guid":{"rendered":"http:\/\/www.csepelivaroskep.hu\/radnoti\/?post_type=tribe_events&#038;p=684"},"modified":"2018-05-14T18:39:35","modified_gmt":"2018-05-14T18:39:35","slug":"festmenykiallitas-es-vasar","status":"publish","type":"tribe_events","link":"https:\/\/www.csepelivaroskep.hu\/radnoti\/programok\/festmenykiallitas-es-vasar\/","title":{"rendered":"Festm\u00e9nyki\u00e1ll\u00edt\u00e1s \u00e9s v\u00e1s\u00e1r"},"content":{"rendered":"<h3>2017. febru\u00e1r 4-5, 10:00-18:00<\/h3>\n<p>Azt ArtHome Gal\u00e9ria k\u00f6zel 400 festm\u00e9nyt mutat be 50-60 alkot\u00f3t\u00f3l, melyek ak\u00e1r a helysz\u00ednen megv\u00e1s\u00e1rolhat\u00f3k!<\/p>\n<p>A ki\u00e1ll\u00edt\u00e1son a v\u00e1cr\u00e1t\u00f3ti Kir\u00e1ly M\u00e9h\u00e9szet h\u00e1zi m\u00e9zei is megk\u00f3stolhat\u00f3k.<\/p>\n<p>A bel\u00e9p\u00e9s d\u00edjtalan!<\/p>\n","protected":false},"excerpt":{"rendered":"<p>ArtHome Gal\u00e9ria<\/p>\n","protected":false},"author":1,"featured_media":685,"comment_status":"closed","ping_status":"closed","template":"","meta":[],"tags":[14,30,13,11],"tribe_events_cat":[3],"acf":[],"_links":{"self":[{"href":"https:\/\/www.csepelivaroskep.hu\/radnoti\/wp-json\/wp\/v2\/tribe_events\/684"}],"collection":[{"href":"https:\/\/www.csepelivaroskep.hu\/radnoti\/wp-json\/wp\/v2\/tribe_events"}],"about":[{"href":"https:\/\/www.csepelivaroskep.hu\/radnoti\/wp-json\/wp\/v2\/types\/tribe_events"}],"author":[{"embeddable":true,"href":"https:\/\/www.csepelivaroskep.hu\/radnoti\/wp-json\/wp\/v2\/users\/1"}],"replies":[{"embeddable":true,"href":"https:\/\/www.csepelivaroskep.hu\/radnoti\/wp-json\/wp\/v2\/comments?post=684"}],"version-history":[{"count":1,"href":"https:\/\/www.csepelivaroskep.hu\/radnoti\/wp-json\/wp\/v2\/tribe_events\/684\/revisions"}],"predecessor-version":[{"id":686,"href":"https:\/\/www.csepelivaroskep.hu\/radnoti\/wp-json\/wp\/v2\/tribe_events\/684\/revisions\/686"}],"wp:featuredmedia":[{"embeddable":true,"href":"https:\/\/www.csepelivaroskep.hu\/radnoti\/wp-json\/wp\/v2\/media\/685"}],"wp:attachment":[{"href":"https:\/\/www.csepelivaroskep.hu\/radnoti\/wp-json\/wp\/v2\/media?parent=684"}],"wp:term":[{"taxonomy":"post_tag","embeddable":true,"href":"https:\/\/www.csepelivaroskep.hu\/radnoti\/wp-json\/wp\/v2\/tags?post=684"},{"taxonomy":"tribe_events_cat","embeddable":true,"href":"https:\/\/www.csepelivaroskep.hu\/radnoti\/wp-json\/wp\/v2\/tribe_events_cat?post=684"}],"curies":[{"name":"wp","href":"https:\/\/api.w.org\/{rel}","templated":true}]}}

Festménykiállítás és vásár

<h3>2017. február 4-5, 10:00-18:00</h3>
<p>Azt ArtHome Galéria közel 400 festményt mutat be 50-60 alkotótól, melyek akár a helyszínen megvásárolhatók!</p>
<p>A kiállításon a vácrátóti Király Méhészet házi mézei is megkóstolhatók.</p>
<p>A belépés díjtalan!</p>

<p>ArtHome Galéria</p>
