{"id":712,"date":"2018-05-15T13:16:46","date_gmt":"2018-05-15T13:16:46","guid":{"rendered":"http:\/\/www.csepelivaroskep.hu\/radnoti\/?post_type=tribe_events&#038;p=712"},"modified":"2018-05-15T13:16:46","modified_gmt":"2018-05-15T13:16:46","slug":"husvetvaro-3","status":"publish","type":"tribe_events","link":"https:\/\/www.csepelivaroskep.hu\/radnoti\/programok\/husvetvaro-3\/","title":{"rendered":"H\u00fasv\u00e9tv\u00e1r\u00f3"},"content":{"rendered":"<h3><span style=\"color: #339966;\">H\u00fasv\u00e9tv\u00e1r\u00f3 csal\u00e1di d\u00e9lel\u0151tt a Radn\u00f3tiban<\/span><\/h3>\n<p><span style=\"color: #ff0000;\"><strong>2017. \u00e1prilis 8, 10-14 \u00f3ra<\/strong><\/span><\/p>\n<p><span style=\"color: #ff6600;\"><strong><span style=\"text-decoration: underline;\">Pro<span style=\"color: #ff6600; text-decoration: underline;\">gram<\/span><\/span><\/strong>:<\/span><\/p>\n<p>10.00 V\u00f6r\u00f6s Val\u00e9r \u00e9s a toj\u00e1sok &#8211; a Kisvir\u00e1g B\u00e1bsz\u00ednh\u00e1z el\u0151ad\u00e1sa<\/p>\n<p>11:00 A toj\u00e1spatkol\u00e1s titkai &#8211; Kiss K\u00e1lm\u00e1n toj\u00e1spatkol\u00f3 mester bemutat\u00f3ja<\/p>\n<p>11:30 Toj\u00e1skeres\u0151 \u00e9s \u00fcgyess\u00e9gi verseny<\/p>\n<p>13:00 Nyuszi buli &#8211; interakt\u00edv gyermekkoncert<\/p>\n<p>&nbsp;<\/p>\n<p><strong><span style=\"text-decoration: underline;\"><span style=\"color: #ff6600; text-decoration: underline;\">Ek\u00f6zben<\/span><\/span><\/strong><span style=\"color: #ff6600;\">:<\/span><\/p>\n<p><em>\u00c1llatbemutat\u00f3 \u00e9s simogat\u00f3, toj\u00e1s\u00edr\u00e1s, k\u00e9zm\u0171ves foglalkoz\u00e1s, n\u00e9pi j\u00e1tsz\u00f3h\u00e1z, k\u00e9zm\u0171ves v\u00e1s\u00e1r, b\u00fcf\u00e9<\/em><\/p>\n<p>A programon val\u00f3 r\u00e9szv\u00e9tel d\u00edjtalan! A m\u0171sorv\u00e1ltoztat\u00e1s jog\u00e1t fenntartjuk!<\/p>\n","protected":false},"excerpt":{"rendered":"<p>Csal\u00e1di d\u00e9lel\u0151tt a Radn\u00f3tiban<\/p>\n","protected":false},"author":1,"featured_media":713,"comment_status":"closed","ping_status":"closed","template":"","meta":[],"tags":[14,21,22,25,13],"tribe_events_cat":[3],"acf":[],"_links":{"self":[{"href":"https:\/\/www.csepelivaroskep.hu\/radnoti\/wp-json\/wp\/v2\/tribe_events\/712"}],"collection":[{"href":"https:\/\/www.csepelivaroskep.hu\/radnoti\/wp-json\/wp\/v2\/tribe_events"}],"about":[{"href":"https:\/\/www.csepelivaroskep.hu\/radnoti\/wp-json\/wp\/v2\/types\/tribe_events"}],"author":[{"embeddable":true,"href":"https:\/\/www.csepelivaroskep.hu\/radnoti\/wp-json\/wp\/v2\/users\/1"}],"replies":[{"embeddable":true,"href":"https:\/\/www.csepelivaroskep.hu\/radnoti\/wp-json\/wp\/v2\/comments?post=712"}],"version-history":[{"count":1,"href":"https:\/\/www.csepelivaroskep.hu\/radnoti\/wp-json\/wp\/v2\/tribe_events\/712\/revisions"}],"predecessor-version":[{"id":714,"href":"https:\/\/www.csepelivaroskep.hu\/radnoti\/wp-json\/wp\/v2\/tribe_events\/712\/revisions\/714"}],"wp:featuredmedia":[{"embeddable":true,"href":"https:\/\/www.csepelivaroskep.hu\/radnoti\/wp-json\/wp\/v2\/media\/713"}],"wp:attachment":[{"href":"https:\/\/www.csepelivaroskep.hu\/radnoti\/wp-json\/wp\/v2\/media?parent=712"}],"wp:term":[{"taxonomy":"post_tag","embeddable":true,"href":"https:\/\/www.csepelivaroskep.hu\/radnoti\/wp-json\/wp\/v2\/tags?post=712"},{"taxonomy":"tribe_events_cat","embeddable":true,"href":"https:\/\/www.csepelivaroskep.hu\/radnoti\/wp-json\/wp\/v2\/tribe_events_cat?post=712"}],"curies":[{"name":"wp","href":"https:\/\/api.w.org\/{rel}","templated":true}]}}

Húsvétváró

<h3><span style="color: #339966;">Húsvétváró családi délelőtt a Radnótiban</span></h3>
<p><span style="color: #ff0000;"><strong>2017. április 8, 10-14 óra</strong></span></p>
<p><span style="color: #ff6600;"><strong><span style="text-decoration: underline;">Pro<span style="color: #ff6600; text-decoration: underline;">gram</span></span></strong>:</span></p>
<p>10.00 Vörös Valér és a tojások &#8211; a Kisvirág Bábszínház előadása</p>
<p>11:00 A tojáspatkolás titkai &#8211; Kiss Kálmán tojáspatkoló mester bemutatója</p>
<p>11:30 Tojáskereső és ügyességi verseny</p>
<p>13:00 Nyuszi buli &#8211; interaktív gyermekkoncert</p>
<p>&nbsp;</p>
<p><strong><span style="text-decoration: underline;"><span style="color: #ff6600; text-decoration: underline;">Eközben</span></span></strong><span style="color: #ff6600;">:</span></p>
<p><em>Állatbemutató és simogató, tojásírás, kézműves foglalkozás, népi játszóház, kézműves vásár, büfé</em></p>
<p>A programon való részvétel díjtalan! A műsorváltoztatás jogát fenntartjuk!</p>

<p>Családi délelőtt a Radnótiban</p>
