{"id":775,"date":"2018-05-26T15:02:57","date_gmt":"2018-05-26T15:02:57","guid":{"rendered":"http:\/\/www.csepelivaroskep.hu\/radnoti\/?post_type=tribe_events&#038;p=775"},"modified":"2018-05-26T15:02:57","modified_gmt":"2018-05-26T15:02:57","slug":"tanevkezdo-borze","status":"publish","type":"tribe_events","link":"https:\/\/www.csepelivaroskep.hu\/radnoti\/programok\/tanevkezdo-borze\/","title":{"rendered":"Tan\u00e9vkezd\u0151 b\u00f6rze"},"content":{"rendered":"<p>HASZN\u00c1LT, DE J\u00d3 \u00c1LLAPOT\u00da TANK\u00d6NYVEK, TANSZEREK, K\u00d6TELEZ\u0150 OLVASM\u00c1NYOK, ISKOL\u00c1BAN HASZN\u00c1LT T\u00c1RGYAK AD\u00c1SV\u00c9TELE, CSER\u00c9JE<\/p>\n<p>2017. szeptember 2, szombat 9-13 \u00f3ra<\/p>\n<p>ASZTALOK D\u00cdJMENTESEN B\u00c9RELHET\u0150K REGISZTR\u00c1CI\u00d3 UT\u00c1N.<\/p>\n<p>&nbsp;<\/p>\n<p><strong>TAN\u00c9VKEZD\u0150 B\u00d6RZE SZAB\u00c1LYZAT:<\/strong><\/p>\n<ul>\n<li><strong>KIZ\u00c1R\u00d3LAG<\/strong>\u00a0taneszk\u00f6z\u00f6k, k\u00f6nyvek, f\u00fczetek, iskolaszerek, t\u00e1sk\u00e1k, sportfelszerel\u00e9s, egy\u00e9b, iskol\u00e1hoz k\u00f6thet\u0151 t\u00e1rgyak \u00e1rulhat\u00f3k<\/li>\n<li>Az asztalokat\u00a0<strong>regisztr\u00e1ci\u00f3<\/strong>\u00a0ut\u00e1n,\u00a0<strong>INGYENESEN<\/strong>\u00a0lehet lefoglalni (278-2757,\u00a0<a href=\"mailto:radnotimuvhaz@csepelivaroskep.hu\">radnotimuvhaz@csepelivaroskep.hu<\/a>)<\/li>\n<li>A stand 120&#215;80 cm-es asztalt \u00e9s annak ter\u00fclet\u00e9t foglalja mag\u00e1ban, enn\u00e9l nagyobb helyig\u00e9ny\u0171 t\u00e1rgy nem hozhat\u00f3<\/li>\n<li>Minden elad\u00f3 1 db asztalt foglalhat, ha m\u00e9gsem tud r\u00e9szt venni a b\u00f6rz\u00e9n, k\u00e9rj\u00fck, el\u0151re jelezze<\/li>\n<li>A szab\u00e1lyzat megszeg\u00e9se azonnali kiz\u00e1r\u00e1ssal j\u00e1r<\/li>\n<\/ul>\n<p>&nbsp;<\/p>\n","protected":false},"excerpt":{"rendered":"<p>Tanszer b\u00f6rze<\/p>\n","protected":false},"author":1,"featured_media":776,"comment_status":"closed","ping_status":"closed","template":"","meta":[],"tags":[14,11],"tribe_events_cat":[3],"acf":[],"_links":{"self":[{"href":"https:\/\/www.csepelivaroskep.hu\/radnoti\/wp-json\/wp\/v2\/tribe_events\/775"}],"collection":[{"href":"https:\/\/www.csepelivaroskep.hu\/radnoti\/wp-json\/wp\/v2\/tribe_events"}],"about":[{"href":"https:\/\/www.csepelivaroskep.hu\/radnoti\/wp-json\/wp\/v2\/types\/tribe_events"}],"author":[{"embeddable":true,"href":"https:\/\/www.csepelivaroskep.hu\/radnoti\/wp-json\/wp\/v2\/users\/1"}],"replies":[{"embeddable":true,"href":"https:\/\/www.csepelivaroskep.hu\/radnoti\/wp-json\/wp\/v2\/comments?post=775"}],"version-history":[{"count":1,"href":"https:\/\/www.csepelivaroskep.hu\/radnoti\/wp-json\/wp\/v2\/tribe_events\/775\/revisions"}],"predecessor-version":[{"id":777,"href":"https:\/\/www.csepelivaroskep.hu\/radnoti\/wp-json\/wp\/v2\/tribe_events\/775\/revisions\/777"}],"wp:featuredmedia":[{"embeddable":true,"href":"https:\/\/www.csepelivaroskep.hu\/radnoti\/wp-json\/wp\/v2\/media\/776"}],"wp:attachment":[{"href":"https:\/\/www.csepelivaroskep.hu\/radnoti\/wp-json\/wp\/v2\/media?parent=775"}],"wp:term":[{"taxonomy":"post_tag","embeddable":true,"href":"https:\/\/www.csepelivaroskep.hu\/radnoti\/wp-json\/wp\/v2\/tags?post=775"},{"taxonomy":"tribe_events_cat","embeddable":true,"href":"https:\/\/www.csepelivaroskep.hu\/radnoti\/wp-json\/wp\/v2\/tribe_events_cat?post=775"}],"curies":[{"name":"wp","href":"https:\/\/api.w.org\/{rel}","templated":true}]}}

Tanévkezdő börze

<p>HASZNÁLT, DE JÓ ÁLLAPOTÚ TANKÖNYVEK, TANSZEREK, KÖTELEZŐ OLVASMÁNYOK, ISKOLÁBAN HASZNÁLT TÁRGYAK ADÁSVÉTELE, CSERÉJE</p>
<p>2017. szeptember 2, szombat 9-13 óra</p>
<p>ASZTALOK DÍJMENTESEN BÉRELHETŐK REGISZTRÁCIÓ UTÁN.</p>
<p>&nbsp;</p>
<p><strong>TANÉVKEZDŐ BÖRZE SZABÁLYZAT:</strong></p>
<ul>
<li><strong>KIZÁRÓLAG</strong> taneszközök, könyvek, füzetek, iskolaszerek, táskák, sportfelszerelés, egyéb, iskolához köthető tárgyak árulhatók</li>
<li>Az asztalokat <strong>regisztráció</strong> után, <strong>INGYENESEN</strong> lehet lefoglalni (278-2757, <a href="mailto:radnotimuvhaz@csepelivaroskep.hu">radnotimuvhaz@csepelivaroskep.hu</a>)</li>
<li>A stand 120&#215;80 cm-es asztalt és annak területét foglalja magában, ennél nagyobb helyigényű tárgy nem hozható</li>
<li>Minden eladó 1 db asztalt foglalhat, ha mégsem tud részt venni a börzén, kérjük, előre jelezze</li>
<li>A szabályzat megszegése azonnali kizárással jár</li>
</ul>
<p>&nbsp;</p>

<p>Tanszer börze</p>
