{"id":787,"date":"2018-05-26T15:14:00","date_gmt":"2018-05-26T15:14:00","guid":{"rendered":"http:\/\/www.csepelivaroskep.hu\/radnoti\/?post_type=tribe_events&#038;p=787"},"modified":"2018-05-26T15:14:00","modified_gmt":"2018-05-26T15:14:00","slug":"seta-a-multba-2","status":"publish","type":"tribe_events","link":"https:\/\/www.csepelivaroskep.hu\/radnoti\/programok\/seta-a-multba-2\/","title":{"rendered":"S\u00e9ta a m\u00faltba"},"content":{"rendered":"<p><span style=\"color: #ff0000;\"><strong>S\u00e9ta a m\u00faltba \u2013 Csepeli\u00a0Vezet\u00e9si Pont Ki\u00e1ll\u00edt\u00f3hely l\u00e1togat\u00e1s<\/strong><\/span><\/p>\n<p>L\u00e1togat\u00e1s az\u00a0<strong>atombiztos f\u00f6ldalatti vezet\u00e9si pontra<\/strong>, ami a ker\u00fcleti ir\u00e1ny\u00edt\u00f3k\u00f6zpont lett volna egy t\u00e1mad\u00e1s eset\u00e9n. A sok\u00e1ig titkos l\u00e9tes\u00edtm\u00e9ny helyis\u00e9gei eredeti berendez\u00e9s\u00fckkel egy\u00fctt maradtak meg.<\/p>\n<p>C\u00edm: 1214 Budapest, Tej\u00fat u. 10-12 (Fodor J\u00f3zsef Szakk\u00f6z\u00e9piskola alatt)<\/p>\n<p>A l\u00e1togat\u00e1s kb. 1 \u00f3r\u00e1t vesz ig\u00e9nybe.<\/p>\n<p>Id\u0151pontok: okt\u00f3ber 28, november 25, december 16.\u00a010:00 \u00f3r\u00e1t\u00f3l<\/p>\n<p><strong><span style=\"text-decoration: underline; color: #ff0000;\">MINDEN ID\u0150PONT BETELT! 2018. \u00c9VI ID\u0150PONTOK\u00c9RT K\u00d6VESSE HONLAPUNKAT!<\/span><\/strong><\/p>\n<p>A program ingyenes, de el\u0151zetes regisztr\u00e1ci\u00f3 sz\u00fcks\u00e9ges!<\/p>\n<p><strong>Regisztr\u00e1ci\u00f3<\/strong>:<\/p>\n<p>\u2013 telefonon: 278-2757<\/p>\n<p>\u2013 emailben: radnotimuvhaz@csepelivaroskep.hu<\/p>\n<p>\u2013 szem\u00e9lyesen: Radn\u00f3ti Mikl\u00f3s M\u0171vel\u0151d\u00e9si H\u00e1zban (1214 Budapest, V\u00e9nusz u. 2.)<\/p>\n","protected":false},"excerpt":{"rendered":"<p>Bunkert\u00fara<\/p>\n","protected":false},"author":1,"featured_media":788,"comment_status":"closed","ping_status":"closed","template":"","meta":[],"tags":[37,14,30,13],"tribe_events_cat":[36],"acf":[],"_links":{"self":[{"href":"https:\/\/www.csepelivaroskep.hu\/radnoti\/wp-json\/wp\/v2\/tribe_events\/787"}],"collection":[{"href":"https:\/\/www.csepelivaroskep.hu\/radnoti\/wp-json\/wp\/v2\/tribe_events"}],"about":[{"href":"https:\/\/www.csepelivaroskep.hu\/radnoti\/wp-json\/wp\/v2\/types\/tribe_events"}],"author":[{"embeddable":true,"href":"https:\/\/www.csepelivaroskep.hu\/radnoti\/wp-json\/wp\/v2\/users\/1"}],"replies":[{"embeddable":true,"href":"https:\/\/www.csepelivaroskep.hu\/radnoti\/wp-json\/wp\/v2\/comments?post=787"}],"version-history":[{"count":1,"href":"https:\/\/www.csepelivaroskep.hu\/radnoti\/wp-json\/wp\/v2\/tribe_events\/787\/revisions"}],"predecessor-version":[{"id":789,"href":"https:\/\/www.csepelivaroskep.hu\/radnoti\/wp-json\/wp\/v2\/tribe_events\/787\/revisions\/789"}],"wp:featuredmedia":[{"embeddable":true,"href":"https:\/\/www.csepelivaroskep.hu\/radnoti\/wp-json\/wp\/v2\/media\/788"}],"wp:attachment":[{"href":"https:\/\/www.csepelivaroskep.hu\/radnoti\/wp-json\/wp\/v2\/media?parent=787"}],"wp:term":[{"taxonomy":"post_tag","embeddable":true,"href":"https:\/\/www.csepelivaroskep.hu\/radnoti\/wp-json\/wp\/v2\/tags?post=787"},{"taxonomy":"tribe_events_cat","embeddable":true,"href":"https:\/\/www.csepelivaroskep.hu\/radnoti\/wp-json\/wp\/v2\/tribe_events_cat?post=787"}],"curies":[{"name":"wp","href":"https:\/\/api.w.org\/{rel}","templated":true}]}}

Séta a múltba

<p><span style="color: #ff0000;"><strong>Séta a múltba – Csepeli Vezetési Pont Kiállítóhely látogatás</strong></span></p>
<p>Látogatás az <strong>atombiztos földalatti vezetési pontra</strong>, ami a kerületi irányítóközpont lett volna egy támadás esetén. A sokáig titkos létesítmény helyiségei eredeti berendezésükkel együtt maradtak meg.</p>
<p>Cím: 1214 Budapest, Tejút u. 10-12 (Fodor József Szakközépiskola alatt)</p>
<p>A látogatás kb. 1 órát vesz igénybe.</p>
<p>Időpontok: október 28, november 25, december 16. 10:00 órától</p>
<p><strong><span style="text-decoration: underline; color: #ff0000;">MINDEN IDŐPONT BETELT! 2018. ÉVI IDŐPONTOKÉRT KÖVESSE HONLAPUNKAT!</span></strong></p>
<p>A program ingyenes, de előzetes regisztráció szükséges!</p>
<p><strong>Regisztráció</strong>:</p>
<p>– telefonon: 278-2757</p>
<p>– emailben: radnotimuvhaz@csepelivaroskep.hu</p>
<p>– személyesen: Radnóti Miklós Művelődési Házban (1214 Budapest, Vénusz u. 2.)</p>

<p>Bunkertúra</p>
