{"id":805,"date":"2018-05-26T15:27:31","date_gmt":"2018-05-26T15:27:31","guid":{"rendered":"http:\/\/www.csepelivaroskep.hu\/radnoti\/?post_type=tribe_events&#038;p=805"},"modified":"2018-05-26T15:27:31","modified_gmt":"2018-05-26T15:27:31","slug":"betlehemes-szemle","status":"publish","type":"tribe_events","link":"https:\/\/www.csepelivaroskep.hu\/radnoti\/programok\/betlehemes-szemle\/","title":{"rendered":"Betlehemes szemle"},"content":{"rendered":"<p>Csepeli \u00f3vod\u00e1s \u00e9s kisiskol\u00e1s csoportok betlehemes el\u0151ad\u00e1sai, amit szakmai zs\u0171ri \u00e9rt\u00e9kel.<\/p>\n<p>A bel\u00e9p\u00e9s d\u00edjtalan!<\/p>\n<p>2017. december 9, 16-18 \u00f3ra<\/p>\n<p>&nbsp;<\/p>\n<p>A programr\u00f3l k\u00e9sz\u00fclt cikk\u00a0<a href=\"https:\/\/www.csepel.hu\/hireink\/kozelet\/item\/10770-betlehemes-jatekszemle\">itt olvashat\u00f3.<\/a><\/p>\n","protected":false},"excerpt":{"rendered":"<p>Csepeli \u00f3vod\u00e1s \u00e9s kisiskol\u00e1s csoportok betlehemes el\u0151ad\u00e1sai<\/p>\n","protected":false},"author":1,"featured_media":806,"comment_status":"closed","ping_status":"closed","template":"","meta":[],"tags":[15,14,16,21,22,35,27,13,32],"tribe_events_cat":[3],"acf":[],"_links":{"self":[{"href":"https:\/\/www.csepelivaroskep.hu\/radnoti\/wp-json\/wp\/v2\/tribe_events\/805"}],"collection":[{"href":"https:\/\/www.csepelivaroskep.hu\/radnoti\/wp-json\/wp\/v2\/tribe_events"}],"about":[{"href":"https:\/\/www.csepelivaroskep.hu\/radnoti\/wp-json\/wp\/v2\/types\/tribe_events"}],"author":[{"embeddable":true,"href":"https:\/\/www.csepelivaroskep.hu\/radnoti\/wp-json\/wp\/v2\/users\/1"}],"replies":[{"embeddable":true,"href":"https:\/\/www.csepelivaroskep.hu\/radnoti\/wp-json\/wp\/v2\/comments?post=805"}],"version-history":[{"count":1,"href":"https:\/\/www.csepelivaroskep.hu\/radnoti\/wp-json\/wp\/v2\/tribe_events\/805\/revisions"}],"predecessor-version":[{"id":807,"href":"https:\/\/www.csepelivaroskep.hu\/radnoti\/wp-json\/wp\/v2\/tribe_events\/805\/revisions\/807"}],"wp:featuredmedia":[{"embeddable":true,"href":"https:\/\/www.csepelivaroskep.hu\/radnoti\/wp-json\/wp\/v2\/media\/806"}],"wp:attachment":[{"href":"https:\/\/www.csepelivaroskep.hu\/radnoti\/wp-json\/wp\/v2\/media?parent=805"}],"wp:term":[{"taxonomy":"post_tag","embeddable":true,"href":"https:\/\/www.csepelivaroskep.hu\/radnoti\/wp-json\/wp\/v2\/tags?post=805"},{"taxonomy":"tribe_events_cat","embeddable":true,"href":"https:\/\/www.csepelivaroskep.hu\/radnoti\/wp-json\/wp\/v2\/tribe_events_cat?post=805"}],"curies":[{"name":"wp","href":"https:\/\/api.w.org\/{rel}","templated":true}]}}

<p>Csepeli óvodás és kisiskolás csoportok betlehemes előadásai, amit szakmai zsűri értékel.</p>
<p>A belépés díjtalan!</p>
<p>2017. december 9, 16-18 óra</p>
<p>&nbsp;</p>
<p>A programról készült cikk <a href="https://www.csepel.hu/hireink/kozelet/item/10770-betlehemes-jatekszemle">itt olvasható.</a></p>

<p>Csepeli óvodás és kisiskolás csoportok betlehemes előadásai</p>
