{"id":808,"date":"2018-05-26T15:29:28","date_gmt":"2018-05-26T15:29:28","guid":{"rendered":"http:\/\/www.csepelivaroskep.hu\/radnoti\/?post_type=tribe_events&#038;p=808"},"modified":"2018-05-26T15:29:28","modified_gmt":"2018-05-26T15:29:28","slug":"felhivas-eskuvo-kiallitas","status":"publish","type":"tribe_events","link":"https:\/\/www.csepelivaroskep.hu\/radnoti\/programok\/felhivas-eskuvo-kiallitas\/","title":{"rendered":"FELH\u00cdV\u00c1S: esk\u00fcv\u0151 ki\u00e1ll\u00edt\u00e1s"},"content":{"rendered":"<p>A nagy sikerre val\u00f3 tekintettel id\u00e9n is megrendezz\u00fck a\u00a0<strong>\u201eH\u00e1zasodjunk Csepelen!\u201d \u2013 Esk\u00fcv\u0151 Ki\u00e1ll\u00edt\u00e1s<\/strong>t!<\/p>\n<p><strong>Id\u0151pont<\/strong>: 2018. febru\u00e1r 18, vas\u00e1rnap 10-14 \u00f3ra, a H\u00e1zass\u00e1g Hete alkalm\u00e1b\u00f3l<\/p>\n<p><strong>Helysz\u00edn<\/strong>: Radn\u00f3ti Mikl\u00f3s M\u0171vel\u0151d\u00e9si H\u00e1z (1214 Budapest, V\u00e9nusz u. 2.)<\/p>\n<p>Els\u0151sorban csepeli \u00e9s k\u00f6rny\u00e9kbeli v\u00e1llalkoz\u00f3k jelentkez\u00e9s\u00e9t v\u00e1rjuk, akik esk\u00fcv\u0151vel kapcsolatos szolg\u00e1ltat\u00e1sokat, term\u00e9keket k\u00edn\u00e1lnak. Azt szeretn\u00e9nk, ha egy-egy szolg\u00e1ltat\u00e1si kateg\u00f3ri\u00e1ban k\u00e9t v\u00e1llalkoz\u00f3 jelenne meg.<\/p>\n<p><strong>23 stand \u00e9s k\u00e9t terem<\/strong>\u00a0b\u00e9relhet\u0151 a ki\u00e1ll\u00edt\u00f3k r\u00e9sz\u00e9re, kb. 2\u00d72 m alapter\u00fcleten (a terem adotts\u00e1gai miatt egyes standok ett\u0151l elt\u00e9rhetnek), melyhez egy 120\u00d780 cm-es asztalt, sz\u00e9keket \u00e9s \u00e1ramforr\u00e1st biztos\u00edtunk, a standok parav\u00e1nnal lesznek elv\u00e1lasztva. A stand berendez\u00e9s\u00e9r\u0151l a ki\u00e1ll\u00edt\u00f3k gondoskodnak. K\u00f6z\u00f6s standb\u00e9rletre nincs lehet\u0151s\u00e9g, minden szolg\u00e1ltat\u00f3nak k\u00fcl\u00f6n standot kell ig\u00e9nybe vennie.<\/p>\n<p><strong>A standok b\u00e9rleti d\u00edja: 5.000,- Ft<\/strong><\/p>\n<p><strong>A kedvezm\u00e9nyes standb\u00e9rlet \u00e1ra: 3.000,- Ft<\/strong><\/p>\n<p>Az elm\u00falt ki\u00e1ll\u00edt\u00e1sokon\u00a0<strong>100-150 l\u00e1togat\u00f3<\/strong>\u00a0vett r\u00e9szt, melyre j\u00f6v\u0151re is sz\u00e1m\u00edtunk.<\/p>\n<p>Amennyiben szeretne a 2018-as Csepeli Esk\u00fcv\u0151 Ki\u00e1ll\u00edt\u00e1son r\u00e9szt venni, k\u00e9rj\u00fck,\u00a0<strong>jelentkezzen szem\u00e9lyesen<\/strong>\u00a0a M\u0171vel\u0151d\u00e9si H\u00e1zban\u00a0<strong>2018. janu\u00e1r 22-ig<\/strong>. A helyfoglal\u00e1s \u00e9rkez\u00e9si sorrendben t\u00f6rt\u00e9nik a standb\u00e9rlet befizet\u00e9s\u00e9vel. El\u0151zetes helyfoglal\u00e1sra nincs lehet\u0151s\u00e9g!<\/p>\n","protected":false},"excerpt":{"rendered":"<p>Ki\u00e1ll\u00edt\u00f3k jelentkez\u00e9s\u00e9t v\u00e1rjuk<\/p>\n","protected":false},"author":1,"featured_media":809,"comment_status":"closed","ping_status":"closed","template":"","meta":[],"tags":[14,34,12,13,11],"tribe_events_cat":[3],"acf":[],"_links":{"self":[{"href":"https:\/\/www.csepelivaroskep.hu\/radnoti\/wp-json\/wp\/v2\/tribe_events\/808"}],"collection":[{"href":"https:\/\/www.csepelivaroskep.hu\/radnoti\/wp-json\/wp\/v2\/tribe_events"}],"about":[{"href":"https:\/\/www.csepelivaroskep.hu\/radnoti\/wp-json\/wp\/v2\/types\/tribe_events"}],"author":[{"embeddable":true,"href":"https:\/\/www.csepelivaroskep.hu\/radnoti\/wp-json\/wp\/v2\/users\/1"}],"replies":[{"embeddable":true,"href":"https:\/\/www.csepelivaroskep.hu\/radnoti\/wp-json\/wp\/v2\/comments?post=808"}],"version-history":[{"count":1,"href":"https:\/\/www.csepelivaroskep.hu\/radnoti\/wp-json\/wp\/v2\/tribe_events\/808\/revisions"}],"predecessor-version":[{"id":810,"href":"https:\/\/www.csepelivaroskep.hu\/radnoti\/wp-json\/wp\/v2\/tribe_events\/808\/revisions\/810"}],"wp:featuredmedia":[{"embeddable":true,"href":"https:\/\/www.csepelivaroskep.hu\/radnoti\/wp-json\/wp\/v2\/media\/809"}],"wp:attachment":[{"href":"https:\/\/www.csepelivaroskep.hu\/radnoti\/wp-json\/wp\/v2\/media?parent=808"}],"wp:term":[{"taxonomy":"post_tag","embeddable":true,"href":"https:\/\/www.csepelivaroskep.hu\/radnoti\/wp-json\/wp\/v2\/tags?post=808"},{"taxonomy":"tribe_events_cat","embeddable":true,"href":"https:\/\/www.csepelivaroskep.hu\/radnoti\/wp-json\/wp\/v2\/tribe_events_cat?post=808"}],"curies":[{"name":"wp","href":"https:\/\/api.w.org\/{rel}","templated":true}]}}

FELHÍVÁS: esküvő kiállítás

<p>A nagy sikerre való tekintettel idén is megrendezzük a <strong>„Házasodjunk Csepelen!” – Esküvő Kiállítás</strong>t!</p>
<p><strong>Időpont</strong>: 2018. február 18, vasárnap 10-14 óra, a Házasság Hete alkalmából</p>
<p><strong>Helyszín</strong>: Radnóti Miklós Művelődési Ház (1214 Budapest, Vénusz u. 2.)</p>
<p>Elsősorban csepeli és környékbeli vállalkozók jelentkezését várjuk, akik esküvővel kapcsolatos szolgáltatásokat, termékeket kínálnak. Azt szeretnénk, ha egy-egy szolgáltatási kategóriában két vállalkozó jelenne meg.</p>
<p><strong>23 stand és két terem</strong> bérelhető a kiállítók részére, kb. 2×2 m alapterületen (a terem adottságai miatt egyes standok ettől eltérhetnek), melyhez egy 120×80 cm-es asztalt, székeket és áramforrást biztosítunk, a standok paravánnal lesznek elválasztva. A stand berendezéséről a kiállítók gondoskodnak. Közös standbérletre nincs lehetőség, minden szolgáltatónak külön standot kell igénybe vennie.</p>
<p><strong>A standok bérleti díja: 5.000,- Ft</strong></p>
<p><strong>A kedvezményes standbérlet ára: 3.000,- Ft</strong></p>
<p>Az elmúlt kiállításokon <strong>100-150 látogató</strong> vett részt, melyre jövőre is számítunk.</p>
<p>Amennyiben szeretne a 2018-as Csepeli Esküvő Kiállításon részt venni, kérjük, <strong>jelentkezzen személyesen</strong> a Művelődési Házban <strong>2018. január 22-ig</strong>. A helyfoglalás érkezési sorrendben történik a standbérlet befizetésével. Előzetes helyfoglalásra nincs lehetőség!</p>

<p>Kiállítók jelentkezését várjuk</p>
