{"id":811,"date":"2018-05-26T15:31:29","date_gmt":"2018-05-26T15:31:29","guid":{"rendered":"http:\/\/www.csepelivaroskep.hu\/radnoti\/?post_type=tribe_events&#038;p=811"},"modified":"2018-05-26T15:31:29","modified_gmt":"2018-05-26T15:31:29","slug":"hazasodjunk-csepelen-4","status":"publish","type":"tribe_events","link":"https:\/\/www.csepelivaroskep.hu\/radnoti\/programok\/hazasodjunk-csepelen-4\/","title":{"rendered":"H\u00e1zasodjunk Csepelen!"},"content":{"rendered":"<p>Az esem\u00e9ny tov\u00e1bbi fot\u00f3i itt tal\u00e1lhat\u00f3k:\u00a0<a href=\"https:\/\/photos.app.goo.gl\/BQf5sD3Ei2EgjWRe2\">https:\/\/photos.app.goo.gl\/BQf5sD3Ei2EgjWRe2<\/a><\/p>\n<div dir=\"ltr\"><\/div>\n<p><strong>2018. febru\u00e1r 18, vas\u00e1rnap 10-14 \u00f3ra<\/strong><br \/>\nA H\u00e1zass\u00e1g Hete alkalm\u00e1b\u00f3l<\/p>\n<p>Egy helyen minden, ami egy esk\u00fcv\u0151 szervez\u00e9s\u00e9hez elengedhetetlen<br \/>\nCsepeli \u00e9s k\u00f6rny\u00e9ki esk\u00fcv\u0151i szolg\u00e1ltat\u00f3k bemutatkoz\u00e1sa<\/p>\n<p><span style=\"text-decoration: underline;\">Ki\u00e1ll\u00edt\u00f3 kateg\u00f3ri\u00e1k:<\/span>\u00a0rendezv\u00e9nyhelysz\u00edn, sz\u00e9ps\u00e9gszalon, fot\u00f3s, dekor\u00e1ci\u00f3, ruhaszalon, aj\u00e1nd\u00e9k, v\u0151f\u00e9ly, DJ, zenekar, vir\u00e1gk\u00f6t\u0151, sminkmester, t\u00e1ncoktat\u00f3, cukr\u00e1szda, \u00e9kszer<\/p>\n<p><span style=\"text-decoration: underline;\">Bel\u00e9p\u0151<\/span>: 300 Ft\/f\u0151, 500 Ft\/jegyesp\u00e1r<br \/>\nA l\u00e1togat\u00f3k \u00e9rt\u00e9kes meglepet\u00e9sekre sz\u00e1m\u00edthatnak!<\/p>\n","protected":false},"excerpt":{"rendered":"<p>Esk\u00fcv\u0151 ki\u00e1ll\u00edt\u00e1s<\/p>\n","protected":false},"author":1,"featured_media":812,"comment_status":"closed","ping_status":"closed","template":"","meta":[],"tags":[14,34,35,30,13,11],"tribe_events_cat":[3],"acf":[],"_links":{"self":[{"href":"https:\/\/www.csepelivaroskep.hu\/radnoti\/wp-json\/wp\/v2\/tribe_events\/811"}],"collection":[{"href":"https:\/\/www.csepelivaroskep.hu\/radnoti\/wp-json\/wp\/v2\/tribe_events"}],"about":[{"href":"https:\/\/www.csepelivaroskep.hu\/radnoti\/wp-json\/wp\/v2\/types\/tribe_events"}],"author":[{"embeddable":true,"href":"https:\/\/www.csepelivaroskep.hu\/radnoti\/wp-json\/wp\/v2\/users\/1"}],"replies":[{"embeddable":true,"href":"https:\/\/www.csepelivaroskep.hu\/radnoti\/wp-json\/wp\/v2\/comments?post=811"}],"version-history":[{"count":1,"href":"https:\/\/www.csepelivaroskep.hu\/radnoti\/wp-json\/wp\/v2\/tribe_events\/811\/revisions"}],"predecessor-version":[{"id":813,"href":"https:\/\/www.csepelivaroskep.hu\/radnoti\/wp-json\/wp\/v2\/tribe_events\/811\/revisions\/813"}],"wp:featuredmedia":[{"embeddable":true,"href":"https:\/\/www.csepelivaroskep.hu\/radnoti\/wp-json\/wp\/v2\/media\/812"}],"wp:attachment":[{"href":"https:\/\/www.csepelivaroskep.hu\/radnoti\/wp-json\/wp\/v2\/media?parent=811"}],"wp:term":[{"taxonomy":"post_tag","embeddable":true,"href":"https:\/\/www.csepelivaroskep.hu\/radnoti\/wp-json\/wp\/v2\/tags?post=811"},{"taxonomy":"tribe_events_cat","embeddable":true,"href":"https:\/\/www.csepelivaroskep.hu\/radnoti\/wp-json\/wp\/v2\/tribe_events_cat?post=811"}],"curies":[{"name":"wp","href":"https:\/\/api.w.org\/{rel}","templated":true}]}}

Házasodjunk Csepelen!

<p>Az esemény további fotói itt találhatók: <a href="https://photos.app.goo.gl/BQf5sD3Ei2EgjWRe2">https://photos.app.goo.gl/BQf5sD3Ei2EgjWRe2</a></p>
<div dir="ltr"></div>
<p><strong>2018. február 18, vasárnap 10-14 óra</strong><br />
A Házasság Hete alkalmából</p>
<p>Egy helyen minden, ami egy esküvő szervezéséhez elengedhetetlen<br />
Csepeli és környéki esküvői szolgáltatók bemutatkozása</p>
<p><span style="text-decoration: underline;">Kiállító kategóriák:</span> rendezvényhelyszín, szépségszalon, fotós, dekoráció, ruhaszalon, ajándék, vőfély, DJ, zenekar, virágkötő, sminkmester, táncoktató, cukrászda, ékszer</p>
<p><span style="text-decoration: underline;">Belépő</span>: 300 Ft/fő, 500 Ft/jegyespár<br />
A látogatók értékes meglepetésekre számíthatnak!</p>

<p>Esküvő kiállítás</p>
