{"id":843,"date":"2018-05-26T16:55:48","date_gmt":"2018-05-26T16:55:48","guid":{"rendered":"http:\/\/www.csepelivaroskep.hu\/radnoti\/?post_type=tribe_events&#038;p=843"},"modified":"2018-05-26T16:55:48","modified_gmt":"2018-05-26T16:55:48","slug":"garazsvasar-5","status":"publish","type":"tribe_events","link":"https:\/\/www.csepelivaroskep.hu\/radnoti\/programok\/garazsvasar-5\/","title":{"rendered":"Gar\u00e1zsv\u00e1s\u00e1r"},"content":{"rendered":"<h3><span style=\"color: #000000;\">Haszn\u00e1lt, de j\u00f3 \u00e1llapot\u00fa j\u00e1t\u00e9kok, k\u00f6nyvek, d\u00edszt\u00e1rgyak, ruh\u00e1k, haszn\u00e1lati t\u00e1rgyak ad\u00e1sv\u00e9tele, cser\u00e9je.<\/span><\/h3>\n<p><strong>Asztalb\u00e9rl\u00e9s el\u0151v\u00e9telben: 1.500 Ft irod\u00e1nkban h\u00e9tk\u00f6znapokon 8-20 \u00f3ra k\u00f6z\u00f6tt.<br \/>\nAsztal m\u00e9rete: 120*80 cm, sz\u00e9ket biztos\u00edtunk.<br \/>\n<\/strong><strong>Az asztalokat \u00e9rkez\u00e9si sorrendben adjuk ki, telefonos foglal\u00e1s nincs!<\/strong><\/p>\n<p>&nbsp;<\/p>\n<p><span style=\"text-decoration: underline;\">GAR\u00c1ZSV\u00c1S\u00c1R SZAB\u00c1LYZAT<\/span><\/p>\n<ol>\n<li>A Gar\u00e1zsv\u00e1s\u00e1ron csak mag\u00e1nszem\u00e9lyek \u00e1rulhatnak, kiz\u00e1r\u00f3lag tiszta ruh\u00e1kat, j\u00e1t\u00e9kokat, kieg\u00e9sz\u00edt\u0151ket, haszn\u00e1lati eszk\u00f6z\u00f6ket, stb.<\/li>\n<li>Az asztal a b\u00e9rleti d\u00edj el\u0151zetes befizet\u00e9s\u00e9vel vehet\u0151 ig\u00e9nybe, befizet\u00e9si sorrendben.<\/li>\n<li>A b\u00e9rleti d\u00edj csak az asztalt \u00e9s ter\u00fclet\u00e9t tartalmazza, enn\u00e9l nagyobb helyfoglal\u00e1s\u00e9rt (max. 1 nm asztal el\u0151tt, mellett) el\u0151v\u00e9telben vagy a helysz\u00ednen +500 Ft-ot sz\u00e1molunk fel (pl. saj\u00e1t \u00e1llv\u00e1ny, nagyobb t\u00e1rgy).<\/li>\n<li>Amennyiben valaki nem jelenik meg a Gar\u00e1zsv\u00e1s\u00e1ron, a b\u00e9rleti d\u00edjat nem tudjuk visszafizetni.<\/li>\n<li>A Gar\u00e1zsv\u00e1s\u00e1rra v\u00e1llalkoz\u00f3 nem j\u00f6het, amennyiben nagyobb mennyis\u00e9g\u0171 \u00faj term\u00e9kkel \u00e9rkezik, automatikusan keresked\u0151nek tekintj\u00fck, \u00e9s kiz\u00e1rjuk a Gar\u00e1zsv\u00e1s\u00e1rr\u00f3l. Ez esetben az asztalb\u00e9rleti d\u00edjat nem fizetj\u00fck vissza.<\/li>\n<li>A v\u00e1s\u00e1r ideje alatt a sz\u00ednpadra felmenni, \u00e1rut feltenni tilos! A falra, ablakra, t\u00fck\u00f6rre \u00e1rut tenni tilos!<\/li>\n<li>A v\u00e1s\u00e1r ut\u00e1n k\u00f6teles mindenki tiszt\u00e1n, rendben elhagyni a helysz\u00ednt.<\/li>\n<\/ol>\n","protected":false},"excerpt":{"rendered":"<p>Haszn\u00e1lt, de j\u00f3 \u00e1llapot\u00fa j\u00e1t\u00e9kok, k\u00f6nyvek, d\u00edszt\u00e1rgyak, ruh\u00e1k, haszn\u00e1lati t\u00e1rgyak ad\u00e1sv\u00e9tele, cser\u00e9je.<\/p>\n","protected":false},"author":1,"featured_media":844,"comment_status":"closed","ping_status":"closed","template":"","meta":[],"tags":[14,27,13,11],"tribe_events_cat":[3],"acf":[],"_links":{"self":[{"href":"https:\/\/www.csepelivaroskep.hu\/radnoti\/wp-json\/wp\/v2\/tribe_events\/843"}],"collection":[{"href":"https:\/\/www.csepelivaroskep.hu\/radnoti\/wp-json\/wp\/v2\/tribe_events"}],"about":[{"href":"https:\/\/www.csepelivaroskep.hu\/radnoti\/wp-json\/wp\/v2\/types\/tribe_events"}],"author":[{"embeddable":true,"href":"https:\/\/www.csepelivaroskep.hu\/radnoti\/wp-json\/wp\/v2\/users\/1"}],"replies":[{"embeddable":true,"href":"https:\/\/www.csepelivaroskep.hu\/radnoti\/wp-json\/wp\/v2\/comments?post=843"}],"version-history":[{"count":1,"href":"https:\/\/www.csepelivaroskep.hu\/radnoti\/wp-json\/wp\/v2\/tribe_events\/843\/revisions"}],"predecessor-version":[{"id":845,"href":"https:\/\/www.csepelivaroskep.hu\/radnoti\/wp-json\/wp\/v2\/tribe_events\/843\/revisions\/845"}],"wp:featuredmedia":[{"embeddable":true,"href":"https:\/\/www.csepelivaroskep.hu\/radnoti\/wp-json\/wp\/v2\/media\/844"}],"wp:attachment":[{"href":"https:\/\/www.csepelivaroskep.hu\/radnoti\/wp-json\/wp\/v2\/media?parent=843"}],"wp:term":[{"taxonomy":"post_tag","embeddable":true,"href":"https:\/\/www.csepelivaroskep.hu\/radnoti\/wp-json\/wp\/v2\/tags?post=843"},{"taxonomy":"tribe_events_cat","embeddable":true,"href":"https:\/\/www.csepelivaroskep.hu\/radnoti\/wp-json\/wp\/v2\/tribe_events_cat?post=843"}],"curies":[{"name":"wp","href":"https:\/\/api.w.org\/{rel}","templated":true}]}}

Garázsvásár

<h3><span style="color: #000000;">Használt, de jó állapotú játékok, könyvek, dísztárgyak, ruhák, használati tárgyak adásvétele, cseréje.</span></h3>
<p><strong>Asztalbérlés elővételben: 1.500 Ft irodánkban hétköznapokon 8-20 óra között.<br />
Asztal mérete: 120*80 cm, széket biztosítunk.<br />
</strong><strong>Az asztalokat érkezési sorrendben adjuk ki, telefonos foglalás nincs!</strong></p>
<p>&nbsp;</p>
<p><span style="text-decoration: underline;">GARÁZSVÁSÁR SZABÁLYZAT</span></p>
<ol>
<li>A Garázsvásáron csak magánszemélyek árulhatnak, kizárólag tiszta ruhákat, játékokat, kiegészítőket, használati eszközöket, stb.</li>
<li>Az asztal a bérleti díj előzetes befizetésével vehető igénybe, befizetési sorrendben.</li>
<li>A bérleti díj csak az asztalt és területét tartalmazza, ennél nagyobb helyfoglalásért (max. 1 nm asztal előtt, mellett) elővételben vagy a helyszínen +500 Ft-ot számolunk fel (pl. saját állvány, nagyobb tárgy).</li>
<li>Amennyiben valaki nem jelenik meg a Garázsvásáron, a bérleti díjat nem tudjuk visszafizetni.</li>
<li>A Garázsvásárra vállalkozó nem jöhet, amennyiben nagyobb mennyiségű új termékkel érkezik, automatikusan kereskedőnek tekintjük, és kizárjuk a Garázsvásárról. Ez esetben az asztalbérleti díjat nem fizetjük vissza.</li>
<li>A vásár ideje alatt a színpadra felmenni, árut feltenni tilos! A falra, ablakra, tükörre árut tenni tilos!</li>
<li>A vásár után köteles mindenki tisztán, rendben elhagyni a helyszínt.</li>
</ol>

<p>Használt, de jó állapotú játékok, könyvek, dísztárgyak, ruhák, használati tárgyak adásvétele, cseréje.</p>
